216.73.217.99 - - [09/May/2026:11:20:34 -0300] "GET /wp-includes/images/icon-pointer-flag-2x.png HTTP/2.0" 200 1369 "-" "Mozilla/5.0 AppleWebKit/537.36 (KHTML, like Gecko; compatible; ClaudeBot/1.0; +claudebot@anthropic.com)"
216.73.217.99 - - [09/May/2026:11:20:39 -0300] "GET /wp-includes/fonts/dashicons.woff HTTP/2.0" 200 25907 "-" "Mozilla/5.0 AppleWebKit/537.36 (KHTML, like Gecko; compatible; ClaudeBot/1.0; +claudebot@anthropic.com)"
20.89.65.134 - - [09/May/2026:11:20:45 -0300] "GET /wp-includes/class-wp-duotone.php HTTP/1.1" 200 - "binance.com" "Mozilla/5.0 (Windows NT 10.0; Win64; x64) AppleWebKit/537.36 (KHTML, like Gecko) Chrome/90.0.4430.85 Safari/537.36"
216.73.217.99 - - [09/May/2026:11:20:48 -0300] "GET /wp-includes/images/rss.png HTTP/2.0" 200 608 "-" "Mozilla/5.0 AppleWebKit/537.36 (KHTML, like Gecko; compatible; ClaudeBot/1.0; +claudebot@anthropic.com)"
216.73.217.99 - - [09/May/2026:11:20:53 -0300] "GET /wp-includes/fonts/dashicons.ttf HTTP/2.0" 200 31240 "-" "Mozilla/5.0 AppleWebKit/537.36 (KHTML, like Gecko; compatible; ClaudeBot/1.0; +claudebot@anthropic.com)"
20.89.65.134 - - [09/May/2026:11:20:56 -0300] "GET /wp-includes/class-wp-exception.php HTTP/1.1" 200 - "binance.com" "Mozilla/5.0 (Windows NT 10.0; Win64; x64) AppleWebKit/537.36 (KHTML, like Gecko) Chrome/90.0.4430.85 Safari/537.36"
216.73.217.99 - - [09/May/2026:11:20:58 -0300] "GET /wp-includes/block-bindings/?C=N&O=D HTTP/2.0" 200 329 "-" "Mozilla/5.0 AppleWebKit/537.36 (KHTML, like Gecko; compatible; ClaudeBot/1.0; +claudebot@anthropic.com)"
216.73.217.99 - - [09/May/2026:11:21:02 -0300] "GET /wp-includes/block-bindings/?C=M&O=A HTTP/2.0" 200 328 "-" "Mozilla/5.0 AppleWebKit/537.36 (KHTML, like Gecko; compatible; ClaudeBot/1.0; +claudebot@anthropic.com)"
20.89.65.134 - - [09/May/2026:11:21:06 -0300] "GET /wp-includes/class-wp-http.php HTTP/1.1" 200 22 "binance.com" "Mozilla/5.0 (Windows NT 10.0; Win64; x64) AppleWebKit/537.36 (KHTML, like Gecko) Chrome/90.0.4430.85 Safari/537.36"
216.73.217.99 - - [09/May/2026:11:21:07 -0300] "GET /wp-includes/images/wpicons-2x.png HTTP/2.0" 200 14931 "-" "Mozilla/5.0 AppleWebKit/537.36 (KHTML, like Gecko; compatible; ClaudeBot/1.0; +claudebot@anthropic.com)"
216.73.217.99 - - [09/May/2026:11:21:12 -0300] "GET /wp-includes/images/xit-2x.gif HTTP/2.0" 200 825 "-" "Mozilla/5.0 AppleWebKit/537.36 (KHTML, like Gecko; compatible; ClaudeBot/1.0; +claudebot@anthropic.com)"
216.73.217.99 - - [09/May/2026:11:21:17 -0300] "GET /wp-includes/block-bindings/?C=S&O=A HTTP/2.0" 200 328 "-" "Mozilla/5.0 AppleWebKit/537.36 (KHTML, like Gecko; compatible; ClaudeBot/1.0; +claudebot@anthropic.com)"
216.73.217.99 - - [09/May/2026:11:21:21 -0300] "GET /06052021/images2/casa-protegida-e-saudavel.png HTTP/2.0" 200 336 "-" "Mozilla/5.0 AppleWebKit/537.36 (KHTML, like Gecko; compatible; ClaudeBot/1.0; +claudebot@anthropic.com)"
216.73.217.99 - - [09/May/2026:11:21:26 -0300] "GET /wp-includes/images/down_arrow.gif HTTP/2.0" 200 59 "-" "Mozilla/5.0 AppleWebKit/537.36 (KHTML, like Gecko; compatible; ClaudeBot/1.0; +claudebot@anthropic.com)"
216.73.217.99 - - [09/May/2026:11:21:32 -0300] "GET /06052021/images2/ar-condicionado.png HTTP/2.0" 200 14894 "-" "Mozilla/5.0 AppleWebKit/537.36 (KHTML, like Gecko; compatible; ClaudeBot/1.0; +claudebot@anthropic.com)"
216.73.217.99 - - [09/May/2026:11:21:35 -0300] "GET /wp-includes/ID3/?C=D&O=A HTTP/2.0" 200 590 "-" "Mozilla/5.0 AppleWebKit/537.36 (KHTML, like Gecko; compatible; ClaudeBot/1.0; +claudebot@anthropic.com)"
216.73.217.99 - - [09/May/2026:11:21:40 -0300] "GET /wp-includes/sitemaps/?C=N&O=D HTTP/2.0" 200 416 "-" "Mozilla/5.0 AppleWebKit/537.36 (KHTML, like Gecko; compatible; ClaudeBot/1.0; +claudebot@anthropic.com)"
20.89.65.134 - - [09/May/2026:11:21:40 -0300] "GET /wp-includes/class-wp-navigation-fallback.php HTTP/1.1" 200 - "binance.com" "Mozilla/5.0 (Windows NT 10.0; Win64; x64) AppleWebKit/537.36 (KHTML, like Gecko) Chrome/90.0.4430.85 Safari/537.36"
216.73.217.99 - - [09/May/2026:11:21:45 -0300] "GET /wp-includes/ID3/?C=M&O=A HTTP/2.0" 200 592 "-" "Mozilla/5.0 AppleWebKit/537.36 (KHTML, like Gecko; compatible; ClaudeBot/1.0; +claudebot@anthropic.com)"
20.89.65.134 - - [09/May/2026:11:21:50 -0300] "GET /wp-includes/class-wp-phpmailer.php HTTP/1.1" 500 - "binance.com" "Mozilla/5.0 (Windows NT 10.0; Win64; x64) AppleWebKit/537.36 (KHTML, like Gecko) Chrome/90.0.4430.85 Safari/537.36"
216.73.217.99 - - [09/May/2026:11:21:55 -0300] "GET /06052021/images2/a-empresa_44.jpg HTTP/2.0" 200 445 "-" "Mozilla/5.0 AppleWebKit/537.36 (KHTML, like Gecko; compatible; ClaudeBot/1.0; +claudebot@anthropic.com)"
216.73.217.99 - - [09/May/2026:11:21:59 -0300] "GET /06052021/images2/a-empresa_41.jpg HTTP/2.0" 200 463 "-" "Mozilla/5.0 AppleWebKit/537.36 (KHTML, like Gecko; compatible; ClaudeBot/1.0; +claudebot@anthropic.com)"
20.89.65.134 - - [09/May/2026:11:22:01 -0300] "GET /wp-includes/class-wp-plugin-dependencies.php HTTP/1.1" 200 - "binance.com" "Mozilla/5.0 (Windows NT 10.0; Win64; x64) AppleWebKit/537.36 (KHTML, like Gecko) Chrome/90.0.4430.85 Safari/537.36"
216.73.217.99 - - [09/May/2026:11:22:04 -0300] "GET /wp-includes/ID3/?C=S&O=A HTTP/2.0" 200 596 "-" "Mozilla/5.0 AppleWebKit/537.36 (KHTML, like Gecko; compatible; ClaudeBot/1.0; +claudebot@anthropic.com)"
172.202.75.66 - - [09/May/2026:11:22:05 -0300] "GET /CDX1.php HTTP/1.1" 404 - "-" "Mozilla/5.0 (Windows NT 10.0; Win64; x64) AppleWebKit/537.36 (KHTML, like Gecko) Chrome/120.0.0.0 Safari/537.36"
172.202.75.66 - - [09/May/2026:11:22:05 -0300] "GET /rip.php HTTP/1.1" 404 - "-" "Mozilla/5.0 (Windows NT 10.0; Win64; x64) AppleWebKit/537.36 (KHTML, like Gecko) Chrome/120.0.0.0 Safari/537.36"
172.202.75.66 - - [09/May/2026:11:22:05 -0300] "GET /wp-Blogs.php HTTP/1.1" 404 - "-" "Mozilla/5.0 (Windows NT 10.0; Win64; x64) AppleWebKit/537.36 (KHTML, like Gecko) Chrome/120.0.0.0 Safari/537.36"
172.202.75.66 - - [09/May/2026:11:22:05 -0300] "GET /wp-content/plugins/beteng88/ws83.php HTTP/1.1" 404 - "-" "Mozilla/5.0 (Windows NT 10.0; Win64; x64) AppleWebKit/537.36 (KHTML, like Gecko) Chrome/120.0.0.0 Safari/537.36"
172.202.75.66 - - [09/May/2026:11:22:05 -0300] "GET /ws83.php HTTP/1.1" 404 - "-" "Mozilla/5.0 (Windows NT 10.0; Win64; x64) AppleWebKit/537.36 (KHTML, like Gecko) Chrome/120.0.0.0 Safari/537.36"
172.202.75.66 - - [09/May/2026:11:22:05 -0300] "GET /wp-admin/user/12.php HTTP/1.1" 404 - "-" "Mozilla/5.0 (Windows NT 10.0; Win64; x64) AppleWebKit/537.36 (KHTML, like Gecko) Chrome/120.0.0.0 Safari/537.36"
172.202.75.66 - - [09/May/2026:11:22:05 -0300] "GET /index/function.php HTTP/1.1" 404 - "-" "Mozilla/5.0 (Windows NT 10.0; Win64; x64) AppleWebKit/537.36 (KHTML, like Gecko) Chrome/120.0.0.0 Safari/537.36"
172.202.75.66 - - [09/May/2026:11:22:05 -0300] "GET /7.php HTTP/1.1" 404 - "-" "Mozilla/5.0 (Windows NT 10.0; Win64; x64) AppleWebKit/537.36 (KHTML, like Gecko) Chrome/120.0.0.0 Safari/537.36"
172.202.75.66 - - [09/May/2026:11:22:05 -0300] "GET /log.php HTTP/1.1" 404 - "-" "Mozilla/5.0 (Windows NT 10.0; Win64; x64) AppleWebKit/537.36 (KHTML, like Gecko) Chrome/120.0.0.0 Safari/537.36"
172.202.75.66 - - [09/May/2026:11:22:06 -0300] "GET /a5.php HTTP/1.1" 404 - "-" "Mozilla/5.0 (Windows NT 10.0; Win64; x64) AppleWebKit/537.36 (KHTML, like Gecko) Chrome/120.0.0.0 Safari/537.36"
172.202.75.66 - - [09/May/2026:11:22:06 -0300] "GET /jga.php HTTP/1.1" 404 - "-" "Mozilla/5.0 (Windows NT 10.0; Win64; x64) AppleWebKit/537.36 (KHTML, like Gecko) Chrome/120.0.0.0 Safari/537.36"
172.202.75.66 - - [09/May/2026:11:22:06 -0300] "GET /k.php HTTP/1.1" 404 - "-" "Mozilla/5.0 (Windows NT 10.0; Win64; x64) AppleWebKit/537.36 (KHTML, like Gecko) Chrome/120.0.0.0 Safari/537.36"
172.202.75.66 - - [09/May/2026:11:22:06 -0300] "GET /ws77.php HTTP/1.1" 404 - "-" "Mozilla/5.0 (Windows NT 10.0; Win64; x64) AppleWebKit/537.36 (KHTML, like Gecko) Chrome/120.0.0.0 Safari/537.36"
172.202.75.66 - - [09/May/2026:11:22:06 -0300] "GET /2.php HTTP/1.1" 404 - "-" "Mozilla/5.0 (Windows NT 10.0; Win64; x64) AppleWebKit/537.36 (KHTML, like Gecko) Chrome/120.0.0.0 Safari/537.36"
172.202.75.66 - - [09/May/2026:11:22:06 -0300] "GET /abcd.php HTTP/1.1" 404 - "-" "Mozilla/5.0 (Windows NT 10.0; Win64; x64) AppleWebKit/537.36 (KHTML, like Gecko) Chrome/120.0.0.0 Safari/537.36"
172.202.75.66 - - [09/May/2026:11:22:06 -0300] "GET /wp-content/plugins/admin.php HTTP/1.1" 404 - "-" "Mozilla/5.0 (Windows NT 10.0; Win64; x64) AppleWebKit/537.36 (KHTML, like Gecko) Chrome/120.0.0.0 Safari/537.36"
172.202.75.66 - - [09/May/2026:11:22:06 -0300] "GET /asd.php HTTP/1.1" 404 - "-" "Mozilla/5.0 (Windows NT 10.0; Win64; x64) AppleWebKit/537.36 (KHTML, like Gecko) Chrome/120.0.0.0 Safari/537.36"
172.202.75.66 - - [09/May/2026:11:22:06 -0300] "GET /default.php HTTP/1.1" 404 - "-" "Mozilla/5.0 (Windows NT 10.0; Win64; x64) AppleWebKit/537.36 (KHTML, like Gecko) Chrome/120.0.0.0 Safari/537.36"
172.202.75.66 - - [09/May/2026:11:22:06 -0300] "GET /gettest.php HTTP/1.1" 404 - "-" "Mozilla/5.0 (Windows NT 10.0; Win64; x64) AppleWebKit/537.36 (KHTML, like Gecko) Chrome/120.0.0.0 Safari/537.36"
172.202.75.66 - - [09/May/2026:11:22:06 -0300] "GET /install.php HTTP/1.1" 404 - "-" "Mozilla/5.0 (Windows NT 10.0; Win64; x64) AppleWebKit/537.36 (KHTML, like Gecko) Chrome/120.0.0.0 Safari/537.36"
172.202.75.66 - - [09/May/2026:11:22:06 -0300] "GET /tfm.php HTTP/1.1" 404 - "-" "Mozilla/5.0 (Windows NT 10.0; Win64; x64) AppleWebKit/537.36 (KHTML, like Gecko) Chrome/120.0.0.0 Safari/537.36"
172.202.75.66 - - [09/May/2026:11:22:06 -0300] "GET /ws81.php HTTP/1.1" 404 - "-" "Mozilla/5.0 (Windows NT 10.0; Win64; x64) AppleWebKit/537.36 (KHTML, like Gecko) Chrome/120.0.0.0 Safari/537.36"
172.202.75.66 - - [09/May/2026:11:22:06 -0300] "GET /t.php HTTP/1.1" 404 - "-" "Mozilla/5.0 (Windows NT 10.0; Win64; x64) AppleWebKit/537.36 (KHTML, like Gecko) Chrome/120.0.0.0 Safari/537.36"
172.202.75.66 - - [09/May/2026:11:22:07 -0300] "GET /6xBAm3vODE05BSzkJZRAws.php HTTP/1.1" 404 - "-" "Mozilla/5.0 (Windows NT 10.0; Win64; x64) AppleWebKit/537.36 (KHTML, like Gecko) Chrome/120.0.0.0 Safari/537.36"
172.202.75.66 - - [09/May/2026:11:22:07 -0300] "GET /a1.php HTTP/1.1" 404 - "-" "Mozilla/5.0 (Windows NT 10.0; Win64; x64) AppleWebKit/537.36 (KHTML, like Gecko) Chrome/120.0.0.0 Safari/537.36"
172.202.75.66 - - [09/May/2026:11:22:07 -0300] "GET /onclickfuns.php HTTP/1.1" 404 - "-" "Mozilla/5.0 (Windows NT 10.0; Win64; x64) AppleWebKit/537.36 (KHTML, like Gecko) Chrome/120.0.0.0 Safari/537.36"
172.202.75.66 - - [09/May/2026:11:22:07 -0300] "GET /w.php HTTP/1.1" 404 - "-" "Mozilla/5.0 (Windows NT 10.0; Win64; x64) AppleWebKit/537.36 (KHTML, like Gecko) Chrome/120.0.0.0 Safari/537.36"
172.202.75.66 - - [09/May/2026:11:22:07 -0300] "GET /wp-admin/maint/about.php HTTP/1.1" 404 - "-" "Mozilla/5.0 (Windows NT 10.0; Win64; x64) AppleWebKit/537.36 (KHTML, like Gecko) Chrome/120.0.0.0 Safari/537.36"
172.202.75.66 - - [09/May/2026:11:22:07 -0300] "GET /wp-good.php HTTP/1.1" 404 - "-" "Mozilla/5.0 (Windows NT 10.0; Win64; x64) AppleWebKit/537.36 (KHTML, like Gecko) Chrome/120.0.0.0 Safari/537.36"
172.202.75.66 - - [09/May/2026:11:22:07 -0300] "GET /.info.php HTTP/1.1" 404 - "-" "Mozilla/5.0 (Windows NT 10.0; Win64; x64) AppleWebKit/537.36 (KHTML, like Gecko) Chrome/120.0.0.0 Safari/537.36"
172.202.75.66 - - [09/May/2026:11:22:07 -0300] "GET /config.php HTTP/1.1" 404 - "-" "Mozilla/5.0 (Windows NT 10.0; Win64; x64) AppleWebKit/537.36 (KHTML, like Gecko) Chrome/120.0.0.0 Safari/537.36"
172.202.75.66 - - [09/May/2026:11:22:07 -0300] "GET /item.php HTTP/1.1" 404 - "-" "Mozilla/5.0 (Windows NT 10.0; Win64; x64) AppleWebKit/537.36 (KHTML, like Gecko) Chrome/120.0.0.0 Safari/537.36"
172.202.75.66 - - [09/May/2026:11:22:07 -0300] "GET /m.php HTTP/1.1" 404 - "-" "Mozilla/5.0 (Windows NT 10.0; Win64; x64) AppleWebKit/537.36 (KHTML, like Gecko) Chrome/120.0.0.0 Safari/537.36"
172.202.75.66 - - [09/May/2026:11:22:08 -0300] "GET /rh.php HTTP/1.1" 404 - "-" "Mozilla/5.0 (Windows NT 10.0; Win64; x64) AppleWebKit/537.36 (KHTML, like Gecko) Chrome/120.0.0.0 Safari/537.36"
172.202.75.66 - - [09/May/2026:11:22:08 -0300] "GET /ftde.php HTTP/1.1" 404 - "-" "Mozilla/5.0 (Windows NT 10.0; Win64; x64) AppleWebKit/537.36 (KHTML, like Gecko) Chrome/120.0.0.0 Safari/537.36"
172.202.75.66 - - [09/May/2026:11:22:08 -0300] "GET /test1.php HTTP/1.1" 404 - "-" "Mozilla/5.0 (Windows NT 10.0; Win64; x64) AppleWebKit/537.36 (KHTML, like Gecko) Chrome/120.0.0.0 Safari/537.36"
172.202.75.66 - - [09/May/2026:11:22:08 -0300] "GET /wp-temp.php HTTP/1.1" 404 - "-" "Mozilla/5.0 (Windows NT 10.0; Win64; x64) AppleWebKit/537.36 (KHTML, like Gecko) Chrome/120.0.0.0 Safari/537.36"
172.202.75.66 - - [09/May/2026:11:22:08 -0300] "GET /admin/function.php HTTP/1.1" 404 - "-" "Mozilla/5.0 (Windows NT 10.0; Win64; x64) AppleWebKit/537.36 (KHTML, like Gecko) Chrome/120.0.0.0 Safari/537.36"
172.202.75.66 - - [09/May/2026:11:22:08 -0300] "GET /fm.php HTTP/1.1" 404 - "-" "Mozilla/5.0 (Windows NT 10.0; Win64; x64) AppleWebKit/537.36 (KHTML, like Gecko) Chrome/120.0.0.0 Safari/537.36"
172.202.75.66 - - [09/May/2026:11:22:08 -0300] "GET /themes.php HTTP/1.1" 404 - "-" "Mozilla/5.0 (Windows NT 10.0; Win64; x64) AppleWebKit/537.36 (KHTML, like Gecko) Chrome/120.0.0.0 Safari/537.36"
172.202.75.66 - - [09/May/2026:11:22:08 -0300] "GET /wp-the.php HTTP/1.1" 404 - "-" "Mozilla/5.0 (Windows NT 10.0; Win64; x64) AppleWebKit/537.36 (KHTML, like Gecko) Chrome/120.0.0.0 Safari/537.36"
172.202.75.66 - - [09/May/2026:11:22:08 -0300] "GET /CDX2.php HTTP/1.1" 404 - "-" "Mozilla/5.0 (Windows NT 10.0; Win64; x64) AppleWebKit/537.36 (KHTML, like Gecko) Chrome/120.0.0.0 Safari/537.36"
172.202.75.66 - - [09/May/2026:11:22:08 -0300] "GET /profile.php HTTP/1.1" 404 - "-" "Mozilla/5.0 (Windows NT 10.0; Win64; x64) AppleWebKit/537.36 (KHTML, like Gecko) Chrome/120.0.0.0 Safari/537.36"
172.202.75.66 - - [09/May/2026:11:22:08 -0300] "GET /ws80.php HTTP/1.1" 404 - "-" "Mozilla/5.0 (Windows NT 10.0; Win64; x64) AppleWebKit/537.36 (KHTML, like Gecko) Chrome/120.0.0.0 Safari/537.36"
172.202.75.66 - - [09/May/2026:11:22:08 -0300] "GET /403.php HTTP/1.1" 404 - "-" "Mozilla/5.0 (Windows NT 10.0; Win64; x64) AppleWebKit/537.36 (KHTML, like Gecko) Chrome/120.0.0.0 Safari/537.36"
172.202.75.66 - - [09/May/2026:11:22:09 -0300] "GET /a4.php HTTP/1.1" 404 - "-" "Mozilla/5.0 (Windows NT 10.0; Win64; x64) AppleWebKit/537.36 (KHTML, like Gecko) Chrome/120.0.0.0 Safari/537.36"
172.202.75.66 - - [09/May/2026:11:22:09 -0300] "GET /app.php HTTP/1.1" 404 - "-" "Mozilla/5.0 (Windows NT 10.0; Win64; x64) AppleWebKit/537.36 (KHTML, like Gecko) Chrome/120.0.0.0 Safari/537.36"
172.202.75.66 - - [09/May/2026:11:22:09 -0300] "GET /core.php HTTP/1.1" 404 - "-" "Mozilla/5.0 (Windows NT 10.0; Win64; x64) AppleWebKit/537.36 (KHTML, like Gecko) Chrome/120.0.0.0 Safari/537.36"
172.202.75.66 - - [09/May/2026:11:22:09 -0300] "GET /lock360.php HTTP/1.1" 404 - "-" "Mozilla/5.0 (Windows NT 10.0; Win64; x64) AppleWebKit/537.36 (KHTML, like Gecko) Chrome/120.0.0.0 Safari/537.36"
172.202.75.66 - - [09/May/2026:11:22:09 -0300] "GET /wp-block.php HTTP/1.1" 404 - "-" "Mozilla/5.0 (Windows NT 10.0; Win64; x64) AppleWebKit/537.36 (KHTML, like Gecko) Chrome/120.0.0.0 Safari/537.36"
172.202.75.66 - - [09/May/2026:11:22:09 -0300] "GET /wp-includes/assets/index.php HTTP/1.1" 404 - "-" "Mozilla/5.0 (Windows NT 10.0; Win64; x64) AppleWebKit/537.36 (KHTML, like Gecko) Chrome/120.0.0.0 Safari/537.36"
172.202.75.66 - - [09/May/2026:11:22:09 -0300] "GET /wp-includes/images/wp-login.php HTTP/1.1" 404 - "-" "Mozilla/5.0 (Windows NT 10.0; Win64; x64) AppleWebKit/537.36 (KHTML, like Gecko) Chrome/120.0.0.0 Safari/537.36"
172.202.75.66 - - [09/May/2026:11:22:09 -0300] "GET /z.php HTTP/1.1" 404 - "-" "Mozilla/5.0 (Windows NT 10.0; Win64; x64) AppleWebKit/537.36 (KHTML, like Gecko) Chrome/120.0.0.0 Safari/537.36"
172.202.75.66 - - [09/May/2026:11:22:09 -0300] "GET /hplfuns.php HTTP/1.1" 404 - "-" "Mozilla/5.0 (Windows NT 10.0; Win64; x64) AppleWebKit/537.36 (KHTML, like Gecko) Chrome/120.0.0.0 Safari/537.36"
172.202.75.66 - - [09/May/2026:11:22:09 -0300] "GET /lock.php HTTP/1.1" 404 - "-" "Mozilla/5.0 (Windows NT 10.0; Win64; x64) AppleWebKit/537.36 (KHTML, like Gecko) Chrome/120.0.0.0 Safari/537.36"
172.202.75.66 - - [09/May/2026:11:22:09 -0300] "GET /wp-includes/fonts/index.php HTTP/1.1" 404 - "-" "Mozilla/5.0 (Windows NT 10.0; Win64; x64) AppleWebKit/537.36 (KHTML, like Gecko) Chrome/120.0.0.0 Safari/537.36"
172.202.75.66 - - [09/May/2026:11:22:10 -0300] "GET /ws.php HTTP/1.1" 404 - "-" "Mozilla/5.0 (Windows NT 10.0; Win64; x64) AppleWebKit/537.36 (KHTML, like Gecko) Chrome/120.0.0.0 Safari/537.36"
172.202.75.66 - - [09/May/2026:11:22:10 -0300] "GET /ws49.php HTTP/1.1" 404 - "-" "Mozilla/5.0 (Windows NT 10.0; Win64; x64) AppleWebKit/537.36 (KHTML, like Gecko) Chrome/120.0.0.0 Safari/537.36"
172.202.75.66 - - [09/May/2026:11:22:10 -0300] "GET /xozx.php HTTP/1.1" 404 - "-" "Mozilla/5.0 (Windows NT 10.0; Win64; x64) AppleWebKit/537.36 (KHTML, like Gecko) Chrome/120.0.0.0 Safari/537.36"
172.202.75.66 - - [09/May/2026:11:22:10 -0300] "GET /xwx1.php HTTP/1.1" 404 - "-" "Mozilla/5.0 (Windows NT 10.0; Win64; x64) AppleWebKit/537.36 (KHTML, like Gecko) Chrome/120.0.0.0 Safari/537.36"
172.202.75.66 - - [09/May/2026:11:22:10 -0300] "GET /Cap.php HTTP/1.1" 404 - "-" "Mozilla/5.0 (Windows NT 10.0; Win64; x64) AppleWebKit/537.36 (KHTML, like Gecko) Chrome/120.0.0.0 Safari/537.36"
216.73.217.99 - - [09/May/2026:11:22:10 -0300] "GET /06052021/images2/a-empresa_28.jpg HTTP/2.0" 200 900 "-" "Mozilla/5.0 AppleWebKit/537.36 (KHTML, like Gecko; compatible; ClaudeBot/1.0; +claudebot@anthropic.com)"
172.202.75.66 - - [09/May/2026:11:22:10 -0300] "GET /byrgo.php HTTP/1.1" 404 - "-" "Mozilla/5.0 (Windows NT 10.0; Win64; x64) AppleWebKit/537.36 (KHTML, like Gecko) Chrome/120.0.0.0 Safari/537.36"
172.202.75.66 - - [09/May/2026:11:22:10 -0300] "GET /css/index.php HTTP/1.1" 404 - "-" "Mozilla/5.0 (Windows NT 10.0; Win64; x64) AppleWebKit/537.36 (KHTML, like Gecko) Chrome/120.0.0.0 Safari/537.36"
172.202.75.66 - - [09/May/2026:11:22:10 -0300] "GET /jp.php HTTP/1.1" 404 - "-" "Mozilla/5.0 (Windows NT 10.0; Win64; x64) AppleWebKit/537.36 (KHTML, like Gecko) Chrome/120.0.0.0 Safari/537.36"
172.202.75.66 - - [09/May/2026:11:22:10 -0300] "GET /num.php HTTP/1.1" 404 - "-" "Mozilla/5.0 (Windows NT 10.0; Win64; x64) AppleWebKit/537.36 (KHTML, like Gecko) Chrome/120.0.0.0 Safari/537.36"
172.202.75.66 - - [09/May/2026:11:22:11 -0300] "GET /12.php HTTP/1.1" 404 - "-" "Mozilla/5.0 (Windows NT 10.0; Win64; x64) AppleWebKit/537.36 (KHTML, like Gecko) Chrome/120.0.0.0 Safari/537.36"
172.202.75.66 - - [09/May/2026:11:22:11 -0300] "GET /Ov-Simple1.php HTTP/1.1" 404 - "-" "Mozilla/5.0 (Windows NT 10.0; Win64; x64) AppleWebKit/537.36 (KHTML, like Gecko) Chrome/120.0.0.0 Safari/537.36"
172.202.75.66 - - [09/May/2026:11:22:11 -0300] "GET /an.php HTTP/1.1" 404 - "-" "Mozilla/5.0 (Windows NT 10.0; Win64; x64) AppleWebKit/537.36 (KHTML, like Gecko) Chrome/120.0.0.0 Safari/537.36"
172.202.75.66 - - [09/May/2026:11:22:11 -0300] "GET /archive.php HTTP/1.1" 404 - "-" "Mozilla/5.0 (Windows NT 10.0; Win64; x64) AppleWebKit/537.36 (KHTML, like Gecko) Chrome/120.0.0.0 Safari/537.36"
172.202.75.66 - - [09/May/2026:11:22:11 -0300] "GET /db.php HTTP/1.1" 404 - "-" "Mozilla/5.0 (Windows NT 10.0; Win64; x64) AppleWebKit/537.36 (KHTML, like Gecko) Chrome/120.0.0.0 Safari/537.36"
172.202.75.66 - - [09/May/2026:11:22:11 -0300] "GET /error.php HTTP/1.1" 404 - "-" "Mozilla/5.0 (Windows NT 10.0; Win64; x64) AppleWebKit/537.36 (KHTML, like Gecko) Chrome/120.0.0.0 Safari/537.36"
172.202.75.66 - - [09/May/2026:11:22:11 -0300] "GET /ortasekerli1.php HTTP/1.1" 404 - "-" "Mozilla/5.0 (Windows NT 10.0; Win64; x64) AppleWebKit/537.36 (KHTML, like Gecko) Chrome/120.0.0.0 Safari/537.36"
172.202.75.66 - - [09/May/2026:11:22:11 -0300] "GET /wp-blog-header.php HTTP/1.1" 404 1 "-" "Mozilla/5.0 (Windows NT 10.0; Win64; x64) AppleWebKit/537.36 (KHTML, like Gecko) Chrome/120.0.0.0 Safari/537.36"
172.202.75.66 - - [09/May/2026:11:22:13 -0300] "GET /wp-content/plugins/hellopress/wp_filemanager.php HTTP/1.1" 404 - "-" "Mozilla/5.0 (Windows NT 10.0; Win64; x64) AppleWebKit/537.36 (KHTML, like Gecko) Chrome/120.0.0.0 Safari/537.36"
172.202.75.66 - - [09/May/2026:11:22:13 -0300] "GET /wp-includes/class-wp-http-client.php HTTP/1.1" 404 - "-" "Mozilla/5.0 (Windows NT 10.0; Win64; x64) AppleWebKit/537.36 (KHTML, like Gecko) Chrome/120.0.0.0 Safari/537.36"
172.202.75.66 - - [09/May/2026:11:22:13 -0300] "GET /wp-includes/configuration.php HTTP/1.1" 404 - "-" "Mozilla/5.0 (Windows NT 10.0; Win64; x64) AppleWebKit/537.36 (KHTML, like Gecko) Chrome/120.0.0.0 Safari/537.36"
172.202.75.66 - - [09/May/2026:11:22:13 -0300] "GET /0x.php HTTP/1.1" 404 - "-" "Mozilla/5.0 (Windows NT 10.0; Win64; x64) AppleWebKit/537.36 (KHTML, like Gecko) Chrome/120.0.0.0 Safari/537.36"
172.202.75.66 - - [09/May/2026:11:22:13 -0300] "GET /aaa.php HTTP/1.1" 404 - "-" "Mozilla/5.0 (Windows NT 10.0; Win64; x64) AppleWebKit/537.36 (KHTML, like Gecko) Chrome/120.0.0.0 Safari/537.36"
172.202.75.66 - - [09/May/2026:11:22:13 -0300] "GET /byp.php HTTP/1.1" 404 - "-" "Mozilla/5.0 (Windows NT 10.0; Win64; x64) AppleWebKit/537.36 (KHTML, like Gecko) Chrome/120.0.0.0 Safari/537.36"
172.202.75.66 - - [09/May/2026:11:22:13 -0300] "GET /dropdown.php HTTP/1.1" 404 - "-" "Mozilla/5.0 (Windows NT 10.0; Win64; x64) AppleWebKit/537.36 (KHTML, like Gecko) Chrome/120.0.0.0 Safari/537.36"
172.202.75.66 - - [09/May/2026:11:22:13 -0300] "GET /mini.php HTTP/1.1" 404 - "-" "Mozilla/5.0 (Windows NT 10.0; Win64; x64) AppleWebKit/537.36 (KHTML, like Gecko) Chrome/120.0.0.0 Safari/537.36"
172.202.75.66 - - [09/May/2026:11:22:13 -0300] "GET /new.php HTTP/1.1" 404 - "-" "Mozilla/5.0 (Windows NT 10.0; Win64; x64) AppleWebKit/537.36 (KHTML, like Gecko) Chrome/120.0.0.0 Safari/537.36"
172.202.75.66 - - [09/May/2026:11:22:13 -0300] "GET /option.php HTTP/1.1" 404 - "-" "Mozilla/5.0 (Windows NT 10.0; Win64; x64) AppleWebKit/537.36 (KHTML, like Gecko) Chrome/120.0.0.0 Safari/537.36"
172.202.75.66 - - [09/May/2026:11:22:13 -0300] "GET /s.php HTTP/1.1" 404 - "-" "Mozilla/5.0 (Windows NT 10.0; Win64; x64) AppleWebKit/537.36 (KHTML, like Gecko) Chrome/120.0.0.0 Safari/537.36"
172.202.75.66 - - [09/May/2026:11:22:13 -0300] "GET /size.php HTTP/1.1" 404 - "-" "Mozilla/5.0 (Windows NT 10.0; Win64; x64) AppleWebKit/537.36 (KHTML, like Gecko) Chrome/120.0.0.0 Safari/537.36"
172.202.75.66 - - [09/May/2026:11:22:14 -0300] "GET /system_log.php HTTP/1.1" 404 - "-" "Mozilla/5.0 (Windows NT 10.0; Win64; x64) AppleWebKit/537.36 (KHTML, like Gecko) Chrome/120.0.0.0 Safari/537.36"
172.202.75.66 - - [09/May/2026:11:22:14 -0300] "GET /tool.php HTTP/1.1" 404 - "-" "Mozilla/5.0 (Windows NT 10.0; Win64; x64) AppleWebKit/537.36 (KHTML, like Gecko) Chrome/120.0.0.0 Safari/537.36"
172.202.75.66 - - [09/May/2026:11:22:14 -0300] "GET /wp-admin.php HTTP/1.1" 404 - "-" "Mozilla/5.0 (Windows NT 10.0; Win64; x64) AppleWebKit/537.36 (KHTML, like Gecko) Chrome/120.0.0.0 Safari/537.36"
172.202.75.66 - - [09/May/2026:11:22:14 -0300] "GET /wp-includes/Text/Diff/Engine/about.php HTTP/1.1" 404 - "-" "Mozilla/5.0 (Windows NT 10.0; Win64; x64) AppleWebKit/537.36 (KHTML, like Gecko) Chrome/120.0.0.0 Safari/537.36"
172.202.75.66 - - [09/May/2026:11:22:14 -0300] "GET /albin.php HTTP/1.1" 404 - "-" "Mozilla/5.0 (Windows NT 10.0; Win64; x64) AppleWebKit/537.36 (KHTML, like Gecko) Chrome/120.0.0.0 Safari/537.36"
172.202.75.66 - - [09/May/2026:11:22:14 -0300] "GET /autoload_classmap.php HTTP/1.1" 404 - "-" "Mozilla/5.0 (Windows NT 10.0; Win64; x64) AppleWebKit/537.36 (KHTML, like Gecko) Chrome/120.0.0.0 Safari/537.36"
172.202.75.66 - - [09/May/2026:11:22:14 -0300] "GET /gg.php HTTP/1.1" 404 - "-" "Mozilla/5.0 (Windows NT 10.0; Win64; x64) AppleWebKit/537.36 (KHTML, like Gecko) Chrome/120.0.0.0 Safari/537.36"
172.202.75.66 - - [09/May/2026:11:22:14 -0300] "GET /gifclass.php HTTP/1.1" 404 - "-" "Mozilla/5.0 (Windows NT 10.0; Win64; x64) AppleWebKit/537.36 (KHTML, like Gecko) Chrome/120.0.0.0 Safari/537.36"
172.202.75.66 - - [09/May/2026:11:22:14 -0300] "GET /up.php HTTP/1.1" 404 - "-" "Mozilla/5.0 (Windows NT 10.0; Win64; x64) AppleWebKit/537.36 (KHTML, like Gecko) Chrome/120.0.0.0 Safari/537.36"
172.202.75.66 - - [09/May/2026:11:22:14 -0300] "GET /wp-admin/css/colors/blue/index.php HTTP/1.1" 404 - "-" "Mozilla/5.0 (Windows NT 10.0; Win64; x64) AppleWebKit/537.36 (KHTML, like Gecko) Chrome/120.0.0.0 Safari/537.36"
172.202.75.66 - - [09/May/2026:11:22:14 -0300] "GET /wp-content/uploads/admin.php HTTP/1.1" 404 - "-" "Mozilla/5.0 (Windows NT 10.0; Win64; x64) AppleWebKit/537.36 (KHTML, like Gecko) Chrome/120.0.0.0 Safari/537.36"
216.73.217.99 - - [09/May/2026:11:22:15 -0300] "GET /06052021/images2/a-empresa_32.jpg HTTP/2.0" 200 394 "-" "Mozilla/5.0 AppleWebKit/537.36 (KHTML, like Gecko; compatible; ClaudeBot/1.0; +claudebot@anthropic.com)"
216.73.217.99 - - [09/May/2026:11:22:20 -0300] "GET /06052021/images2/a-empresa_22.jpg HTTP/2.0" 200 487 "-" "Mozilla/5.0 AppleWebKit/537.36 (KHTML, like Gecko; compatible; ClaudeBot/1.0; +claudebot@anthropic.com)"
20.89.65.134 - - [09/May/2026:11:22:22 -0300] "GET /wp-includes/class-wp-script-modules.php HTTP/1.1" 200 - "binance.com" "Mozilla/5.0 (Windows NT 10.0; Win64; x64) AppleWebKit/537.36 (KHTML, like Gecko) Chrome/90.0.4430.85 Safari/537.36"
216.73.217.99 - - [09/May/2026:11:22:30 -0300] "GET /wp-includes/ID3/?C=N&O=D HTTP/2.0" 200 585 "-" "Mozilla/5.0 AppleWebKit/537.36 (KHTML, like Gecko; compatible; ClaudeBot/1.0; +claudebot@anthropic.com)"
20.89.65.134 - - [09/May/2026:11:22:34 -0300] "GET /wp-includes/class-wp-scripts.php HTTP/1.1" 500 - "binance.com" "Mozilla/5.0 (Windows NT 10.0; Win64; x64) AppleWebKit/537.36 (KHTML, like Gecko) Chrome/90.0.4430.85 Safari/537.36"
216.73.217.99 - - [09/May/2026:11:22:35 -0300] "GET /06052021/images2/spacer.gif HTTP/2.0" 200 43 "-" "Mozilla/5.0 AppleWebKit/537.36 (KHTML, like Gecko; compatible; ClaudeBot/1.0; +claudebot@anthropic.com)"
20.89.65.134 - - [09/May/2026:11:22:41 -0300] "GET /wp-includes/class-wp-speculation-rules.php HTTP/1.1" 200 - "binance.com" "Mozilla/5.0 (Windows NT 10.0; Win64; x64) AppleWebKit/537.36 (KHTML, like Gecko) Chrome/90.0.4430.85 Safari/537.36"
20.89.65.134 - - [09/May/2026:11:22:49 -0300] "GET /wp-includes/class-wp-styles.php HTTP/1.1" 500 - "binance.com" "Mozilla/5.0 (Windows NT 10.0; Win64; x64) AppleWebKit/537.36 (KHTML, like Gecko) Chrome/90.0.4430.85 Safari/537.36"
216.73.217.99 - - [09/May/2026:11:22:53 -0300] "GET /06052021/images2/layout-san-house6-internas-sem-fundo_03.png HTTP/2.0" 200 743 "-" "Mozilla/5.0 AppleWebKit/537.36 (KHTML, like Gecko; compatible; ClaudeBot/1.0; +claudebot@anthropic.com)"
216.73.217.99 - - [09/May/2026:11:22:56 -0300] "GET /06052021/images2/familia-saudavel.jpg HTTP/2.0" 200 534 "-" "Mozilla/5.0 AppleWebKit/537.36 (KHTML, like Gecko; compatible; ClaudeBot/1.0; +claudebot@anthropic.com)"
20.89.65.134 - - [09/May/2026:11:22:57 -0300] "GET /wp-includes/class-wp-textdomain-registry.php HTTP/1.1" 200 - "binance.com" "Mozilla/5.0 (Windows NT 10.0; Win64; x64) AppleWebKit/537.36 (KHTML, like Gecko) Chrome/90.0.4430.85 Safari/537.36"
216.73.217.99 - - [09/May/2026:11:23:01 -0300] "GET /06052021/images2/layout-san-house6-internas-sem-fundo_52.png HTTP/2.0" 200 342 "-" "Mozilla/5.0 AppleWebKit/537.36 (KHTML, like Gecko; compatible; ClaudeBot/1.0; +claudebot@anthropic.com)"
20.89.65.134 - - [09/May/2026:11:23:05 -0300] "GET /wp-includes/class-wp-theme-json-data.php HTTP/1.1" 200 - "binance.com" "Mozilla/5.0 (Windows NT 10.0; Win64; x64) AppleWebKit/537.36 (KHTML, like Gecko) Chrome/90.0.4430.85 Safari/537.36"
216.73.217.99 - - [09/May/2026:11:23:06 -0300] "GET /06052021/images2/layout-san-house6-internas-sem-fundo_53.png HTTP/2.0" 200 1356 "-" "Mozilla/5.0 AppleWebKit/537.36 (KHTML, like Gecko; compatible; ClaudeBot/1.0; +claudebot@anthropic.com)"
216.73.217.99 - - [09/May/2026:11:23:12 -0300] "GET /06052021/images2/layout-san-house6-internas-sem-fundo_54.png HTTP/2.0" 200 111 "-" "Mozilla/5.0 AppleWebKit/537.36 (KHTML, like Gecko; compatible; ClaudeBot/1.0; +claudebot@anthropic.com)"
20.89.65.134 - - [09/May/2026:11:23:14 -0300] "GET /wp-includes/class-wp-theme-json-resolver.php HTTP/1.1" 200 - "binance.com" "Mozilla/5.0 (Windows NT 10.0; Win64; x64) AppleWebKit/537.36 (KHTML, like Gecko) Chrome/90.0.4430.85 Safari/537.36"
216.73.217.99 - - [09/May/2026:11:23:16 -0300] "GET /06052021/images2/layout-san-house6-internas-sem-fundo_46.png HTTP/2.0" 200 375 "-" "Mozilla/5.0 AppleWebKit/537.36 (KHTML, like Gecko; compatible; ClaudeBot/1.0; +claudebot@anthropic.com)"
216.73.217.99 - - [09/May/2026:11:23:22 -0300] "GET /06052021/images2/servicos-de-sanitizacao-em-geral.jpg HTTP/2.0" 200 9886 "-" "Mozilla/5.0 AppleWebKit/537.36 (KHTML, like Gecko; compatible; ClaudeBot/1.0; +claudebot@anthropic.com)"
20.89.65.134 - - [09/May/2026:11:23:23 -0300] "GET /wp-includes/class-wp-theme-json-schema.php HTTP/1.1" 200 - "binance.com" "Mozilla/5.0 (Windows NT 10.0; Win64; x64) AppleWebKit/537.36 (KHTML, like Gecko) Chrome/90.0.4430.85 Safari/537.36"
216.73.217.99 - - [09/May/2026:11:23:25 -0300] "GET /06052021/images2/san-house-ambiental-campos-do-jordao.jpg HTTP/2.0" 200 4820 "-" "Mozilla/5.0 AppleWebKit/537.36 (KHTML, like Gecko; compatible; ClaudeBot/1.0; +claudebot@anthropic.com)"
216.73.217.99 - - [09/May/2026:11:23:29 -0300] "GET /06052021/images2/saude-em-primeiro-lugar.jpg HTTP/2.0" 200 2327 "-" "Mozilla/5.0 AppleWebKit/537.36 (KHTML, like Gecko; compatible; ClaudeBot/1.0; +claudebot@anthropic.com)"
20.89.65.134 - - [09/May/2026:11:23:31 -0300] "GET /wp-includes/class-wp-theme-json.php HTTP/1.1" 200 - "binance.com" "Mozilla/5.0 (Windows NT 10.0; Win64; x64) AppleWebKit/537.36 (KHTML, like Gecko) Chrome/90.0.4430.85 Safari/537.36"
216.73.217.99 - - [09/May/2026:11:23:34 -0300] "GET /06052021/images2/layout-san-house6-internas-sem-fundo_42.png HTTP/2.0" 200 269 "-" "Mozilla/5.0 AppleWebKit/537.36 (KHTML, like Gecko; compatible; ClaudeBot/1.0; +claudebot@anthropic.com)"
216.73.217.99 - - [09/May/2026:11:23:39 -0300] "GET /wp-includes/images/?C=N&O=A HTTP/2.0" 200 824 "-" "Mozilla/5.0 AppleWebKit/537.36 (KHTML, like Gecko; compatible; ClaudeBot/1.0; +claudebot@anthropic.com)"
20.89.65.134 - - [09/May/2026:11:23:42 -0300] "GET /wp-includes/class-wp-token-map.php HTTP/1.1" 200 - "binance.com" "Mozilla/5.0 (Windows NT 10.0; Win64; x64) AppleWebKit/537.36 (KHTML, like Gecko) Chrome/90.0.4430.85 Safari/537.36"
216.73.217.99 - - [09/May/2026:11:23:45 -0300] "GET /06052021/images2/sanitizacao-de-carros.jpg HTTP/2.0" 200 4893 "-" "Mozilla/5.0 AppleWebKit/537.36 (KHTML, like Gecko; compatible; ClaudeBot/1.0; +claudebot@anthropic.com)"
46.101.74.236 - - [09/May/2026:11:23:49 -0300] "GET / HTTP/1.1" 401 53 "-" "Mozilla/5.0 (X11; Linux x86_64; rv:142.0) Gecko/20100101 Firefox/142.0"
216.73.217.99 - - [09/May/2026:11:23:50 -0300] "GET /06052021/images2/layout-san-house6-internas-sem-fundo_51.png HTTP/2.0" 200 2138 "-" "Mozilla/5.0 AppleWebKit/537.36 (KHTML, like Gecko; compatible; ClaudeBot/1.0; +claudebot@anthropic.com)"
46.101.74.236 - - [09/May/2026:11:23:52 -0300] "GET /favicon.ico HTTP/1.1" 401 53 "https://webdisk.sanhouse.com.br/" "Mozilla/5.0 (X11; Linux x86_64; rv:142.0) Gecko/20100101 Firefox/142.0"
20.89.65.134 - - [09/May/2026:11:23:52 -0300] "GET /wp-includes/class-wp-url-pattern-prefixer.php HTTP/1.1" 200 - "binance.com" "Mozilla/5.0 (Windows NT 10.0; Win64; x64) AppleWebKit/537.36 (KHTML, like Gecko) Chrome/90.0.4430.85 Safari/537.36"
91.92.243.238 - - [09/May/2026:11:23:58 -0300] "POST /wp-login.php HTTP/1.1" 503 19798 "-" "Mozilla/5.0"
20.89.65.134 - - [09/May/2026:11:24:00 -0300] "GET /wp-includes/class-wpdb.php HTTP/1.1" 200 - "binance.com" "Mozilla/5.0 (Windows NT 10.0; Win64; x64) AppleWebKit/537.36 (KHTML, like Gecko) Chrome/90.0.4430.85 Safari/537.36"
20.89.65.134 - - [09/May/2026:11:24:06 -0300] "GET /wp-includes/fonts.php HTTP/1.1" 200 - "binance.com" "Mozilla/5.0 (Windows NT 10.0; Win64; x64) AppleWebKit/537.36 (KHTML, like Gecko) Chrome/90.0.4430.85 Safari/537.36"
216.73.217.99 - - [09/May/2026:11:24:06 -0300] "GET /sanitizacao/wordpress/?C=S&O=D HTTP/2.0" 200 262 "-" "Mozilla/5.0 AppleWebKit/537.36 (KHTML, like Gecko; compatible; ClaudeBot/1.0; +claudebot@anthropic.com)"
216.73.217.99 - - [09/May/2026:11:24:11 -0300] "GET /sanitizacao/wordpress/?C=M&O=D HTTP/2.0" 200 262 "-" "Mozilla/5.0 AppleWebKit/537.36 (KHTML, like Gecko; compatible; ClaudeBot/1.0; +claudebot@anthropic.com)"
20.89.65.134 - - [09/May/2026:11:24:27 -0300] "GET /wp-includes/global-styles-and-settings.php HTTP/1.1" 200 - "binance.com" "Mozilla/5.0 (Windows NT 10.0; Win64; x64) AppleWebKit/537.36 (KHTML, like Gecko) Chrome/90.0.4430.85 Safari/537.36"
216.73.217.99 - - [09/May/2026:11:24:35 -0300] "GET /sanitizacao/wordpress/?C=N&O=A HTTP/2.0" 200 264 "-" "Mozilla/5.0 AppleWebKit/537.36 (KHTML, like Gecko; compatible; ClaudeBot/1.0; +claudebot@anthropic.com)"
20.89.65.134 - - [09/May/2026:11:24:36 -0300] "GET /wp-includes/https-detection.php HTTP/1.1" 200 - "binance.com" "Mozilla/5.0 (Windows NT 10.0; Win64; x64) AppleWebKit/537.36 (KHTML, like Gecko) Chrome/90.0.4430.85 Safari/537.36"
216.73.217.99 - - [09/May/2026:11:24:45 -0300] "GET /wp-includes/images/?C=M&O=D HTTP/2.0" 200 819 "-" "Mozilla/5.0 AppleWebKit/537.36 (KHTML, like Gecko; compatible; ClaudeBot/1.0; +claudebot@anthropic.com)"
20.89.65.134 - - [09/May/2026:11:24:57 -0300] "GET /wp-includes/https-migration.php HTTP/1.1" 200 - "binance.com" "Mozilla/5.0 (Windows NT 10.0; Win64; x64) AppleWebKit/537.36 (KHTML, like Gecko) Chrome/90.0.4430.85 Safari/537.36"
20.89.65.134 - - [09/May/2026:11:25:06 -0300] "GET /wp-includes/robots-template.php HTTP/1.1" 200 - "binance.com" "Mozilla/5.0 (Windows NT 10.0; Win64; x64) AppleWebKit/537.36 (KHTML, like Gecko) Chrome/90.0.4430.85 Safari/537.36"
216.73.217.99 - - [09/May/2026:11:25:24 -0300] "GET /wp-includes/pomo/?C=S&O=D HTTP/2.0" 200 378 "-" "Mozilla/5.0 AppleWebKit/537.36 (KHTML, like Gecko; compatible; ClaudeBot/1.0; +claudebot@anthropic.com)"
20.89.65.134 - - [09/May/2026:11:25:24 -0300] "GET /wp-includes/script-modules.php HTTP/1.1" 200 - "binance.com" "Mozilla/5.0 (Windows NT 10.0; Win64; x64) AppleWebKit/537.36 (KHTML, like Gecko) Chrome/90.0.4430.85 Safari/537.36"
20.89.65.134 - - [09/May/2026:11:25:34 -0300] "GET /wp-includes/speculative-loading.php HTTP/1.1" 200 - "binance.com" "Mozilla/5.0 (Windows NT 10.0; Win64; x64) AppleWebKit/537.36 (KHTML, like Gecko) Chrome/90.0.4430.85 Safari/537.36"
20.89.65.134 - - [09/May/2026:11:25:43 -0300] "GET /wp-includes/style-engine.php HTTP/1.1" 200 - "binance.com" "Mozilla/5.0 (Windows NT 10.0; Win64; x64) AppleWebKit/537.36 (KHTML, like Gecko) Chrome/90.0.4430.85 Safari/537.36"
20.89.65.134 - - [09/May/2026:11:25:54 -0300] "GET /wp-includes/template-canvas.php HTTP/1.1" 500 - "binance.com" "Mozilla/5.0 (Windows NT 10.0; Win64; x64) AppleWebKit/537.36 (KHTML, like Gecko) Chrome/90.0.4430.85 Safari/537.36"
20.89.65.134 - - [09/May/2026:11:26:04 -0300] "GET /wp-includes/theme-previews.php HTTP/1.1" 200 - "binance.com" "Mozilla/5.0 (Windows NT 10.0; Win64; x64) AppleWebKit/537.36 (KHTML, like Gecko) Chrome/90.0.4430.85 Safari/537.36"
198.235.24.133 - - [09/May/2026:11:26:20 -0300] "GET / HTTP/1.1" 200 37887 "-" "Hello from Palo Alto Networks, find out more about our scans in https://docs-cortex.paloaltonetworks.com/r/1/Cortex-Xpanse/Scanning-activity"
20.89.65.134 - - [09/May/2026:11:26:22 -0300] "GET /wp-includes/theme-templates.php HTTP/1.1" 200 - "binance.com" "Mozilla/5.0 (Windows NT 10.0; Win64; x64) AppleWebKit/537.36 (KHTML, like Gecko) Chrome/90.0.4430.85 Safari/537.36"
185.81.145.134 - - [09/May/2026:11:26:24 -0300] "GET /wp-login.php HTTP/1.1" 200 3093 "-" "Mozilla/5.0 (Windows; U; Windows NT 6.1; en-US) AppleWebKit/534.10 (KHTML, like Gecko) Chrome/8.0.552.224 Safari/534.10"
185.81.145.134 - - [09/May/2026:11:26:26 -0300] "POST /wp-login.php HTTP/1.1" 200 3246 "https://sanhouse.com.br/wp-login.php" "Mozilla/5.0 (Windows; U; Windows NT 6.1; en-US) AppleWebKit/534.10 (KHTML, like Gecko) Chrome/8.0.552.224 Safari/534.10"
185.81.145.134 - - [09/May/2026:11:26:29 -0300] "GET /wp-login.php HTTP/1.1" 200 3093 "-" "Mozilla/5.0 (Windows; U; Windows NT 6.1; en-US) AppleWebKit/534.10 (KHTML, like Gecko) Chrome/8.0.552.224 Safari/534.10"
185.81.145.134 - - [09/May/2026:11:26:30 -0300] "POST /wp-login.php HTTP/1.1" 200 3241 "https://sanhouse.com.br/wp-login.php" "Mozilla/5.0 (Windows; U; Windows NT 6.1; en-US) AppleWebKit/534.10 (KHTML, like Gecko) Chrome/8.0.552.224 Safari/534.10"
185.81.145.134 - - [09/May/2026:11:26:32 -0300] "GET /wp-login.php HTTP/1.1" 200 3092 "-" "Mozilla/5.0 (Windows; U; Windows NT 6.1; en-US) AppleWebKit/534.10 (KHTML, like Gecko) Chrome/8.0.552.224 Safari/534.10"
185.81.145.134 - - [09/May/2026:11:26:34 -0300] "POST /wp-login.php HTTP/1.1" 200 3239 "https://sanhouse.com.br/wp-login.php" "Mozilla/5.0 (Windows; U; Windows NT 6.1; en-US) AppleWebKit/534.10 (KHTML, like Gecko) Chrome/8.0.552.224 Safari/534.10"
20.89.65.134 - - [09/May/2026:11:26:37 -0300] "GET /wp-includes/ID3/ HTTP/1.1" 200 709 "binance.com" "Mozilla/5.0 (Windows NT 10.0; Win64; x64) AppleWebKit/537.36 (KHTML, like Gecko) Chrome/90.0.4430.85 Safari/537.36"
20.89.65.134 - - [09/May/2026:11:26:43 -0300] "GET /wp-includes/ID3/ HTTP/1.1" 200 709 "binance.com" "Mozilla/5.0 (Windows NT 10.0; Win64; x64) AppleWebKit/537.36 (KHTML, like Gecko) Chrome/90.0.4430.85 Safari/537.36"
20.89.65.134 - - [09/May/2026:11:26:50 -0300] "GET /wp-includes/IXR/ HTTP/1.1" 200 604 "binance.com" "Mozilla/5.0 (Windows NT 10.0; Win64; x64) AppleWebKit/537.36 (KHTML, like Gecko) Chrome/90.0.4430.85 Safari/537.36"
216.73.217.99 - - [09/May/2026:11:26:56 -0300] "GET /wp-includes/images/?C=D&O=D HTTP/2.0" 200 834 "-" "Mozilla/5.0 AppleWebKit/537.36 (KHTML, like Gecko; compatible; ClaudeBot/1.0; +claudebot@anthropic.com)"
20.89.65.134 - - [09/May/2026:11:27:00 -0300] "GET /wp-includes/IXR/ HTTP/1.1" 200 604 "binance.com" "Mozilla/5.0 (Windows NT 10.0; Win64; x64) AppleWebKit/537.36 (KHTML, like Gecko) Chrome/90.0.4430.85 Safari/537.36"
20.89.65.134 - - [09/May/2026:11:27:09 -0300] "GET /wp-includes/PHPMailer/ HTTP/1.1" 200 419 "binance.com" "Mozilla/5.0 (Windows NT 10.0; Win64; x64) AppleWebKit/537.36 (KHTML, like Gecko) Chrome/90.0.4430.85 Safari/537.36"
20.89.65.134 - - [09/May/2026:11:27:16 -0300] "GET /wp-includes/PHPMailer/ HTTP/1.1" 200 419 "binance.com" "Mozilla/5.0 (Windows NT 10.0; Win64; x64) AppleWebKit/537.36 (KHTML, like Gecko) Chrome/90.0.4430.85 Safari/537.36"
20.89.65.134 - - [09/May/2026:11:27:27 -0300] "GET /wp-includes/Text/ HTTP/1.1" 200 429 "binance.com" "Mozilla/5.0 (Windows NT 10.0; Win64; x64) AppleWebKit/537.36 (KHTML, like Gecko) Chrome/90.0.4430.85 Safari/537.36"
20.89.65.134 - - [09/May/2026:11:27:37 -0300] "GET /wp-includes/Text/ HTTP/1.1" 200 429 "binance.com" "Mozilla/5.0 (Windows NT 10.0; Win64; x64) AppleWebKit/537.36 (KHTML, like Gecko) Chrome/90.0.4430.85 Safari/537.36"
20.89.65.134 - - [09/May/2026:11:27:46 -0300] "GET /wp-includes/Text/Diff/ HTTP/1.1" 200 424 "binance.com" "Mozilla/5.0 (Windows NT 10.0; Win64; x64) AppleWebKit/537.36 (KHTML, like Gecko) Chrome/90.0.4430.85 Safari/537.36"
20.89.65.134 - - [09/May/2026:11:27:56 -0300] "GET /wp-includes/Text/Diff/ HTTP/1.1" 200 424 "binance.com" "Mozilla/5.0 (Windows NT 10.0; Win64; x64) AppleWebKit/537.36 (KHTML, like Gecko) Chrome/90.0.4430.85 Safari/537.36"
20.89.65.134 - - [09/May/2026:11:28:19 -0300] "GET /wp-includes/Text/Diff/Engine/ HTTP/1.1" 200 441 "binance.com" "Mozilla/5.0 (Windows NT 10.0; Win64; x64) AppleWebKit/537.36 (KHTML, like Gecko) Chrome/90.0.4430.85 Safari/537.36"
91.92.243.238 - - [09/May/2026:11:28:26 -0300] "POST /wp-login.php HTTP/1.1" 503 19174 "-" "Mozilla/5.0"
20.89.65.134 - - [09/May/2026:11:28:31 -0300] "GET /wp-includes/Text/Diff/Engine/ HTTP/1.1" 200 441 "binance.com" "Mozilla/5.0 (Windows NT 10.0; Win64; x64) AppleWebKit/537.36 (KHTML, like Gecko) Chrome/90.0.4430.85 Safari/537.36"
20.89.65.134 - - [09/May/2026:11:28:39 -0300] "GET /wp-includes/Text/Diff/Renderer/ HTTP/1.1" 200 390 "binance.com" "Mozilla/5.0 (Windows NT 10.0; Win64; x64) AppleWebKit/537.36 (KHTML, like Gecko) Chrome/90.0.4430.85 Safari/537.36"
20.89.65.134 - - [09/May/2026:11:28:48 -0300] "GET /wp-includes/Text/Diff/Renderer/ HTTP/1.1" 200 390 "binance.com" "Mozilla/5.0 (Windows NT 10.0; Win64; x64) AppleWebKit/537.36 (KHTML, like Gecko) Chrome/90.0.4430.85 Safari/537.36"
20.89.65.134 - - [09/May/2026:11:28:57 -0300] "GET /wp-includes/blocks/ HTTP/1.1" 200 22 "binance.com" "Mozilla/5.0 (Windows NT 10.0; Win64; x64) AppleWebKit/537.36 (KHTML, like Gecko) Chrome/90.0.4430.85 Safari/537.36"
20.89.65.134 - - [09/May/2026:11:29:11 -0300] "GET /wp-includes/pomo/ HTTP/1.1" 200 471 "binance.com" "Mozilla/5.0 (Windows NT 10.0; Win64; x64) AppleWebKit/537.36 (KHTML, like Gecko) Chrome/90.0.4430.85 Safari/537.36"
173.239.214.205 - - [09/May/2026:11:29:12 -0300] "POST /wp-login.php HTTP/1.1" 503 19174 "-" "Mozilla/5.0"
20.89.65.134 - - [09/May/2026:11:29:35 -0300] "GET /wp-includes/pomo/ HTTP/1.1" 200 471 "binance.com" "Mozilla/5.0 (Windows NT 10.0; Win64; x64) AppleWebKit/537.36 (KHTML, like Gecko) Chrome/90.0.4430.85 Safari/537.36"
20.89.65.134 - - [09/May/2026:11:29:44 -0300] "GET /wp-includes/sitemaps/ HTTP/1.1" 200 521 "binance.com" "Mozilla/5.0 (Windows NT 10.0; Win64; x64) AppleWebKit/537.36 (KHTML, like Gecko) Chrome/90.0.4430.85 Safari/537.36"
20.89.65.134 - - [09/May/2026:11:29:56 -0300] "GET /wp-includes/sitemaps/ HTTP/1.1" 200 521 "binance.com" "Mozilla/5.0 (Windows NT 10.0; Win64; x64) AppleWebKit/537.36 (KHTML, like Gecko) Chrome/90.0.4430.85 Safari/537.36"
20.89.65.134 - - [09/May/2026:11:30:20 -0300] "GET /wp-includes/sitemaps/providers/ HTTP/1.1" 200 457 "binance.com" "Mozilla/5.0 (Windows NT 10.0; Win64; x64) AppleWebKit/537.36 (KHTML, like Gecko) Chrome/90.0.4430.85 Safari/537.36"
216.73.217.99 - - [09/May/2026:11:30:23 -0300] "GET /wp-includes/images/smilies/icon_idea.gif HTTP/2.0" 200 174 "-" "Mozilla/5.0 AppleWebKit/537.36 (KHTML, like Gecko; compatible; ClaudeBot/1.0; +claudebot@anthropic.com)"
216.73.217.99 - - [09/May/2026:11:30:28 -0300] "GET /wp-includes/images/smilies/icon_question.gif HTTP/2.0" 200 247 "-" "Mozilla/5.0 AppleWebKit/537.36 (KHTML, like Gecko; compatible; ClaudeBot/1.0; +claudebot@anthropic.com)"
20.89.65.134 - - [09/May/2026:11:30:32 -0300] "GET /wp-includes/sitemaps/providers/ HTTP/1.1" 200 457 "binance.com" "Mozilla/5.0 (Windows NT 10.0; Win64; x64) AppleWebKit/537.36 (KHTML, like Gecko) Chrome/90.0.4430.85 Safari/537.36"
216.73.217.99 - - [09/May/2026:11:30:33 -0300] "GET /wp-includes/images/smilies/icon_arrow.gif HTTP/2.0" 200 169 "-" "Mozilla/5.0 AppleWebKit/537.36 (KHTML, like Gecko; compatible; ClaudeBot/1.0; +claudebot@anthropic.com)"
216.73.217.99 - - [09/May/2026:11:30:39 -0300] "GET /wp-includes/images/smilies/icon_cry.gif HTTP/2.0" 200 412 "-" "Mozilla/5.0 AppleWebKit/537.36 (KHTML, like Gecko; compatible; ClaudeBot/1.0; +claudebot@anthropic.com)"
20.89.65.134 - - [09/May/2026:11:30:41 -0300] "GET /wp-includes/widgets/ HTTP/1.1" 200 697 "binance.com" "Mozilla/5.0 (Windows NT 10.0; Win64; x64) AppleWebKit/537.36 (KHTML, like Gecko) Chrome/90.0.4430.85 Safari/537.36"
216.73.217.99 - - [09/May/2026:11:30:44 -0300] "GET /wp-includes/images/smilies/rolleyes.png HTTP/2.0" 200 1233 "-" "Mozilla/5.0 AppleWebKit/537.36 (KHTML, like Gecko; compatible; ClaudeBot/1.0; +claudebot@anthropic.com)"
216.73.217.99 - - [09/May/2026:11:30:49 -0300] "GET /wp-includes/images/smilies/icon_evil.gif HTTP/2.0" 200 193 "-" "Mozilla/5.0 AppleWebKit/537.36 (KHTML, like Gecko; compatible; ClaudeBot/1.0; +claudebot@anthropic.com)"
216.73.217.99 - - [09/May/2026:11:30:54 -0300] "GET /wp-includes/images/smilies/icon_twisted.gif HTTP/2.0" 200 241 "-" "Mozilla/5.0 AppleWebKit/537.36 (KHTML, like Gecko; compatible; ClaudeBot/1.0; +claudebot@anthropic.com)"
216.73.217.99 - - [09/May/2026:11:30:59 -0300] "GET /wp-includes/images/smilies/icon_redface.gif HTTP/2.0" 200 645 "-" "Mozilla/5.0 AppleWebKit/537.36 (KHTML, like Gecko; compatible; ClaudeBot/1.0; +claudebot@anthropic.com)"
216.73.217.99 - - [09/May/2026:11:31:04 -0300] "GET /wp-includes/images/smilies/icon_surprised.gif HTTP/2.0" 200 174 "-" "Mozilla/5.0 AppleWebKit/537.36 (KHTML, like Gecko; compatible; ClaudeBot/1.0; +claudebot@anthropic.com)"
216.73.217.99 - - [09/May/2026:11:31:09 -0300] "GET /wp-includes/images/smilies/icon_rolleyes.gif HTTP/2.0" 200 471 "-" "Mozilla/5.0 AppleWebKit/537.36 (KHTML, like Gecko; compatible; ClaudeBot/1.0; +claudebot@anthropic.com)"
216.73.217.99 - - [09/May/2026:11:31:14 -0300] "GET /wp-includes/images/smilies/icon_eek.gif HTTP/2.0" 200 170 "-" "Mozilla/5.0 AppleWebKit/537.36 (KHTML, like Gecko; compatible; ClaudeBot/1.0; +claudebot@anthropic.com)"
216.73.217.99 - - [09/May/2026:11:31:19 -0300] "GET /wp-includes/images/smilies/icon_cool.gif HTTP/2.0" 200 172 "-" "Mozilla/5.0 AppleWebKit/537.36 (KHTML, like Gecko; compatible; ClaudeBot/1.0; +claudebot@anthropic.com)"
216.73.217.99 - - [09/May/2026:11:31:25 -0300] "GET /wp-includes/images/smilies/mrgreen.png HTTP/2.0" 200 1486 "-" "Mozilla/5.0 AppleWebKit/537.36 (KHTML, like Gecko; compatible; ClaudeBot/1.0; +claudebot@anthropic.com)"
185.242.3.215 - - [09/May/2026:11:31:28 -0300] "GET / HTTP/1.1" 200 6536 "-" "-"
216.73.217.99 - - [09/May/2026:11:31:29 -0300] "GET /wp-includes/images/smilies/simple-smile.png HTTP/2.0" 200 1008 "-" "Mozilla/5.0 AppleWebKit/537.36 (KHTML, like Gecko; compatible; ClaudeBot/1.0; +claudebot@anthropic.com)"
216.73.217.99 - - [09/May/2026:11:31:35 -0300] "GET /wp-includes/images/smilies/icon_neutral.gif HTTP/2.0" 200 167 "-" "Mozilla/5.0 AppleWebKit/537.36 (KHTML, like Gecko; compatible; ClaudeBot/1.0; +claudebot@anthropic.com)"
20.89.65.134 - - [09/May/2026:11:31:39 -0300] "GET /wp-includes/widgets/ HTTP/1.1" 200 697 "binance.com" "Mozilla/5.0 (Windows NT 10.0; Win64; x64) AppleWebKit/537.36 (KHTML, like Gecko) Chrome/90.0.4430.85 Safari/537.36"
216.73.217.99 - - [09/May/2026:11:31:40 -0300] "GET /wp-includes/images/smilies/icon_mad.gif HTTP/2.0" 200 172 "-" "Mozilla/5.0 AppleWebKit/537.36 (KHTML, like Gecko; compatible; ClaudeBot/1.0; +claudebot@anthropic.com)"
216.73.217.99 - - [09/May/2026:11:31:45 -0300] "GET /wp-includes/images/smilies/icon_sad.gif HTTP/2.0" 200 167 "-" "Mozilla/5.0 AppleWebKit/537.36 (KHTML, like Gecko; compatible; ClaudeBot/1.0; +claudebot@anthropic.com)"
20.89.65.134 - - [09/May/2026:11:31:50 -0300] "GET /wp-includes/widgets/class-wp-widget-block.php HTTP/1.1" 500 - "binance.com" "Mozilla/5.0 (Windows NT 10.0; Win64; x64) AppleWebKit/537.36 (KHTML, like Gecko) Chrome/90.0.4430.85 Safari/537.36"
216.73.217.99 - - [09/May/2026:11:32:01 -0300] "GET /wp-includes/images/smilies/icon_wink.gif HTTP/2.0" 200 168 "-" "Mozilla/5.0 AppleWebKit/537.36 (KHTML, like Gecko; compatible; ClaudeBot/1.0; +claudebot@anthropic.com)"
20.89.65.134 - - [09/May/2026:11:32:05 -0300] "GET /wp-includes/css/ HTTP/1.1" 200 1041 "binance.com" "Mozilla/5.0 (Windows NT 10.0; Win64; x64) AppleWebKit/537.36 (KHTML, like Gecko) Chrome/90.0.4430.85 Safari/537.36"
216.73.217.99 - - [09/May/2026:11:32:05 -0300] "GET /wp-includes/images/smilies/frownie.png HTTP/2.0" 200 1007 "-" "Mozilla/5.0 AppleWebKit/537.36 (KHTML, like Gecko; compatible; ClaudeBot/1.0; +claudebot@anthropic.com)"
216.73.217.99 - - [09/May/2026:11:32:11 -0300] "GET /wp-includes/images/smilies/icon_mrgreen.gif HTTP/2.0" 200 348 "-" "Mozilla/5.0 AppleWebKit/537.36 (KHTML, like Gecko; compatible; ClaudeBot/1.0; +claudebot@anthropic.com)"
20.89.65.134 - - [09/May/2026:11:32:13 -0300] "GET /wp-includes/css/dist/ HTTP/1.1" 200 642 "binance.com" "Mozilla/5.0 (Windows NT 10.0; Win64; x64) AppleWebKit/537.36 (KHTML, like Gecko) Chrome/90.0.4430.85 Safari/537.36"
216.73.217.99 - - [09/May/2026:11:32:16 -0300] "GET /wp-includes/images/smilies/icon_biggrin.gif HTTP/2.0" 200 173 "-" "Mozilla/5.0 AppleWebKit/537.36 (KHTML, like Gecko; compatible; ClaudeBot/1.0; +claudebot@anthropic.com)"
20.89.65.134 - - [09/May/2026:11:32:22 -0300] "GET /wp-includes/fonts/ HTTP/1.1" 200 581 "binance.com" "Mozilla/5.0 (Windows NT 10.0; Win64; x64) AppleWebKit/537.36 (KHTML, like Gecko) Chrome/90.0.4430.85 Safari/537.36"
216.73.217.99 - - [09/May/2026:11:32:32 -0300] "GET /wp-includes/images/smilies/icon_exclaim.gif HTTP/2.0" 200 236 "-" "Mozilla/5.0 AppleWebKit/537.36 (KHTML, like Gecko; compatible; ClaudeBot/1.0; +claudebot@anthropic.com)"
216.73.217.99 - - [09/May/2026:11:32:37 -0300] "GET /wp-includes/images/smilies/icon_lol.gif HTTP/2.0" 200 331 "-" "Mozilla/5.0 AppleWebKit/537.36 (KHTML, like Gecko; compatible; ClaudeBot/1.0; +claudebot@anthropic.com)"
216.73.217.99 - - [09/May/2026:11:32:43 -0300] "GET /wp-includes/images/smilies/icon_smile.gif HTTP/2.0" 200 173 "-" "Mozilla/5.0 AppleWebKit/537.36 (KHTML, like Gecko; compatible; ClaudeBot/1.0; +claudebot@anthropic.com)"
216.73.217.99 - - [09/May/2026:11:32:47 -0300] "GET /wp-includes/images/smilies/icon_razz.gif HTTP/2.0" 200 175 "-" "Mozilla/5.0 AppleWebKit/537.36 (KHTML, like Gecko; compatible; ClaudeBot/1.0; +claudebot@anthropic.com)"
216.73.217.99 - - [09/May/2026:11:32:53 -0300] "GET /wp-includes/images/smilies/?C=M&O=A HTTP/2.0" 200 669 "-" "Mozilla/5.0 AppleWebKit/537.36 (KHTML, like Gecko; compatible; ClaudeBot/1.0; +claudebot@anthropic.com)"
20.89.65.134 - - [09/May/2026:11:32:56 -0300] "GET /wp-includes/fonts/ HTTP/1.1" 200 581 "binance.com" "Mozilla/5.0 (Windows NT 10.0; Win64; x64) AppleWebKit/537.36 (KHTML, like Gecko) Chrome/90.0.4430.85 Safari/537.36"
216.73.217.99 - - [09/May/2026:11:32:58 -0300] "GET /wp-includes/images/smilies/?C=N&O=D HTTP/2.0" 200 669 "-" "Mozilla/5.0 AppleWebKit/537.36 (KHTML, like Gecko; compatible; ClaudeBot/1.0; +claudebot@anthropic.com)"
