216.73.217.99 - - [09/May/2026:11:10:05 -0300] "GET /a67.php?filesrc=%2Fhome%2Fssan4778%2Fpublic_html%2Flp%2Fwp-includes%2Fclass-wp-recovery-mode-cookie-service.php&path=%2Fhome%2Fssan4778%2Fpublic_html%2Flp%2Fwp-includes HTTP/2.0" 200 2946 "-" "Mozilla/5.0 AppleWebKit/537.36 (KHTML, like Gecko; compatible; ClaudeBot/1.0; +claudebot@anthropic.com)"
216.73.217.99 - - [09/May/2026:11:10:05 -0300] "GET /a67.php?filesrc=%2Fhome%2Fssan4778%2Fpublic_html%2Flp%2Fwp-content%2Findex.php&path=%2Fhome%2Fssan4778%2Fpublic_html%2Flp%2Fwp-content HTTP/2.0" 200 970 "-" "Mozilla/5.0 AppleWebKit/537.36 (KHTML, like Gecko; compatible; ClaudeBot/1.0; +claudebot@anthropic.com)"
216.73.217.99 - - [09/May/2026:11:10:05 -0300] "GET /a67.php?filesrc=%2Fhome%2Fssan4778%2Fpublic_html%2Flp%2Fwp-includes%2Fglobal-styles-and-settings.php&path=%2Fhome%2Fssan4778%2Fpublic_html%2Flp%2Fwp-includes HTTP/2.0" 200 6348 "-" "Mozilla/5.0 AppleWebKit/537.36 (KHTML, like Gecko; compatible; ClaudeBot/1.0; +claudebot@anthropic.com)"
216.73.217.99 - - [09/May/2026:11:10:05 -0300] "GET /a67.php?filesrc=%2Fhome%2Fssan4778%2Fpublic_html%2Flp%2Fwp-includes%2Ftheme-i18n.json&path=%2Fhome%2Fssan4778%2Fpublic_html%2Flp%2Fwp-includes HTTP/2.0" 200 1347 "-" "Mozilla/5.0 AppleWebKit/537.36 (KHTML, like Gecko; compatible; ClaudeBot/1.0; +claudebot@anthropic.com)"
216.73.217.99 - - [09/May/2026:11:10:06 -0300] "GET /a67.php?filesrc=%2Fhome%2Fssan4778%2Fpublic_html%2Fwp-content%2Fmaintenance%2Ftemplate.phtml&path=%2Fhome%2Fssan4778%2Fpublic_html%2Fwp-content%2Fmaintenance HTTP/2.0" 200 1671 "-" "Mozilla/5.0 AppleWebKit/537.36 (KHTML, like Gecko; compatible; ClaudeBot/1.0; +claudebot@anthropic.com)"
216.73.217.99 - - [09/May/2026:11:10:06 -0300] "GET /a67.php?filesrc=%2Fhome%2Fssan4778%2Fpublic_html%2Flp%2Fwp-admin%2Fmy-sites.php&path=%2Fhome%2Fssan4778%2Fpublic_html%2Flp%2Fwp-admin HTTP/2.0" 200 2857 "-" "Mozilla/5.0 AppleWebKit/537.36 (KHTML, like Gecko; compatible; ClaudeBot/1.0; +claudebot@anthropic.com)"
216.73.217.99 - - [09/May/2026:11:10:06 -0300] "GET /a67.php?filesrc=%2Fhome%2Fssan4778%2Fpublic_html%2Flp%2Fwp-content%2Fmaintenance.php&path=%2Fhome%2Fssan4778%2Fpublic_html%2Flp%2Fwp-content HTTP/2.0" 200 1925 "-" "Mozilla/5.0 AppleWebKit/537.36 (KHTML, like Gecko; compatible; ClaudeBot/1.0; +claudebot@anthropic.com)"
216.73.217.99 - - [09/May/2026:11:10:06 -0300] "GET /a67.php?filesrc=%2Fhome%2Fssan4778%2Fpublic_html%2Flp%2Fwp-admin%2Fmedia-new.php&path=%2Fhome%2Fssan4778%2Fpublic_html%2Flp%2Fwp-admin HTTP/2.0" 200 2364 "-" "Mozilla/5.0 AppleWebKit/537.36 (KHTML, like Gecko; compatible; ClaudeBot/1.0; +claudebot@anthropic.com)"
216.73.217.99 - - [09/May/2026:11:10:06 -0300] "GET /a67.php?filesrc=%2Fhome%2Fssan4778%2Fpublic_html%2Flp%2Fwp-includes%2Fclass-wp-recovery-mode.php&path=%2Fhome%2Fssan4778%2Fpublic_html%2Flp%2Fwp-includes HTTP/2.0" 200 4005 "-" "Mozilla/5.0 AppleWebKit/537.36 (KHTML, like Gecko; compatible; ClaudeBot/1.0; +claudebot@anthropic.com)"
216.73.217.99 - - [09/May/2026:11:10:06 -0300] "GET /a67.php?filesrc=%2Fhome%2Fssan4778%2Fpublic_html%2Flp%2Fwp-includes%2Fclass-wp-user-meta-session-tokens.php&path=%2Fhome%2Fssan4778%2Fpublic_html%2Flp%2Fwp-includes HTTP/2.0" 200 1766 "-" "Mozilla/5.0 AppleWebKit/537.36 (KHTML, like Gecko; compatible; ClaudeBot/1.0; +claudebot@anthropic.com)"
216.73.217.99 - - [09/May/2026:11:10:06 -0300] "GET /a67.php?filesrc=%2Fhome%2Fssan4778%2Fpublic_html%2Flp%2Fwp-includes%2Fclass-wp-paused-extensions-storage.php&path=%2Fhome%2Fssan4778%2Fpublic_html%2Flp%2Fwp-includes HTTP/2.0" 200 2119 "-" "Mozilla/5.0 AppleWebKit/537.36 (KHTML, like Gecko; compatible; ClaudeBot/1.0; +claudebot@anthropic.com)"
216.73.217.99 - - [09/May/2026:11:10:06 -0300] "GET /a67.php?filesrc=%2Fhome%2Fssan4778%2Fpublic_html%2Flp%2Fwp-includes%2Fclass-wp-block-templates-registry.php&path=%2Fhome%2Fssan4778%2Fpublic_html%2Flp%2Fwp-includes HTTP/2.0" 200 2686 "-" "Mozilla/5.0 AppleWebKit/537.36 (KHTML, like Gecko; compatible; ClaudeBot/1.0; +claudebot@anthropic.com)"
216.73.217.99 - - [09/May/2026:11:10:06 -0300] "GET /a67.php?filesrc=%2Fhome%2Fssan4778%2Fpublic_html%2Flp%2Fwp-includes%2Fclass-avif-info.php&path=%2Fhome%2Fssan4778%2Fpublic_html%2Flp%2Fwp-includes HTTP/2.0" 200 6818 "-" "Mozilla/5.0 AppleWebKit/537.36 (KHTML, like Gecko; compatible; ClaudeBot/1.0; +claudebot@anthropic.com)"
216.73.217.99 - - [09/May/2026:11:10:07 -0300] "GET /a67.php?filesrc=%2Fhome%2Fssan4778%2Fpublic_html%2Flp%2Fwp-includes%2Fcanonical.php&path=%2Fhome%2Fssan4778%2Fpublic_html%2Flp%2Fwp-includes HTTP/2.0" 200 9657 "-" "Mozilla/5.0 AppleWebKit/537.36 (KHTML, like Gecko; compatible; ClaudeBot/1.0; +claudebot@anthropic.com)"
216.73.217.99 - - [09/May/2026:11:10:07 -0300] "GET /a67.php?filesrc=%2Fhome%2Fssan4778%2Fpublic_html%2Flp%2Fwp-includes%2Fmedia-template.php&path=%2Fhome%2Fssan4778%2Fpublic_html%2Flp%2Fwp-includes HTTP/2.0" 200 12906 "-" "Mozilla/5.0 AppleWebKit/537.36 (KHTML, like Gecko; compatible; ClaudeBot/1.0; +claudebot@anthropic.com)"
216.73.217.99 - - [09/May/2026:11:10:07 -0300] "GET /a67.php?filesrc=%2Fhome%2Fssan4778%2Fpublic_html%2Flp%2Fwp-includes%2Fclass-wp-textdomain-registry.php&path=%2Fhome%2Fssan4778%2Fpublic_html%2Flp%2Fwp-includes HTTP/2.0" 200 3801 "-" "Mozilla/5.0 AppleWebKit/537.36 (KHTML, like Gecko; compatible; ClaudeBot/1.0; +claudebot@anthropic.com)"
216.73.217.99 - - [09/May/2026:11:10:07 -0300] "GET /a67.php?filesrc=%2Fhome%2Fssan4778%2Fpublic_html%2Flp%2Fwp-admin%2Fprivacy-policy-guide.php&path=%2Fhome%2Fssan4778%2Fpublic_html%2Flp%2Fwp-admin HTTP/2.0" 200 2308 "-" "Mozilla/5.0 AppleWebKit/537.36 (KHTML, like Gecko; compatible; ClaudeBot/1.0; +claudebot@anthropic.com)"
216.73.217.99 - - [09/May/2026:11:10:07 -0300] "GET /a67.php?filesrc=%2Fhome%2Fssan4778%2Fpublic_html%2Flp%2Fwp-admin%2Foptions-media.php&path=%2Fhome%2Fssan4778%2Fpublic_html%2Flp%2Fwp-admin HTTP/2.0" 200 2857 "-" "Mozilla/5.0 AppleWebKit/537.36 (KHTML, like Gecko; compatible; ClaudeBot/1.0; +claudebot@anthropic.com)"
216.73.217.99 - - [09/May/2026:11:10:07 -0300] "GET /a67.php?filesrc=%2Fhome%2Fssan4778%2Fpublic_html%2Flp%2Fwp-includes%2Fclass-wp-simplepie-sanitize-kses.php&path=%2Fhome%2Fssan4778%2Fpublic_html%2Flp%2Fwp-includes HTTP/2.0" 200 1793 "-" "Mozilla/5.0 AppleWebKit/537.36 (KHTML, like Gecko; compatible; ClaudeBot/1.0; +claudebot@anthropic.com)"
216.73.217.99 - - [09/May/2026:11:10:07 -0300] "GET /a67.php?filesrc=%2Fhome%2Fssan4778%2Fpublic_html%2Flp%2Fwp-includes%2Fclass-wp-duotone.php&path=%2Fhome%2Fssan4778%2Fpublic_html%2Flp%2Fwp-includes HTTP/2.0" 200 10163 "-" "Mozilla/5.0 AppleWebKit/537.36 (KHTML, like Gecko; compatible; ClaudeBot/1.0; +claudebot@anthropic.com)"
91.92.243.238 - - [09/May/2026:11:10:11 -0300] "POST /wp-login.php HTTP/1.1" 503 19798 "-" "Mozilla/5.0"
20.89.65.134 - - [09/May/2026:11:10:13 -0300] "GET /wp-admin/css/ HTTP/1.1" 200 1673 "binance.com" "Mozilla/5.0 (Windows NT 10.0; Win64; x64) AppleWebKit/537.36 (KHTML, like Gecko) Chrome/90.0.4430.85 Safari/537.36"
216.73.217.99 - - [09/May/2026:11:10:15 -0300] "GET /wp-includes/php-compat/readonly.php HTTP/2.0" 200 1 "-" "Mozilla/5.0 AppleWebKit/537.36 (KHTML, like Gecko; compatible; ClaudeBot/1.0; +claudebot@anthropic.com)"
216.73.217.99 - - [09/May/2026:11:10:15 -0300] "GET /wp-includes/html-api/class-wp-html-span.php HTTP/2.0" 200 1 "-" "Mozilla/5.0 AppleWebKit/537.36 (KHTML, like Gecko; compatible; ClaudeBot/1.0; +claudebot@anthropic.com)"
216.73.217.99 - - [09/May/2026:11:10:15 -0300] "GET /wp-includes/html-api/class-wp-html-tag-processor.php HTTP/2.0" 200 1 "-" "Mozilla/5.0 AppleWebKit/537.36 (KHTML, like Gecko; compatible; ClaudeBot/1.0; +claudebot@anthropic.com)"
216.73.217.99 - - [09/May/2026:11:10:15 -0300] "GET /wp-includes/block-patterns/query-grid-posts.php HTTP/2.0" 500 1 "-" "Mozilla/5.0 AppleWebKit/537.36 (KHTML, like Gecko; compatible; ClaudeBot/1.0; +claudebot@anthropic.com)"
216.73.217.99 - - [09/May/2026:11:10:15 -0300] "GET /wp-includes/block-patterns/query-small-posts.php HTTP/2.0" 500 1 "-" "Mozilla/5.0 AppleWebKit/537.36 (KHTML, like Gecko; compatible; ClaudeBot/1.0; +claudebot@anthropic.com)"
216.73.217.99 - - [09/May/2026:11:10:15 -0300] "GET /wp-includes/css/editor.min.css HTTP/2.0" 200 5619 "-" "Mozilla/5.0 AppleWebKit/537.36 (KHTML, like Gecko; compatible; ClaudeBot/1.0; +claudebot@anthropic.com)"
216.73.217.99 - - [09/May/2026:11:10:15 -0300] "GET /wp-includes/block-patterns/query-medium-posts.php HTTP/2.0" 500 1 "-" "Mozilla/5.0 AppleWebKit/537.36 (KHTML, like Gecko; compatible; ClaudeBot/1.0; +claudebot@anthropic.com)"
216.73.217.99 - - [09/May/2026:11:10:15 -0300] "GET /wp-includes/html-api/class-wp-html-processor-state.php HTTP/2.0" 200 1 "-" "Mozilla/5.0 AppleWebKit/537.36 (KHTML, like Gecko; compatible; ClaudeBot/1.0; +claudebot@anthropic.com)"
216.73.217.99 - - [09/May/2026:11:10:15 -0300] "GET /wp-includes/html-api/class-wp-html-open-elements.php HTTP/2.0" 200 1 "-" "Mozilla/5.0 AppleWebKit/537.36 (KHTML, like Gecko; compatible; ClaudeBot/1.0; +claudebot@anthropic.com)"
216.73.217.99 - - [09/May/2026:11:10:16 -0300] "GET /wp-includes/html-api/class-wp-html-stack-event.php HTTP/2.0" 200 1 "-" "Mozilla/5.0 AppleWebKit/537.36 (KHTML, like Gecko; compatible; ClaudeBot/1.0; +claudebot@anthropic.com)"
216.73.217.99 - - [09/May/2026:11:10:16 -0300] "GET /wp-includes/css/wp-pointer-rtl.css HTTP/2.0" 200 1007 "-" "Mozilla/5.0 AppleWebKit/537.36 (KHTML, like Gecko; compatible; ClaudeBot/1.0; +claudebot@anthropic.com)"
216.73.217.99 - - [09/May/2026:11:10:16 -0300] "GET /wp-includes/css/wp-pointer.min.css HTTP/2.0" 200 801 "-" "Mozilla/5.0 AppleWebKit/537.36 (KHTML, like Gecko; compatible; ClaudeBot/1.0; +claudebot@anthropic.com)"
216.73.217.99 - - [09/May/2026:11:10:16 -0300] "GET /wp-includes/interactivity-api/interactivity-api.php HTTP/2.0" 200 1 "-" "Mozilla/5.0 AppleWebKit/537.36 (KHTML, like Gecko; compatible; ClaudeBot/1.0; +claudebot@anthropic.com)"
216.73.217.99 - - [09/May/2026:11:10:16 -0300] "GET /wp-includes/block-patterns/query-offset-posts.php HTTP/2.0" 500 1 "-" "Mozilla/5.0 AppleWebKit/537.36 (KHTML, like Gecko; compatible; ClaudeBot/1.0; +claudebot@anthropic.com)"
216.73.217.99 - - [09/May/2026:11:10:16 -0300] "GET /wp-includes/html-api/class-wp-html-decoder.php HTTP/2.0" 200 1 "-" "Mozilla/5.0 AppleWebKit/537.36 (KHTML, like Gecko; compatible; ClaudeBot/1.0; +claudebot@anthropic.com)"
216.73.217.99 - - [09/May/2026:11:10:16 -0300] "GET /wp-includes/html-api/class-wp-html-processor.php HTTP/2.0" 500 1 "-" "Mozilla/5.0 AppleWebKit/537.36 (KHTML, like Gecko; compatible; ClaudeBot/1.0; +claudebot@anthropic.com)"
216.73.217.99 - - [09/May/2026:11:10:17 -0300] "GET /wp-includes/css/editor.css HTTP/2.0" 200 6412 "-" "Mozilla/5.0 AppleWebKit/537.36 (KHTML, like Gecko; compatible; ClaudeBot/1.0; +claudebot@anthropic.com)"
216.73.217.99 - - [09/May/2026:11:10:17 -0300] "GET /wp-includes/css/wp-pointer.css HTTP/2.0" 200 991 "-" "Mozilla/5.0 AppleWebKit/537.36 (KHTML, like Gecko; compatible; ClaudeBot/1.0; +claudebot@anthropic.com)"
20.89.65.134 - - [09/May/2026:11:10:20 -0300] "GET /wp-content/uploads/2026/05/ HTTP/1.1" 200 347 "binance.com" "Mozilla/5.0 (Windows NT 10.0; Win64; x64) AppleWebKit/537.36 (KHTML, like Gecko) Chrome/90.0.4430.85 Safari/537.36"
20.89.65.134 - - [09/May/2026:11:10:31 -0300] "GET /wp-content/uploads/2026/04/ HTTP/1.1" 200 347 "binance.com" "Mozilla/5.0 (Windows NT 10.0; Win64; x64) AppleWebKit/537.36 (KHTML, like Gecko) Chrome/90.0.4430.85 Safari/537.36"
20.89.65.134 - - [09/May/2026:11:10:52 -0300] "GET /wp-content/uploads/ HTTP/1.1" 200 507 "binance.com" "Mozilla/5.0 (Windows NT 10.0; Win64; x64) AppleWebKit/537.36 (KHTML, like Gecko) Chrome/90.0.4430.85 Safari/537.36"
216.73.217.99 - - [09/May/2026:11:10:58 -0300] "GET /wp-includes/css/wp-embed-template.css HTTP/2.0" 200 1885 "-" "Mozilla/5.0 AppleWebKit/537.36 (KHTML, like Gecko; compatible; ClaudeBot/1.0; +claudebot@anthropic.com)"
216.73.217.99 - - [09/May/2026:11:10:58 -0300] "GET /wp-includes/SimplePie/src/ HTTP/2.0" 200 727 "-" "Mozilla/5.0 AppleWebKit/537.36 (KHTML, like Gecko; compatible; ClaudeBot/1.0; +claudebot@anthropic.com)"
216.73.217.99 - - [09/May/2026:11:10:58 -0300] "GET /wp-includes/css/customize-preview.css HTTP/2.0" 200 963 "-" "Mozilla/5.0 AppleWebKit/537.36 (KHTML, like Gecko; compatible; ClaudeBot/1.0; +claudebot@anthropic.com)"
216.73.217.99 - - [09/May/2026:11:10:58 -0300] "GET /wp-includes/css/wp-pointer-rtl.min.css HTTP/2.0" 200 809 "-" "Mozilla/5.0 AppleWebKit/537.36 (KHTML, like Gecko; compatible; ClaudeBot/1.0; +claudebot@anthropic.com)"
216.73.217.99 - - [09/May/2026:11:10:58 -0300] "GET /wp-includes/Requests/src/ HTTP/2.0" 200 641 "-" "Mozilla/5.0 AppleWebKit/537.36 (KHTML, like Gecko; compatible; ClaudeBot/1.0; +claudebot@anthropic.com)"
216.73.217.99 - - [09/May/2026:11:10:58 -0300] "GET /wp-includes/css/buttons.css HTTP/2.0" 200 2284 "-" "Mozilla/5.0 AppleWebKit/537.36 (KHTML, like Gecko; compatible; ClaudeBot/1.0; +claudebot@anthropic.com)"
216.73.217.99 - - [09/May/2026:11:10:58 -0300] "GET /wp-includes/html-api/class-wp-html-text-replacement.php HTTP/2.0" 200 1 "-" "Mozilla/5.0 AppleWebKit/537.36 (KHTML, like Gecko; compatible; ClaudeBot/1.0; +claudebot@anthropic.com)"
216.73.217.99 - - [09/May/2026:11:10:58 -0300] "GET /wp-includes/block-patterns/query-standard-posts.php HTTP/2.0" 500 1 "-" "Mozilla/5.0 AppleWebKit/537.36 (KHTML, like Gecko; compatible; ClaudeBot/1.0; +claudebot@anthropic.com)"
216.73.217.99 - - [09/May/2026:11:10:58 -0300] "GET /wp-includes/theme-compat/header-embed.php HTTP/2.0" 500 26 "-" "Mozilla/5.0 AppleWebKit/537.36 (KHTML, like Gecko; compatible; ClaudeBot/1.0; +claudebot@anthropic.com)"
216.73.217.99 - - [09/May/2026:11:10:59 -0300] "GET /wp-includes/theme-compat/header.php HTTP/2.0" 500 1 "-" "Mozilla/5.0 AppleWebKit/537.36 (KHTML, like Gecko; compatible; ClaudeBot/1.0; +claudebot@anthropic.com)"
216.73.217.99 - - [09/May/2026:11:10:59 -0300] "GET /wp-includes/interactivity-api/class-wp-interactivity-api-directives-processor.php HTTP/2.0" 500 1 "-" "Mozilla/5.0 AppleWebKit/537.36 (KHTML, like Gecko; compatible; ClaudeBot/1.0; +claudebot@anthropic.com)"
216.73.217.99 - - [09/May/2026:11:10:59 -0300] "GET /wp-includes/theme-compat/embed.php HTTP/2.0" 500 1 "-" "Mozilla/5.0 AppleWebKit/537.36 (KHTML, like Gecko; compatible; ClaudeBot/1.0; +claudebot@anthropic.com)"
216.73.217.99 - - [09/May/2026:11:10:59 -0300] "GET /wp-includes/html-api/class-wp-html-attribute-token.php HTTP/2.0" 200 1 "-" "Mozilla/5.0 AppleWebKit/537.36 (KHTML, like Gecko; compatible; ClaudeBot/1.0; +claudebot@anthropic.com)"
216.73.217.99 - - [09/May/2026:11:10:59 -0300] "GET /wp-includes/html-api/class-wp-html-token.php HTTP/2.0" 200 1 "-" "Mozilla/5.0 AppleWebKit/537.36 (KHTML, like Gecko; compatible; ClaudeBot/1.0; +claudebot@anthropic.com)"
216.73.217.99 - - [09/May/2026:11:10:59 -0300] "GET /wp-includes/theme-compat/comments.php HTTP/2.0" 500 1 "-" "Mozilla/5.0 AppleWebKit/537.36 (KHTML, like Gecko; compatible; ClaudeBot/1.0; +claudebot@anthropic.com)"
216.73.217.99 - - [09/May/2026:11:10:59 -0300] "GET /wp-includes/html-api/class-wp-html-active-formatting-elements.php HTTP/2.0" 200 1 "-" "Mozilla/5.0 AppleWebKit/537.36 (KHTML, like Gecko; compatible; ClaudeBot/1.0; +claudebot@anthropic.com)"
20.89.65.134 - - [09/May/2026:11:11:01 -0300] "GET /wp-content/upgrade/ HTTP/1.1" 200 340 "binance.com" "Mozilla/5.0 (Windows NT 10.0; Win64; x64) AppleWebKit/537.36 (KHTML, like Gecko) Chrome/90.0.4430.85 Safari/537.36"
216.73.217.99 - - [09/May/2026:11:11:04 -0300] "GET /wp-includes/interactivity-api/class-wp-interactivity-api.php HTTP/2.0" 200 1 "-" "Mozilla/5.0 AppleWebKit/537.36 (KHTML, like Gecko; compatible; ClaudeBot/1.0; +claudebot@anthropic.com)"
216.73.217.99 - - [09/May/2026:11:11:09 -0300] "GET /wp-includes/css/admin-bar.css HTTP/2.0" 200 4585 "-" "Mozilla/5.0 AppleWebKit/537.36 (KHTML, like Gecko; compatible; ClaudeBot/1.0; +claudebot@anthropic.com)"
216.73.217.99 - - [09/May/2026:11:11:15 -0300] "GET /wp-includes/class-wp-role.php HTTP/2.0" 200 1 "-" "Mozilla/5.0 AppleWebKit/537.36 (KHTML, like Gecko; compatible; ClaudeBot/1.0; +claudebot@anthropic.com)"
216.73.217.99 - - [09/May/2026:11:11:19 -0300] "GET /wp-includes/css/admin-bar.min.css HTTP/2.0" 200 3615 "-" "Mozilla/5.0 AppleWebKit/537.36 (KHTML, like Gecko; compatible; ClaudeBot/1.0; +claudebot@anthropic.com)"
216.73.217.99 - - [09/May/2026:11:11:24 -0300] "GET /wp-includes/revision.php HTTP/2.0" 200 1 "-" "Mozilla/5.0 AppleWebKit/537.36 (KHTML, like Gecko; compatible; ClaudeBot/1.0; +claudebot@anthropic.com)"
216.73.217.99 - - [09/May/2026:11:11:29 -0300] "GET /wp-includes/class-wp-fatal-error-handler.php HTTP/2.0" 200 1 "-" "Mozilla/5.0 AppleWebKit/537.36 (KHTML, like Gecko; compatible; ClaudeBot/1.0; +claudebot@anthropic.com)"
216.73.217.99 - - [09/May/2026:11:11:33 -0300] "GET /wp-includes/widgets/class-wp-widget-text.php HTTP/2.0" 500 1 "-" "Mozilla/5.0 AppleWebKit/537.36 (KHTML, like Gecko; compatible; ClaudeBot/1.0; +claudebot@anthropic.com)"
216.73.217.99 - - [09/May/2026:11:11:38 -0300] "GET /wp-includes/customize/ HTTP/2.0" 200 834 "-" "Mozilla/5.0 AppleWebKit/537.36 (KHTML, like Gecko; compatible; ClaudeBot/1.0; +claudebot@anthropic.com)"
20.89.65.134 - - [09/May/2026:11:11:40 -0300] "GET /wp-content/languages/ HTTP/1.1" 200 2432 "binance.com" "Mozilla/5.0 (Windows NT 10.0; Win64; x64) AppleWebKit/537.36 (KHTML, like Gecko) Chrome/90.0.4430.85 Safari/537.36"
216.73.217.99 - - [09/May/2026:11:11:43 -0300] "GET /wp-includes/post-formats.php HTTP/2.0" 200 1 "-" "Mozilla/5.0 AppleWebKit/537.36 (KHTML, like Gecko; compatible; ClaudeBot/1.0; +claudebot@anthropic.com)"
216.73.217.99 - - [09/May/2026:11:11:48 -0300] "GET /wp-includes/ms-files.php HTTP/2.0" 200 33 "-" "Mozilla/5.0 AppleWebKit/537.36 (KHTML, like Gecko; compatible; ClaudeBot/1.0; +claudebot@anthropic.com)"
20.89.65.134 - - [09/May/2026:11:11:51 -0300] "GET /wp-content/languages/ HTTP/1.1" 200 2432 "binance.com" "Mozilla/5.0 (Windows NT 10.0; Win64; x64) AppleWebKit/537.36 (KHTML, like Gecko) Chrome/90.0.4430.85 Safari/537.36"
216.73.217.99 - - [09/May/2026:11:11:51 -0300] "GET /wp-includes/ID3/module.audio.ogg.php HTTP/2.0" 200 1 "-" "Mozilla/5.0 AppleWebKit/537.36 (KHTML, like Gecko; compatible; ClaudeBot/1.0; +claudebot@anthropic.com)"
216.73.217.99 - - [09/May/2026:11:11:56 -0300] "GET /wp-includes/css/buttons-rtl.css HTTP/2.0" 200 2298 "-" "Mozilla/5.0 AppleWebKit/537.36 (KHTML, like Gecko; compatible; ClaudeBot/1.0; +claudebot@anthropic.com)"
20.89.65.134 - - [09/May/2026:11:11:58 -0300] "GET /wp-content/languages/admin-network-pt_BR.l10n.php HTTP/1.1" 200 - "binance.com" "Mozilla/5.0 (Windows NT 10.0; Win64; x64) AppleWebKit/537.36 (KHTML, like Gecko) Chrome/90.0.4430.85 Safari/537.36"
216.73.217.99 - - [09/May/2026:11:12:01 -0300] "GET /wp-includes/css/customize-preview-rtl.css HTTP/2.0" 200 987 "-" "Mozilla/5.0 AppleWebKit/537.36 (KHTML, like Gecko; compatible; ClaudeBot/1.0; +claudebot@anthropic.com)"
216.73.217.99 - - [09/May/2026:11:12:06 -0300] "GET /wp-includes/ID3/module.audio-video.quicktime.php HTTP/2.0" 200 1 "-" "Mozilla/5.0 AppleWebKit/537.36 (KHTML, like Gecko; compatible; ClaudeBot/1.0; +claudebot@anthropic.com)"
20.89.65.134 - - [09/May/2026:11:12:06 -0300] "GET /wp-content/languages/admin-pt_BR.l10n.php HTTP/1.1" 200 - "binance.com" "Mozilla/5.0 (Windows NT 10.0; Win64; x64) AppleWebKit/537.36 (KHTML, like Gecko) Chrome/90.0.4430.85 Safari/537.36"
216.73.217.99 - - [09/May/2026:11:12:11 -0300] "GET /wp-includes/category-template.php HTTP/2.0" 200 1 "-" "Mozilla/5.0 AppleWebKit/537.36 (KHTML, like Gecko; compatible; ClaudeBot/1.0; +claudebot@anthropic.com)"
20.89.65.134 - - [09/May/2026:11:12:14 -0300] "GET /wp-content/languages/continents-cities-pt_BR.l10n.php HTTP/1.1" 200 - "binance.com" "Mozilla/5.0 (Windows NT 10.0; Win64; x64) AppleWebKit/537.36 (KHTML, like Gecko) Chrome/90.0.4430.85 Safari/537.36"
216.73.217.99 - - [09/May/2026:11:12:15 -0300] "GET /wp-includes/widgets/class-wp-widget-recent-posts.php HTTP/2.0" 500 1 "-" "Mozilla/5.0 AppleWebKit/537.36 (KHTML, like Gecko; compatible; ClaudeBot/1.0; +claudebot@anthropic.com)"
216.73.217.99 - - [09/May/2026:11:12:21 -0300] "GET /wp-includes/Text/ HTTP/2.0" 200 340 "-" "Mozilla/5.0 AppleWebKit/537.36 (KHTML, like Gecko; compatible; ClaudeBot/1.0; +claudebot@anthropic.com)"
216.73.217.99 - - [09/May/2026:11:12:26 -0300] "GET /wp-includes/css/classic-themes.css HTTP/2.0" 200 366 "-" "Mozilla/5.0 AppleWebKit/537.36 (KHTML, like Gecko; compatible; ClaudeBot/1.0; +claudebot@anthropic.com)"
20.89.65.134 - - [09/May/2026:11:12:28 -0300] "GET /wp-content/languages/pt_BR.l10n.php HTTP/1.1" 200 - "binance.com" "Mozilla/5.0 (Windows NT 10.0; Win64; x64) AppleWebKit/537.36 (KHTML, like Gecko) Chrome/90.0.4430.85 Safari/537.36"
216.73.217.99 - - [09/May/2026:11:12:31 -0300] "GET /wp-includes/widgets/class-wp-widget-archives.php HTTP/2.0" 500 1 "-" "Mozilla/5.0 AppleWebKit/537.36 (KHTML, like Gecko; compatible; ClaudeBot/1.0; +claudebot@anthropic.com)"
37.59.204.155 - - [09/May/2026:11:12:32 -0300] "GET /wp-sitemap.xml HTTP/2.0" 404 - "-" "Mozilla/5.0 (compatible; AhrefsBot/7.0; +http://ahrefs.com/robot/)"
20.89.65.134 - - [09/May/2026:11:12:39 -0300] "GET /wp-admin/includes/ HTTP/1.1" 200 2046 "binance.com" "Mozilla/5.0 (Windows NT 10.0; Win64; x64) AppleWebKit/537.36 (KHTML, like Gecko) Chrome/90.0.4430.85 Safari/537.36"
216.73.217.99 - - [09/May/2026:11:12:41 -0300] "GET /wp-includes/pomo/plural-forms.php HTTP/2.0" 200 1 "-" "Mozilla/5.0 AppleWebKit/537.36 (KHTML, like Gecko; compatible; ClaudeBot/1.0; +claudebot@anthropic.com)"
216.73.217.99 - - [09/May/2026:11:12:44 -0300] "GET /wp-includes/class-wp-image-editor-gd.php HTTP/2.0" 500 1 "-" "Mozilla/5.0 AppleWebKit/537.36 (KHTML, like Gecko; compatible; ClaudeBot/1.0; +claudebot@anthropic.com)"
20.89.65.134 - - [09/May/2026:11:12:49 -0300] "GET /wp-admin/includes/ HTTP/1.1" 200 2046 "binance.com" "Mozilla/5.0 (Windows NT 10.0; Win64; x64) AppleWebKit/537.36 (KHTML, like Gecko) Chrome/90.0.4430.85 Safari/537.36"
216.73.217.99 - - [09/May/2026:11:12:49 -0300] "GET /wp-includes/style-engine/class-wp-style-engine-css-rule.php HTTP/2.0" 200 1 "-" "Mozilla/5.0 AppleWebKit/537.36 (KHTML, like Gecko; compatible; ClaudeBot/1.0; +claudebot@anthropic.com)"
216.73.217.99 - - [09/May/2026:11:12:54 -0300] "GET /wp-includes/class-walker-page-dropdown.php HTTP/2.0" 500 1 "-" "Mozilla/5.0 AppleWebKit/537.36 (KHTML, like Gecko; compatible; ClaudeBot/1.0; +claudebot@anthropic.com)"
216.73.217.99 - - [09/May/2026:11:13:05 -0300] "GET /wp-includes/css/wp-auth-check-rtl.css HTTP/2.0" 200 767 "-" "Mozilla/5.0 AppleWebKit/537.36 (KHTML, like Gecko; compatible; ClaudeBot/1.0; +claudebot@anthropic.com)"
216.73.217.99 - - [09/May/2026:11:13:10 -0300] "GET /wp-includes/ID3/module.audio-video.flv.php HTTP/2.0" 200 1 "-" "Mozilla/5.0 AppleWebKit/537.36 (KHTML, like Gecko; compatible; ClaudeBot/1.0; +claudebot@anthropic.com)"
20.89.65.134 - - [09/May/2026:11:13:10 -0300] "GET /wp-admin/maint/ HTTP/1.1" 200 379 "binance.com" "Mozilla/5.0 (Windows NT 10.0; Win64; x64) AppleWebKit/537.36 (KHTML, like Gecko) Chrome/90.0.4430.85 Safari/537.36"
216.73.217.99 - - [09/May/2026:11:13:15 -0300] "GET /wp-includes/css/media-views.min.css HTTP/2.0" 200 8278 "-" "Mozilla/5.0 AppleWebKit/537.36 (KHTML, like Gecko; compatible; ClaudeBot/1.0; +claudebot@anthropic.com)"
20.89.65.134 - - [09/May/2026:11:13:19 -0300] "GET /wp-admin/maint/ HTTP/1.1" 200 379 "binance.com" "Mozilla/5.0 (Windows NT 10.0; Win64; x64) AppleWebKit/537.36 (KHTML, like Gecko) Chrome/90.0.4430.85 Safari/537.36"
216.73.217.99 - - [09/May/2026:11:13:20 -0300] "GET /wp-includes/widgets/class-wp-widget-calendar.php HTTP/2.0" 500 1 "-" "Mozilla/5.0 AppleWebKit/537.36 (KHTML, like Gecko; compatible; ClaudeBot/1.0; +claudebot@anthropic.com)"
216.73.217.99 - - [09/May/2026:11:13:23 -0300] "GET /wp-includes/html-api/?C=N&O=D HTTP/2.0" 200 553 "-" "Mozilla/5.0 AppleWebKit/537.36 (KHTML, like Gecko; compatible; ClaudeBot/1.0; +claudebot@anthropic.com)"
216.73.217.99 - - [09/May/2026:11:13:28 -0300] "GET /a67.php?path=%2Fhome%2Fssan4778%2Fpublic_html%2Fwp-content%2Fuploads%2Fwpcode HTTP/2.0" 200 1210 "-" "Mozilla/5.0 AppleWebKit/537.36 (KHTML, like Gecko; compatible; ClaudeBot/1.0; +claudebot@anthropic.com)"
216.73.217.99 - - [09/May/2026:11:13:33 -0300] "GET /wp-includes/block-patterns/social-links-shared-background-color.php HTTP/2.0" 500 1 "-" "Mozilla/5.0 AppleWebKit/537.36 (KHTML, like Gecko; compatible; ClaudeBot/1.0; +claudebot@anthropic.com)"
216.73.217.99 - - [09/May/2026:11:13:38 -0300] "GET /wp-includes/sitemaps/class-wp-sitemaps-registry.php HTTP/2.0" 200 1 "-" "Mozilla/5.0 AppleWebKit/537.36 (KHTML, like Gecko; compatible; ClaudeBot/1.0; +claudebot@anthropic.com)"
20.89.65.134 - - [09/May/2026:11:13:40 -0300] "GET /wp-admin/network/ HTTP/1.1" 302 - "binance.com" "Mozilla/5.0 (Windows NT 10.0; Win64; x64) AppleWebKit/537.36 (KHTML, like Gecko) Chrome/90.0.4430.85 Safari/537.36"
216.73.217.99 - - [09/May/2026:11:13:43 -0300] "GET /wp-includes/block-bindings/post-meta.php HTTP/2.0" 500 1 "-" "Mozilla/5.0 AppleWebKit/537.36 (KHTML, like Gecko; compatible; ClaudeBot/1.0; +claudebot@anthropic.com)"
216.73.217.99 - - [09/May/2026:11:13:48 -0300] "GET /wp-includes/css/buttons-rtl.min.css HTTP/2.0" 200 1275 "-" "Mozilla/5.0 AppleWebKit/537.36 (KHTML, like Gecko; compatible; ClaudeBot/1.0; +claudebot@anthropic.com)"
20.89.65.134 - - [09/May/2026:11:13:47 -0300] "GET /wp-login.php?redirect_to=https%3A%2F%2Fsanhouse.com.br%2Fwp-admin%2Fnetwork%2F&reauth=1 HTTP/1.1" 200 3107 "binance.com" "Mozilla/5.0 (Windows NT 10.0; Win64; x64) AppleWebKit/537.36 (KHTML, like Gecko) Chrome/90.0.4430.85 Safari/537.36"
216.73.217.99 - - [09/May/2026:11:13:53 -0300] "GET /wp-includes/widgets/class-wp-widget-media.php HTTP/2.0" 500 1 "-" "Mozilla/5.0 AppleWebKit/537.36 (KHTML, like Gecko; compatible; ClaudeBot/1.0; +claudebot@anthropic.com)"
216.73.217.99 - - [09/May/2026:11:13:58 -0300] "GET /wp-includes/class-wp-block-supports.php HTTP/2.0" 200 1 "-" "Mozilla/5.0 AppleWebKit/537.36 (KHTML, like Gecko; compatible; ClaudeBot/1.0; +claudebot@anthropic.com)"
20.89.65.134 - - [09/May/2026:11:13:57 -0300] "GET /wp-admin/user/ HTTP/1.1" 302 - "binance.com" "Mozilla/5.0 (Windows NT 10.0; Win64; x64) AppleWebKit/537.36 (KHTML, like Gecko) Chrome/90.0.4430.85 Safari/537.36"
20.89.65.134 - - [09/May/2026:11:14:02 -0300] "GET /wp-login.php?redirect_to=https%3A%2F%2Fsanhouse.com.br%2Fwp-admin%2Fuser%2F&reauth=1 HTTP/1.1" 200 3103 "binance.com" "Mozilla/5.0 (Windows NT 10.0; Win64; x64) AppleWebKit/537.36 (KHTML, like Gecko) Chrome/90.0.4430.85 Safari/537.36"
216.73.217.99 - - [09/May/2026:11:14:04 -0300] "GET /wp-includes/block-patterns/?C=D&O=A HTTP/2.0" 200 426 "-" "Mozilla/5.0 AppleWebKit/537.36 (KHTML, like Gecko; compatible; ClaudeBot/1.0; +claudebot@anthropic.com)"
216.73.217.99 - - [09/May/2026:11:14:08 -0300] "GET /wp-includes/css/?C=D&O=A HTTP/2.0" 200 887 "-" "Mozilla/5.0 AppleWebKit/537.36 (KHTML, like Gecko; compatible; ClaudeBot/1.0; +claudebot@anthropic.com)"
20.89.65.134 - - [09/May/2026:11:14:10 -0300] "GET /wp-admin/css/ HTTP/1.1" 200 1673 "binance.com" "Mozilla/5.0 (Windows NT 10.0; Win64; x64) AppleWebKit/537.36 (KHTML, like Gecko) Chrome/90.0.4430.85 Safari/537.36"
216.73.217.99 - - [09/May/2026:11:14:13 -0300] "GET /wp-includes/php-compat/?C=S&O=A HTTP/2.0" 200 302 "-" "Mozilla/5.0 AppleWebKit/537.36 (KHTML, like Gecko; compatible; ClaudeBot/1.0; +claudebot@anthropic.com)"
216.73.217.99 - - [09/May/2026:11:14:18 -0300] "GET /wp-includes/block-patterns/?C=M&O=A HTTP/2.0" 200 426 "-" "Mozilla/5.0 AppleWebKit/537.36 (KHTML, like Gecko; compatible; ClaudeBot/1.0; +claudebot@anthropic.com)"
20.89.65.134 - - [09/May/2026:11:14:21 -0300] "GET /wp-admin/css/colors/ HTTP/1.1" 200 557 "binance.com" "Mozilla/5.0 (Windows NT 10.0; Win64; x64) AppleWebKit/537.36 (KHTML, like Gecko) Chrome/90.0.4430.85 Safari/537.36"
216.73.217.99 - - [09/May/2026:11:14:22 -0300] "GET /a67.php?path=%2Fhome%2Fssan4778%2Fpublic_html%2Fwp-content%2Fuploads%2F2022 HTTP/2.0" 200 1272 "-" "Mozilla/5.0 AppleWebKit/537.36 (KHTML, like Gecko; compatible; ClaudeBot/1.0; +claudebot@anthropic.com)"
216.73.217.99 - - [09/May/2026:11:14:27 -0300] "GET /a67.php?path=%2Fhome%2Fssan4778%2Fpublic_html%2Fwp-content%2Fuploads%2Felementor HTTP/2.0" 200 1225 "-" "Mozilla/5.0 AppleWebKit/537.36 (KHTML, like Gecko; compatible; ClaudeBot/1.0; +claudebot@anthropic.com)"
216.73.217.99 - - [09/May/2026:11:14:32 -0300] "GET /a67.php?path=%2Fhome%2Fssan4778%2Fpublic_html%2Fwp-content%2Flanguages%2Fthemes HTTP/2.0" 200 1652 "-" "Mozilla/5.0 AppleWebKit/537.36 (KHTML, like Gecko; compatible; ClaudeBot/1.0; +claudebot@anthropic.com)"
20.89.65.134 - - [09/May/2026:11:14:34 -0300] "GET /wp-admin/css/colors/blue/ HTTP/1.1" 200 436 "binance.com" "Mozilla/5.0 (Windows NT 10.0; Win64; x64) AppleWebKit/537.36 (KHTML, like Gecko) Chrome/90.0.4430.85 Safari/537.36"
216.73.217.99 - - [09/May/2026:11:14:37 -0300] "GET /wp-includes/theme-compat/?C=S&O=A HTTP/2.0" 200 455 "-" "Mozilla/5.0 AppleWebKit/537.36 (KHTML, like Gecko; compatible; ClaudeBot/1.0; +claudebot@anthropic.com)"
216.73.217.99 - - [09/May/2026:11:14:42 -0300] "GET /wp-includes/theme-compat/?C=D&O=A HTTP/2.0" 200 456 "-" "Mozilla/5.0 AppleWebKit/537.36 (KHTML, like Gecko; compatible; ClaudeBot/1.0; +claudebot@anthropic.com)"
216.73.217.99 - - [09/May/2026:11:14:47 -0300] "GET /wp-includes/SimplePie/?C=S&O=A HTTP/2.0" 200 348 "-" "Mozilla/5.0 AppleWebKit/537.36 (KHTML, like Gecko; compatible; ClaudeBot/1.0; +claudebot@anthropic.com)"
216.73.217.99 - - [09/May/2026:11:14:52 -0300] "GET /wp-includes/theme-compat/?C=M&O=A HTTP/2.0" 200 458 "-" "Mozilla/5.0 AppleWebKit/537.36 (KHTML, like Gecko; compatible; ClaudeBot/1.0; +claudebot@anthropic.com)"
91.92.243.238 - - [09/May/2026:11:14:52 -0300] "POST /wp-login.php HTTP/1.1" 503 19174 "-" "Mozilla/5.0"
216.73.217.99 - - [09/May/2026:11:14:57 -0300] "GET /wp-includes/SimplePie/?C=D&O=A HTTP/2.0" 200 348 "-" "Mozilla/5.0 AppleWebKit/537.36 (KHTML, like Gecko; compatible; ClaudeBot/1.0; +claudebot@anthropic.com)"
20.89.65.134 - - [09/May/2026:11:14:58 -0300] "GET /wp-admin/css/colors/coffee/ HTTP/1.1" 200 436 "binance.com" "Mozilla/5.0 (Windows NT 10.0; Win64; x64) AppleWebKit/537.36 (KHTML, like Gecko) Chrome/90.0.4430.85 Safari/537.36"
216.73.217.99 - - [09/May/2026:11:15:02 -0300] "GET /wp-includes/Requests/?C=S&O=A HTTP/2.0" 200 307 "-" "Mozilla/5.0 AppleWebKit/537.36 (KHTML, like Gecko; compatible; ClaudeBot/1.0; +claudebot@anthropic.com)"
216.73.217.99 - - [09/May/2026:11:15:07 -0300] "GET /wp-includes/?C=S&O=D HTTP/2.0" 200 4349 "-" "Mozilla/5.0 AppleWebKit/537.36 (KHTML, like Gecko; compatible; ClaudeBot/1.0; +claudebot@anthropic.com)"
20.89.65.134 - - [09/May/2026:11:15:08 -0300] "GET /wp-admin/css/colors/ectoplasm/ HTTP/1.1" 200 434 "binance.com" "Mozilla/5.0 (Windows NT 10.0; Win64; x64) AppleWebKit/537.36 (KHTML, like Gecko) Chrome/90.0.4430.85 Safari/537.36"
216.73.217.99 - - [09/May/2026:11:15:12 -0300] "GET /wp-includes/theme-compat/?C=N&O=D HTTP/2.0" 200 460 "-" "Mozilla/5.0 AppleWebKit/537.36 (KHTML, like Gecko; compatible; ClaudeBot/1.0; +claudebot@anthropic.com)"
216.73.217.99 - - [09/May/2026:11:15:17 -0300] "GET /wp-includes/SimplePie/?C=M&O=A HTTP/2.0" 200 350 "-" "Mozilla/5.0 AppleWebKit/537.36 (KHTML, like Gecko; compatible; ClaudeBot/1.0; +claudebot@anthropic.com)"
20.89.65.134 - - [09/May/2026:11:15:21 -0300] "GET /wp-admin/css/colors/light/ HTTP/1.1" 200 435 "binance.com" "Mozilla/5.0 (Windows NT 10.0; Win64; x64) AppleWebKit/537.36 (KHTML, like Gecko) Chrome/90.0.4430.85 Safari/537.36"
216.73.217.99 - - [09/May/2026:11:15:22 -0300] "GET /wp-includes/widgets/?C=S&O=A HTTP/2.0" 200 582 "-" "Mozilla/5.0 AppleWebKit/537.36 (KHTML, like Gecko; compatible; ClaudeBot/1.0; +claudebot@anthropic.com)"
216.73.217.99 - - [09/May/2026:11:15:27 -0300] "GET /wp-includes/Requests/?C=D&O=A HTTP/2.0" 200 307 "-" "Mozilla/5.0 AppleWebKit/537.36 (KHTML, like Gecko; compatible; ClaudeBot/1.0; +claudebot@anthropic.com)"
216.73.217.99 - - [09/May/2026:11:15:32 -0300] "GET /a67.php?filesrc=%2Fhome%2Fssan4778%2Fpublic_html%2Fwp-content%2Flanguages%2Fpt_BR-7f13c36c641b114bf18cd0bcc9ecc7e0.json&path=%2Fhome%2Fssan4778%2Fpublic_html%2Fwp-content%2Flanguages HTTP/2.0" 200 4873 "-" "Mozilla/5.0 AppleWebKit/537.36 (KHTML, like Gecko; compatible; ClaudeBot/1.0; +claudebot@anthropic.com)"
20.89.65.134 - - [09/May/2026:11:15:34 -0300] "GET /wp-admin/css/colors/midnight/ HTTP/1.1" 200 438 "binance.com" "Mozilla/5.0 (Windows NT 10.0; Win64; x64) AppleWebKit/537.36 (KHTML, like Gecko) Chrome/90.0.4430.85 Safari/537.36"
216.73.217.99 - - [09/May/2026:11:15:37 -0300] "GET /a67.php?filesrc=%2Fhome%2Fssan4778%2Fpublic_html%2Fwp-content%2Flanguages%2Fpt_BR-5251f7623766a714c8207c7edb938628.json&path=%2Fhome%2Fssan4778%2Fpublic_html%2Fwp-content%2Flanguages HTTP/2.0" 200 1327 "-" "Mozilla/5.0 AppleWebKit/537.36 (KHTML, like Gecko; compatible; ClaudeBot/1.0; +claudebot@anthropic.com)"
216.73.217.99 - - [09/May/2026:11:15:42 -0300] "GET /a67.php?filesrc=%2Fhome%2Fssan4778%2Fpublic_html%2Fwp-content%2Flanguages%2Fpt_BR-529362903a5a05b34b06b5e793fb4cf8.json&path=%2Fhome%2Fssan4778%2Fpublic_html%2Fwp-content%2Flanguages HTTP/2.0" 200 1350 "-" "Mozilla/5.0 AppleWebKit/537.36 (KHTML, like Gecko; compatible; ClaudeBot/1.0; +claudebot@anthropic.com)"
216.73.217.99 - - [09/May/2026:11:15:47 -0300] "GET /a67.php?filesrc=%2Fhome%2Fssan4778%2Fpublic_html%2Fwp-content%2Flanguages%2Fpt_BR-9b256ea9cd54df92095e04c76758ceb0.json&path=%2Fhome%2Fssan4778%2Fpublic_html%2Fwp-content%2Flanguages HTTP/2.0" 200 1460 "-" "Mozilla/5.0 AppleWebKit/537.36 (KHTML, like Gecko; compatible; ClaudeBot/1.0; +claudebot@anthropic.com)"
216.73.217.99 - - [09/May/2026:11:15:49 -0300] "GET /a67.php?filesrc=%2Fhome%2Fssan4778%2Fpublic_html%2Fwp-content%2Flanguages%2Fpt_BR-c31d5f185753910c14afebc6deb2ce24.json&path=%2Fhome%2Fssan4778%2Fpublic_html%2Fwp-content%2Flanguages HTTP/2.0" 200 11927 "-" "Mozilla/5.0 AppleWebKit/537.36 (KHTML, like Gecko; compatible; ClaudeBot/1.0; +claudebot@anthropic.com)"
20.89.65.134 - - [09/May/2026:11:15:52 -0300] "GET /wp-admin/css/colors/modern/ HTTP/1.1" 200 436 "binance.com" "Mozilla/5.0 (Windows NT 10.0; Win64; x64) AppleWebKit/537.36 (KHTML, like Gecko) Chrome/90.0.4430.85 Safari/537.36"
216.73.217.99 - - [09/May/2026:11:15:54 -0300] "GET /a67.php?filesrc=%2Fhome%2Fssan4778%2Fpublic_html%2Fwp-content%2Flanguages%2Fpt_BR-6025add6bde16aaeb12787d250f9b414.json&path=%2Fhome%2Fssan4778%2Fpublic_html%2Fwp-content%2Flanguages HTTP/2.0" 200 1355 "-" "Mozilla/5.0 AppleWebKit/537.36 (KHTML, like Gecko; compatible; ClaudeBot/1.0; +claudebot@anthropic.com)"
216.73.217.99 - - [09/May/2026:11:15:59 -0300] "GET /a67.php?filesrc=%2Fhome%2Fssan4778%2Fpublic_html%2Fwp-content%2Flanguages%2Fpt_BR-803bf1ce2131e13efc590c1bc47851fc.json&path=%2Fhome%2Fssan4778%2Fpublic_html%2Fwp-content%2Flanguages HTTP/2.0" 200 13223 "-" "Mozilla/5.0 AppleWebKit/537.36 (KHTML, like Gecko; compatible; ClaudeBot/1.0; +claudebot@anthropic.com)"
216.73.217.99 - - [09/May/2026:11:16:04 -0300] "GET /a67.php?filesrc=%2Fhome%2Fssan4778%2Fpublic_html%2Fwp-content%2Flanguages%2Fpt_BR-ac23eee47530ac63a1178c827db28087.json&path=%2Fhome%2Fssan4778%2Fpublic_html%2Fwp-content%2Flanguages HTTP/2.0" 200 1167 "-" "Mozilla/5.0 AppleWebKit/537.36 (KHTML, like Gecko; compatible; ClaudeBot/1.0; +claudebot@anthropic.com)"
216.73.217.99 - - [09/May/2026:11:16:07 -0300] "GET /a67.php?filesrc=%2Fhome%2Fssan4778%2Fpublic_html%2Fwp-content%2Flanguages%2Fpt_BR-7233008897033de5ee0d14f86a42a65a.json&path=%2Fhome%2Fssan4778%2Fpublic_html%2Fwp-content%2Flanguages HTTP/2.0" 200 1655 "-" "Mozilla/5.0 AppleWebKit/537.36 (KHTML, like Gecko; compatible; ClaudeBot/1.0; +claudebot@anthropic.com)"
20.89.65.134 - - [09/May/2026:11:16:09 -0300] "GET /wp-admin/css/colors/ocean/ HTTP/1.1" 200 440 "binance.com" "Mozilla/5.0 (Windows NT 10.0; Win64; x64) AppleWebKit/537.36 (KHTML, like Gecko) Chrome/90.0.4430.85 Safari/537.36"
216.73.217.99 - - [09/May/2026:11:16:12 -0300] "GET /06052021/images2/a-empresa_49.jpg HTTP/2.0" 200 686 "-" "Mozilla/5.0 AppleWebKit/537.36 (KHTML, like Gecko; compatible; ClaudeBot/1.0; +claudebot@anthropic.com)"
216.73.217.99 - - [09/May/2026:11:16:17 -0300] "GET /a67.php?filesrc=%2Fhome%2Fssan4778%2Fpublic_html%2Fwp-content%2Flanguages%2Fpt_BR-f8f49d9fc4a9cf7d78ec99285417bd9c.json&path=%2Fhome%2Fssan4778%2Fpublic_html%2Fwp-content%2Flanguages HTTP/2.0" 200 22380 "-" "Mozilla/5.0 AppleWebKit/537.36 (KHTML, like Gecko; compatible; ClaudeBot/1.0; +claudebot@anthropic.com)"
216.73.217.99 - - [09/May/2026:11:16:22 -0300] "GET /a67.php?filesrc=%2Fhome%2Fssan4778%2Fpublic_html%2Fwp-content%2Flanguages%2Fpt_BR-9d47a87c240c1d10701cd6a02b28aa1b.json&path=%2Fhome%2Fssan4778%2Fpublic_html%2Fwp-content%2Flanguages HTTP/2.0" 200 1217 "-" "Mozilla/5.0 AppleWebKit/537.36 (KHTML, like Gecko; compatible; ClaudeBot/1.0; +claudebot@anthropic.com)"
20.89.65.134 - - [09/May/2026:11:16:32 -0300] "GET /wp-admin/css/colors/sunrise/%20 HTTP/1.1" 404 - "binance.com" "Mozilla/5.0 (Windows NT 10.0; Win64; x64) AppleWebKit/537.36 (KHTML, like Gecko) Chrome/90.0.4430.85 Safari/537.36"
216.73.217.99 - - [09/May/2026:11:16:32 -0300] "GET /a67.php?filesrc=%2Fhome%2Fssan4778%2Fpublic_html%2Fwp-content%2Flanguages%2Fpt_BR-0eebe503220d4a00341eb011b92769b4.json&path=%2Fhome%2Fssan4778%2Fpublic_html%2Fwp-content%2Flanguages HTTP/2.0" 200 1290 "-" "Mozilla/5.0 AppleWebKit/537.36 (KHTML, like Gecko; compatible; ClaudeBot/1.0; +claudebot@anthropic.com)"
216.73.217.99 - - [09/May/2026:11:16:37 -0300] "GET /a67.php?filesrc=%2Fhome%2Fssan4778%2Fpublic_html%2Fwp-content%2Flanguages%2Fpt_BR-daeb084aab42199d26393a56c3465bc0.json&path=%2Fhome%2Fssan4778%2Fpublic_html%2Fwp-content%2Flanguages HTTP/2.0" 200 1519 "-" "Mozilla/5.0 AppleWebKit/537.36 (KHTML, like Gecko; compatible; ClaudeBot/1.0; +claudebot@anthropic.com)"
216.73.217.99 - - [09/May/2026:11:16:42 -0300] "GET /a67.php?filesrc=%2Fhome%2Fssan4778%2Fpublic_html%2Fwp-content%2Flanguages%2Fpt_BR-270d72d1cff17227d37f3244759cbecb.json&path=%2Fhome%2Fssan4778%2Fpublic_html%2Fwp-content%2Flanguages HTTP/2.0" 200 1287 "-" "Mozilla/5.0 AppleWebKit/537.36 (KHTML, like Gecko; compatible; ClaudeBot/1.0; +claudebot@anthropic.com)"
20.89.65.134 - - [09/May/2026:11:16:49 -0300] "GET /wp-admin/images/ HTTP/1.1" 200 1737 "binance.com" "Mozilla/5.0 (Windows NT 10.0; Win64; x64) AppleWebKit/537.36 (KHTML, like Gecko) Chrome/90.0.4430.85 Safari/537.36"
216.73.217.99 - - [09/May/2026:11:16:52 -0300] "GET /a67.php?filesrc=%2Fhome%2Fssan4778%2Fpublic_html%2Fwp-content%2Flanguages%2Fpt_BR-50278328b502f4eb3f2b8b7ab49324a1.json&path=%2Fhome%2Fssan4778%2Fpublic_html%2Fwp-content%2Flanguages HTTP/2.0" 200 1346 "-" "Mozilla/5.0 AppleWebKit/537.36 (KHTML, like Gecko; compatible; ClaudeBot/1.0; +claudebot@anthropic.com)"
216.73.217.99 - - [09/May/2026:11:16:57 -0300] "GET /a67.php?filesrc=%2Fhome%2Fssan4778%2Fpublic_html%2Fwp-content%2Flanguages%2Fpt_BR-8860e58c20c6a2ab5876a0f07be43bd9.json&path=%2Fhome%2Fssan4778%2Fpublic_html%2Fwp-content%2Flanguages HTTP/2.0" 200 2915 "-" "Mozilla/5.0 AppleWebKit/537.36 (KHTML, like Gecko; compatible; ClaudeBot/1.0; +claudebot@anthropic.com)"
20.89.65.134 - - [09/May/2026:11:16:57 -0300] "GET /wp-admin/js/ HTTP/1.1" 200 1917 "binance.com" "Mozilla/5.0 (Windows NT 10.0; Win64; x64) AppleWebKit/537.36 (KHTML, like Gecko) Chrome/90.0.4430.85 Safari/537.36"
216.73.217.99 - - [09/May/2026:11:17:02 -0300] "GET /a67.php?filesrc=%2Fhome%2Fssan4778%2Fpublic_html%2Fwp-content%2Flanguages%2Fpt_BR-1d17475f620f63a92e2c5d2681c51ee8.json&path=%2Fhome%2Fssan4778%2Fpublic_html%2Fwp-content%2Flanguages HTTP/2.0" 200 1365 "-" "Mozilla/5.0 AppleWebKit/537.36 (KHTML, like Gecko; compatible; ClaudeBot/1.0; +claudebot@anthropic.com)"
20.89.65.134 - - [09/May/2026:11:17:17 -0300] "GET /wp-admin/js/widgets/ HTTP/1.1" 200 606 "binance.com" "Mozilla/5.0 (Windows NT 10.0; Win64; x64) AppleWebKit/537.36 (KHTML, like Gecko) Chrome/90.0.4430.85 Safari/537.36"
216.73.217.99 - - [09/May/2026:11:17:17 -0300] "GET /a67.php?filesrc=%2Fhome%2Fssan4778%2Fpublic_html%2Fwp-content%2Flanguages%2Fpt_BR-8240df461220d1d3a028a9a4c5652a5b.json&path=%2Fhome%2Fssan4778%2Fpublic_html%2Fwp-content%2Flanguages HTTP/2.0" 200 1494 "-" "Mozilla/5.0 AppleWebKit/537.36 (KHTML, like Gecko; compatible; ClaudeBot/1.0; +claudebot@anthropic.com)"
216.73.217.99 - - [09/May/2026:11:17:22 -0300] "GET /a67.php?filesrc=%2Fhome%2Fssan4778%2Fpublic_html%2Fwp-content%2Flanguages%2Fpt_BR-4bfa11da57ff2600004bb500368247f4.json&path=%2Fhome%2Fssan4778%2Fpublic_html%2Fwp-content%2Flanguages HTTP/2.0" 200 1315 "-" "Mozilla/5.0 AppleWebKit/537.36 (KHTML, like Gecko; compatible; ClaudeBot/1.0; +claudebot@anthropic.com)"
20.89.65.134 - - [09/May/2026:11:17:26 -0300] "GET /wp-includes/ HTTP/1.1" 200 4554 "binance.com" "Mozilla/5.0 (Windows NT 10.0; Win64; x64) AppleWebKit/537.36 (KHTML, like Gecko) Chrome/90.0.4430.85 Safari/537.36"
216.73.217.99 - - [09/May/2026:11:17:27 -0300] "GET /wp-includes/pomo/translations.php HTTP/2.0" 200 1 "-" "Mozilla/5.0 AppleWebKit/537.36 (KHTML, like Gecko; compatible; ClaudeBot/1.0; +claudebot@anthropic.com)"
216.73.217.99 - - [09/May/2026:11:17:31 -0300] "GET /wp-includes/class-wp-recovery-mode-cookie-service.php HTTP/2.0" 200 1 "-" "Mozilla/5.0 AppleWebKit/537.36 (KHTML, like Gecko; compatible; ClaudeBot/1.0; +claudebot@anthropic.com)"
216.73.217.99 - - [09/May/2026:11:17:36 -0300] "GET /wp-includes/images/icon-pointer-flag.png HTTP/2.0" 200 783 "-" "Mozilla/5.0 AppleWebKit/537.36 (KHTML, like Gecko; compatible; ClaudeBot/1.0; +claudebot@anthropic.com)"
20.89.65.134 - - [09/May/2026:11:17:37 -0300] "GET /wp-includes/ HTTP/1.1" 200 4554 "binance.com" "Mozilla/5.0 (Windows NT 10.0; Win64; x64) AppleWebKit/537.36 (KHTML, like Gecko) Chrome/90.0.4430.85 Safari/537.36"
216.73.217.99 - - [09/May/2026:11:17:41 -0300] "GET /wp-includes/class-wp-recovery-mode-key-service.php HTTP/2.0" 200 1 "-" "Mozilla/5.0 AppleWebKit/537.36 (KHTML, like Gecko; compatible; ClaudeBot/1.0; +claudebot@anthropic.com)"
216.73.217.99 - - [09/May/2026:11:17:44 -0300] "GET /wp-includes/images/toggle-arrow.png HTTP/2.0" 200 289 "-" "Mozilla/5.0 AppleWebKit/537.36 (KHTML, like Gecko; compatible; ClaudeBot/1.0; +claudebot@anthropic.com)"
20.89.65.134 - - [09/May/2026:11:17:45 -0300] "GET /wp-includes/block-bindings.php HTTP/1.1" 200 - "binance.com" "Mozilla/5.0 (Windows NT 10.0; Win64; x64) AppleWebKit/537.36 (KHTML, like Gecko) Chrome/90.0.4430.85 Safari/537.36"
216.73.217.99 - - [09/May/2026:11:17:52 -0300] "GET /wp-includes/images/crystal/ HTTP/2.0" 200 464 "-" "Mozilla/5.0 AppleWebKit/537.36 (KHTML, like Gecko; compatible; ClaudeBot/1.0; +claudebot@anthropic.com)"
20.89.65.134 - - [09/May/2026:11:17:53 -0300] "GET /wp-includes/block-editor.php HTTP/1.1" 200 - "binance.com" "Mozilla/5.0 (Windows NT 10.0; Win64; x64) AppleWebKit/537.36 (KHTML, like Gecko) Chrome/90.0.4430.85 Safari/537.36"
216.73.217.99 - - [09/May/2026:11:17:57 -0300] "GET /wp-includes/ID3/readme.txt HTTP/2.0" 200 9933 "-" "Mozilla/5.0 AppleWebKit/537.36 (KHTML, like Gecko; compatible; ClaudeBot/1.0; +claudebot@anthropic.com)"
20.89.65.134 - - [09/May/2026:11:18:02 -0300] "GET /wp-includes/block-template-utils.php HTTP/1.1" 200 - "binance.com" "Mozilla/5.0 (Windows NT 10.0; Win64; x64) AppleWebKit/537.36 (KHTML, like Gecko) Chrome/90.0.4430.85 Safari/537.36"
216.73.217.99 - - [09/May/2026:11:18:07 -0300] "GET /wp-includes/images/arrow-pointer-blue.png HTTP/2.0" 200 793 "-" "Mozilla/5.0 AppleWebKit/537.36 (KHTML, like Gecko; compatible; ClaudeBot/1.0; +claudebot@anthropic.com)"
216.73.217.99 - - [09/May/2026:11:18:12 -0300] "GET /wp-includes/class-wp-classic-to-block-menu-converter.php HTTP/2.0" 200 1 "-" "Mozilla/5.0 AppleWebKit/537.36 (KHTML, like Gecko; compatible; ClaudeBot/1.0; +claudebot@anthropic.com)"
20.89.65.134 - - [09/May/2026:11:18:13 -0300] "GET /wp-includes/block-template.php HTTP/1.1" 200 - "binance.com" "Mozilla/5.0 (Windows NT 10.0; Win64; x64) AppleWebKit/537.36 (KHTML, like Gecko) Chrome/90.0.4430.85 Safari/537.36"
216.73.217.99 - - [09/May/2026:11:18:17 -0300] "GET /wp-includes/images/media/ HTTP/2.0" 200 529 "-" "Mozilla/5.0 AppleWebKit/537.36 (KHTML, like Gecko; compatible; ClaudeBot/1.0; +claudebot@anthropic.com)"
216.73.217.99 - - [09/May/2026:11:18:22 -0300] "GET /wp-includes/fonts/dashicons.eot HTTP/2.0" 200 31284 "-" "Mozilla/5.0 AppleWebKit/537.36 (KHTML, like Gecko; compatible; ClaudeBot/1.0; +claudebot@anthropic.com)"
20.89.65.134 - - [09/May/2026:11:18:24 -0300] "GET /wp-includes/class-avif-info.php HTTP/1.1" 200 - "binance.com" "Mozilla/5.0 (Windows NT 10.0; Win64; x64) AppleWebKit/537.36 (KHTML, like Gecko) Chrome/90.0.4430.85 Safari/537.36"
216.73.217.99 - - [09/May/2026:11:18:46 -0300] "GET /wp-includes/pomo/?C=D&O=D HTTP/2.0" 200 374 "-" "Mozilla/5.0 AppleWebKit/537.36 (KHTML, like Gecko; compatible; ClaudeBot/1.0; +claudebot@anthropic.com)"
20.89.65.134 - - [09/May/2026:11:18:47 -0300] "GET /wp-includes/class-wp-block-bindings-registry.php HTTP/1.1" 200 - "binance.com" "Mozilla/5.0 (Windows NT 10.0; Win64; x64) AppleWebKit/537.36 (KHTML, like Gecko) Chrome/90.0.4430.85 Safari/537.36"
216.73.217.99 - - [09/May/2026:11:18:49 -0300] "GET /wp-includes/pomo/?C=M&O=A HTTP/2.0" 200 378 "-" "Mozilla/5.0 AppleWebKit/537.36 (KHTML, like Gecko; compatible; ClaudeBot/1.0; +claudebot@anthropic.com)"
216.73.217.99 - - [09/May/2026:11:18:54 -0300] "GET /wp-includes/pomo/?C=N&O=D HTTP/2.0" 200 374 "-" "Mozilla/5.0 AppleWebKit/537.36 (KHTML, like Gecko; compatible; ClaudeBot/1.0; +claudebot@anthropic.com)"
20.89.65.134 - - [09/May/2026:11:18:55 -0300] "GET /wp-includes/class-wp-block-bindings-source.php HTTP/1.1" 200 - "binance.com" "Mozilla/5.0 (Windows NT 10.0; Win64; x64) AppleWebKit/537.36 (KHTML, like Gecko) Chrome/90.0.4430.85 Safari/537.36"
216.73.217.99 - - [09/May/2026:11:19:00 -0300] "GET /sanitizacao/?C=D&O=D HTTP/2.0" 200 291 "-" "Mozilla/5.0 AppleWebKit/537.36 (KHTML, like Gecko; compatible; ClaudeBot/1.0; +claudebot@anthropic.com)"
216.73.217.99 - - [09/May/2026:11:19:03 -0300] "GET /wp-includes/class-wp-recovery-mode-email-service.php HTTP/2.0" 200 1 "-" "Mozilla/5.0 AppleWebKit/537.36 (KHTML, like Gecko; compatible; ClaudeBot/1.0; +claudebot@anthropic.com)"
20.89.65.134 - - [09/May/2026:11:19:04 -0300] "GET /wp-includes/class-wp-block-editor-context.php HTTP/1.1" 200 - "binance.com" "Mozilla/5.0 (Windows NT 10.0; Win64; x64) AppleWebKit/537.36 (KHTML, like Gecko) Chrome/90.0.4430.85 Safari/537.36"
216.73.217.99 - - [09/May/2026:11:19:11 -0300] "GET /wp-includes/pomo/?C=N&O=A HTTP/2.0" 200 376 "-" "Mozilla/5.0 AppleWebKit/537.36 (KHTML, like Gecko; compatible; ClaudeBot/1.0; +claudebot@anthropic.com)"
216.73.217.99 - - [09/May/2026:11:19:17 -0300] "GET /sanitizacao/?C=S&O=D HTTP/2.0" 200 291 "-" "Mozilla/5.0 AppleWebKit/537.36 (KHTML, like Gecko; compatible; ClaudeBot/1.0; +claudebot@anthropic.com)"
91.92.243.238 - - [09/May/2026:11:19:18 -0300] "POST /wp-login.php HTTP/1.1" 503 19798 "-" "Mozilla/5.0"
20.89.65.134 - - [09/May/2026:11:19:28 -0300] "GET /wp-includes/class-wp-block-metadata-registry.php HTTP/1.1" 200 - "binance.com" "Mozilla/5.0 (Windows NT 10.0; Win64; x64) AppleWebKit/537.36 (KHTML, like Gecko) Chrome/90.0.4430.85 Safari/537.36"
216.73.217.99 - - [09/May/2026:11:19:36 -0300] "GET /sanitizacao/?C=N&O=D HTTP/2.0" 200 291 "-" "Mozilla/5.0 AppleWebKit/537.36 (KHTML, like Gecko; compatible; ClaudeBot/1.0; +claudebot@anthropic.com)"
20.89.65.134 - - [09/May/2026:11:19:38 -0300] "GET /wp-includes/class-wp-block-parser-block.php HTTP/1.1" 200 - "binance.com" "Mozilla/5.0 (Windows NT 10.0; Win64; x64) AppleWebKit/537.36 (KHTML, like Gecko) Chrome/90.0.4430.85 Safari/537.36"
216.73.217.99 - - [09/May/2026:11:19:43 -0300] "GET /sanitizacao/?C=M&O=A HTTP/2.0" 200 294 "-" "Mozilla/5.0 AppleWebKit/537.36 (KHTML, like Gecko; compatible; ClaudeBot/1.0; +claudebot@anthropic.com)"
20.89.65.134 - - [09/May/2026:11:19:47 -0300] "GET /wp-includes/class-wp-block-parser-frame.php HTTP/1.1" 200 - "binance.com" "Mozilla/5.0 (Windows NT 10.0; Win64; x64) AppleWebKit/537.36 (KHTML, like Gecko) Chrome/90.0.4430.85 Safari/537.36"
20.89.65.134 - - [09/May/2026:11:19:57 -0300] "GET /wp-includes/class-wp-block-template.php HTTP/1.1" 200 - "binance.com" "Mozilla/5.0 (Windows NT 10.0; Win64; x64) AppleWebKit/537.36 (KHTML, like Gecko) Chrome/90.0.4430.85 Safari/537.36"
20.89.65.134 - - [09/May/2026:11:20:05 -0300] "GET /wp-includes/class-wp-block-templates-registry.php HTTP/1.1" 200 - "binance.com" "Mozilla/5.0 (Windows NT 10.0; Win64; x64) AppleWebKit/537.36 (KHTML, like Gecko) Chrome/90.0.4430.85 Safari/537.36"
216.73.217.99 - - [09/May/2026:11:20:11 -0300] "GET /sanitizacao/?C=N&O=A HTTP/2.0" 200 292 "-" "Mozilla/5.0 AppleWebKit/537.36 (KHTML, like Gecko; compatible; ClaudeBot/1.0; +claudebot@anthropic.com)"
20.89.65.134 - - [09/May/2026:11:20:17 -0300] "GET /wp-includes/class-wp-classic-to-block-menu-converter.php HTTP/1.1" 200 - "binance.com" "Mozilla/5.0 (Windows NT 10.0; Win64; x64) AppleWebKit/537.36 (KHTML, like Gecko) Chrome/90.0.4430.85 Safari/537.36"
216.73.217.99 - - [09/May/2026:11:20:25 -0300] "GET /wp-includes/fonts/dashicons.woff2 HTTP/2.0" 200 26131 "-" "Mozilla/5.0 AppleWebKit/537.36 (KHTML, like Gecko; compatible; ClaudeBot/1.0; +claudebot@anthropic.com)"
216.73.217.99 - - [09/May/2026:11:20:30 -0300] "GET /06052021/images2/plus.png HTTP/2.0" 200 1248 "-" "Mozilla/5.0 AppleWebKit/537.36 (KHTML, like Gecko; compatible; ClaudeBot/1.0; +claudebot@anthropic.com)"
20.89.65.134 - - [09/May/2026:11:20:31 -0300] "GET /wp-includes/class-wp-dependencies.php HTTP/1.1" 200 - "binance.com" "Mozilla/5.0 (Windows NT 10.0; Win64; x64) AppleWebKit/537.36 (KHTML, like Gecko) Chrome/90.0.4430.85 Safari/537.36"
