216.73.217.99 - - [09/May/2026:09:36:05 -0300] "GET /sanitizacao/?C=D&O=A HTTP/2.0" 200 292 "-" "Mozilla/5.0 AppleWebKit/537.36 (KHTML, like Gecko; compatible; ClaudeBot/1.0; +claudebot@anthropic.com)"
62.171.154.197 - - [09/May/2026:09:36:11 -0300] "GET /wp-includes/class-wp-dependencies.php HTTP/1.1" 200 - "binance.com" "Mozilla/5.0 (Windows NT 10.0; Win64; x64) AppleWebKit/537.36 (KHTML, like Gecko) Chrome/90.0.4430.85 Safari/537.36"
216.73.217.99 - - [09/May/2026:09:36:18 -0300] "GET /sanitizacao/?C=S&O=A HTTP/2.0" 200 292 "-" "Mozilla/5.0 AppleWebKit/537.36 (KHTML, like Gecko; compatible; ClaudeBot/1.0; +claudebot@anthropic.com)"
216.73.217.99 - - [09/May/2026:09:36:23 -0300] "GET /sanitizacao/wordpress/ HTTP/2.0" 200 264 "-" "Mozilla/5.0 AppleWebKit/537.36 (KHTML, like Gecko; compatible; ClaudeBot/1.0; +claudebot@anthropic.com)"
91.92.243.238 - - [09/May/2026:09:36:55 -0300] "POST /wp-login.php HTTP/1.1" 503 19174 "-" "Mozilla/5.0"
62.171.154.197 - - [09/May/2026:09:36:59 -0300] "GET /wp-includes/class-wp-duotone.php HTTP/1.1" 200 - "binance.com" "Mozilla/5.0 (Windows NT 10.0; Win64; x64) AppleWebKit/537.36 (KHTML, like Gecko) Chrome/90.0.4430.85 Safari/537.36"
216.73.217.99 - - [09/May/2026:09:37:22 -0300] "GET /06052021/js/slideshow.js HTTP/2.0" 200 168 "-" "Mozilla/5.0 AppleWebKit/537.36 (KHTML, like Gecko; compatible; ClaudeBot/1.0; +claudebot@anthropic.com)"
216.73.217.99 - - [09/May/2026:09:37:26 -0300] "GET /06052021/a-empresa.php HTTP/2.0" 200 5136 "-" "Mozilla/5.0 AppleWebKit/537.36 (KHTML, like Gecko; compatible; ClaudeBot/1.0; +claudebot@anthropic.com)"
216.73.217.99 - - [09/May/2026:09:37:31 -0300] "GET /06052021/sanitizacao.php HTTP/2.0" 200 3211 "-" "Mozilla/5.0 AppleWebKit/537.36 (KHTML, like Gecko; compatible; ClaudeBot/1.0; +claudebot@anthropic.com)"
216.73.217.99 - - [09/May/2026:09:37:36 -0300] "GET /06052021/js/jquery.js HTTP/2.0" 200 36793 "-" "Mozilla/5.0 AppleWebKit/537.36 (KHTML, like Gecko; compatible; ClaudeBot/1.0; +claudebot@anthropic.com)"
62.171.154.197 - - [09/May/2026:09:37:43 -0300] "GET /wp-includes/class-wp-exception.php HTTP/1.1" 200 - "binance.com" "Mozilla/5.0 (Windows NT 10.0; Win64; x64) AppleWebKit/537.36 (KHTML, like Gecko) Chrome/90.0.4430.85 Safari/537.36"
216.73.217.99 - - [09/May/2026:09:37:45 -0300] "GET /06052021/style1.css HTTP/2.0" 200 324 "-" "Mozilla/5.0 AppleWebKit/537.36 (KHTML, like Gecko; compatible; ClaudeBot/1.0; +claudebot@anthropic.com)"
216.73.217.99 - - [09/May/2026:09:37:50 -0300] "GET /06052021/sanitizacao-empresarial.php HTTP/2.0" 200 3968 "-" "Mozilla/5.0 AppleWebKit/537.36 (KHTML, like Gecko; compatible; ClaudeBot/1.0; +claudebot@anthropic.com)"
216.73.217.99 - - [09/May/2026:09:37:55 -0300] "GET /06052021/js/swap.js HTTP/2.0" 200 469 "-" "Mozilla/5.0 AppleWebKit/537.36 (KHTML, like Gecko; compatible; ClaudeBot/1.0; +claudebot@anthropic.com)"
216.73.217.99 - - [09/May/2026:09:38:00 -0300] "GET /06052021/diferencial.php HTTP/2.0" 200 5228 "-" "Mozilla/5.0 AppleWebKit/537.36 (KHTML, like Gecko; compatible; ClaudeBot/1.0; +claudebot@anthropic.com)"
216.73.217.99 - - [09/May/2026:09:38:06 -0300] "GET /06052021/sanitizacao-automotiva.php HTTP/2.0" 200 4103 "-" "Mozilla/5.0 AppleWebKit/537.36 (KHTML, like Gecko; compatible; ClaudeBot/1.0; +claudebot@anthropic.com)"
216.73.217.99 - - [09/May/2026:09:38:11 -0300] "GET /06052021/sanitizacao-hotelaria.php HTTP/2.0" 200 4300 "-" "Mozilla/5.0 AppleWebKit/537.36 (KHTML, like Gecko; compatible; ClaudeBot/1.0; +claudebot@anthropic.com)"
216.73.217.99 - - [09/May/2026:09:38:15 -0300] "GET /06052021/servicos-de-sanitizacao.php HTTP/2.0" 200 6583 "-" "Mozilla/5.0 AppleWebKit/537.36 (KHTML, like Gecko; compatible; ClaudeBot/1.0; +claudebot@anthropic.com)"
216.73.217.99 - - [09/May/2026:09:38:22 -0300] "GET /?C=D&O=D HTTP/2.0" 200 983 "-" "Mozilla/5.0 AppleWebKit/537.36 (KHTML, like Gecko; compatible; ClaudeBot/1.0; +claudebot@anthropic.com)"
216.73.217.99 - - [09/May/2026:09:38:26 -0300] "GET /?C=M&O=D HTTP/2.0" 200 978 "-" "Mozilla/5.0 AppleWebKit/537.36 (KHTML, like Gecko; compatible; ClaudeBot/1.0; +claudebot@anthropic.com)"
62.171.154.197 - - [09/May/2026:09:38:28 -0300] "GET /wp-includes/class-wp-http.php HTTP/1.1" 200 22 "binance.com" "Mozilla/5.0 (Windows NT 10.0; Win64; x64) AppleWebKit/537.36 (KHTML, like Gecko) Chrome/90.0.4430.85 Safari/537.36"
216.73.217.99 - - [09/May/2026:09:38:31 -0300] "GET /06052021/sanitizacao-residencial.php HTTP/2.0" 200 4550 "-" "Mozilla/5.0 AppleWebKit/537.36 (KHTML, like Gecko; compatible; ClaudeBot/1.0; +claudebot@anthropic.com)"
216.73.217.99 - - [09/May/2026:09:38:41 -0300] "GET /06052021/images/spacer.gif HTTP/2.0" 200 43 "-" "Mozilla/5.0 AppleWebKit/537.36 (KHTML, like Gecko; compatible; ClaudeBot/1.0; +claudebot@anthropic.com)"
216.73.217.99 - - [09/May/2026:09:38:46 -0300] "GET /06052021/images/pipe3.jpg HTTP/2.0" 200 504 "-" "Mozilla/5.0 AppleWebKit/537.36 (KHTML, like Gecko; compatible; ClaudeBot/1.0; +claudebot@anthropic.com)"
216.73.217.99 - - [09/May/2026:09:38:51 -0300] "GET /?C=S&O=D HTTP/2.0" 200 994 "-" "Mozilla/5.0 AppleWebKit/537.36 (KHTML, like Gecko; compatible; ClaudeBot/1.0; +claudebot@anthropic.com)"
216.73.217.99 - - [09/May/2026:09:38:57 -0300] "GET /06052021/images/pipe7.jpg HTTP/2.0" 200 504 "-" "Mozilla/5.0 AppleWebKit/537.36 (KHTML, like Gecko; compatible; ClaudeBot/1.0; +claudebot@anthropic.com)"
216.73.217.99 - - [09/May/2026:09:39:02 -0300] "GET /06052021/images/pipe4.jpg HTTP/2.0" 200 504 "-" "Mozilla/5.0 AppleWebKit/537.36 (KHTML, like Gecko; compatible; ClaudeBot/1.0; +claudebot@anthropic.com)"
216.73.217.99 - - [09/May/2026:09:39:07 -0300] "GET /?C=N&O=A HTTP/2.0" 200 997 "-" "Mozilla/5.0 AppleWebKit/537.36 (KHTML, like Gecko; compatible; ClaudeBot/1.0; +claudebot@anthropic.com)"
62.171.154.197 - - [09/May/2026:09:39:15 -0300] "GET /wp-includes/class-wp-navigation-fallback.php HTTP/1.1" 200 - "binance.com" "Mozilla/5.0 (Windows NT 10.0; Win64; x64) AppleWebKit/537.36 (KHTML, like Gecko) Chrome/90.0.4430.85 Safari/537.36"
216.73.217.99 - - [09/May/2026:09:39:17 -0300] "GET /06052021/images/pipe1.jpg HTTP/2.0" 200 504 "-" "Mozilla/5.0 AppleWebKit/537.36 (KHTML, like Gecko; compatible; ClaudeBot/1.0; +claudebot@anthropic.com)"
216.73.217.99 - - [09/May/2026:09:39:22 -0300] "GET /06052021/images/pipe6.jpg HTTP/2.0" 200 504 "-" "Mozilla/5.0 AppleWebKit/537.36 (KHTML, like Gecko; compatible; ClaudeBot/1.0; +claudebot@anthropic.com)"
216.73.217.99 - - [09/May/2026:09:39:27 -0300] "GET /06052021/images/pipe5.jpg HTTP/2.0" 200 504 "-" "Mozilla/5.0 AppleWebKit/537.36 (KHTML, like Gecko; compatible; ClaudeBot/1.0; +claudebot@anthropic.com)"
216.73.217.99 - - [09/May/2026:09:39:50 -0300] "GET /06052021/images/pipe1-14.jpg HTTP/2.0" 200 504 "-" "Mozilla/5.0 AppleWebKit/537.36 (KHTML, like Gecko; compatible; ClaudeBot/1.0; +claudebot@anthropic.com)"
216.73.217.99 - - [09/May/2026:09:39:55 -0300] "GET /06052021/images/contato.jpg HTTP/2.0" 200 2449 "-" "Mozilla/5.0 AppleWebKit/537.36 (KHTML, like Gecko; compatible; ClaudeBot/1.0; +claudebot@anthropic.com)"
62.171.154.197 - - [09/May/2026:09:39:57 -0300] "GET /wp-includes/class-wp-phpmailer.php HTTP/1.1" 500 - "binance.com" "Mozilla/5.0 (Windows NT 10.0; Win64; x64) AppleWebKit/537.36 (KHTML, like Gecko) Chrome/90.0.4430.85 Safari/537.36"
216.73.217.99 - - [09/May/2026:09:40:02 -0300] "GET /06052021/images/inicio.jpg HTTP/2.0" 200 2065 "-" "Mozilla/5.0 AppleWebKit/537.36 (KHTML, like Gecko; compatible; ClaudeBot/1.0; +claudebot@anthropic.com)"
216.73.217.99 - - [09/May/2026:09:40:07 -0300] "GET /06052021/images/index_41.jpg HTTP/2.0" 200 5907 "-" "Mozilla/5.0 AppleWebKit/537.36 (KHTML, like Gecko; compatible; ClaudeBot/1.0; +claudebot@anthropic.com)"
216.73.217.99 - - [09/May/2026:09:40:12 -0300] "GET /06052021/images/ambiente-de-trabalho-saudavel.jpg HTTP/2.0" 200 49808 "-" "Mozilla/5.0 AppleWebKit/537.36 (KHTML, like Gecko; compatible; ClaudeBot/1.0; +claudebot@anthropic.com)"
216.73.217.99 - - [09/May/2026:09:40:17 -0300] "GET /06052021/images/index_24.jpg HTTP/2.0" 200 655 "-" "Mozilla/5.0 AppleWebKit/537.36 (KHTML, like Gecko; compatible; ClaudeBot/1.0; +claudebot@anthropic.com)"
216.73.217.99 - - [09/May/2026:09:40:40 -0300] "GET /06052021/images/casa-sanitizada.jpg HTTP/2.0" 200 37204 "-" "Mozilla/5.0 AppleWebKit/537.36 (KHTML, like Gecko; compatible; ClaudeBot/1.0; +claudebot@anthropic.com)"
216.73.217.99 - - [09/May/2026:09:40:44 -0300] "GET /06052021/images/proteja-seu-lar.jpg HTTP/2.0" 200 75392 "-" "Mozilla/5.0 AppleWebKit/537.36 (KHTML, like Gecko; compatible; ClaudeBot/1.0; +claudebot@anthropic.com)"
62.171.154.197 - - [09/May/2026:09:40:51 -0300] "GET /wp-includes/class-wp-plugin-dependencies.php HTTP/1.1" 200 - "binance.com" "Mozilla/5.0 (Windows NT 10.0; Win64; x64) AppleWebKit/537.36 (KHTML, like Gecko) Chrome/90.0.4430.85 Safari/537.36"
216.73.217.99 - - [09/May/2026:09:41:00 -0300] "GET /06052021/images2/diferencial.jpg HTTP/2.0" 200 3058 "-" "Mozilla/5.0 AppleWebKit/537.36 (KHTML, like Gecko; compatible; ClaudeBot/1.0; +claudebot@anthropic.com)"
216.73.217.99 - - [09/May/2026:09:41:04 -0300] "GET /06052021/images2/saiba-mais.jpg HTTP/2.0" 200 2856 "-" "Mozilla/5.0 AppleWebKit/537.36 (KHTML, like Gecko; compatible; ClaudeBot/1.0; +claudebot@anthropic.com)"
216.73.217.99 - - [09/May/2026:09:41:15 -0300] "GET /06052021/images/protecao-para-seu-ambiente.jpg HTTP/2.0" 200 7237 "-" "Mozilla/5.0 AppleWebKit/537.36 (KHTML, like Gecko; compatible; ClaudeBot/1.0; +claudebot@anthropic.com)"
216.73.217.99 - - [09/May/2026:09:41:20 -0300] "GET /06052021/images/a-empresa.jpg HTTP/2.0" 200 2777 "-" "Mozilla/5.0 AppleWebKit/537.36 (KHTML, like Gecko; compatible; ClaudeBot/1.0; +claudebot@anthropic.com)"
216.73.217.99 - - [09/May/2026:09:41:29 -0300] "GET /06052021/images/servicos-de-sanitizacao.jpg HTTP/2.0" 200 2673 "-" "Mozilla/5.0 AppleWebKit/537.36 (KHTML, like Gecko; compatible; ClaudeBot/1.0; +claudebot@anthropic.com)"
91.92.243.238 - - [09/May/2026:09:41:29 -0300] "POST /wp-login.php HTTP/1.1" 503 19798 "-" "Mozilla/5.0"
62.171.154.197 - - [09/May/2026:09:41:33 -0300] "GET /wp-includes/class-wp-script-modules.php HTTP/1.1" 200 - "binance.com" "Mozilla/5.0 (Windows NT 10.0; Win64; x64) AppleWebKit/537.36 (KHTML, like Gecko) Chrome/90.0.4430.85 Safari/537.36"
216.73.217.99 - - [09/May/2026:09:41:34 -0300] "GET /06052021/images/familia-saudavel.jpg HTTP/2.0" 200 536 "-" "Mozilla/5.0 AppleWebKit/537.36 (KHTML, like Gecko; compatible; ClaudeBot/1.0; +claudebot@anthropic.com)"
216.73.217.99 - - [09/May/2026:09:41:52 -0300] "GET /06052021/images/san-house-ambiental.jpg HTTP/2.0" 200 7897 "-" "Mozilla/5.0 AppleWebKit/537.36 (KHTML, like Gecko; compatible; ClaudeBot/1.0; +claudebot@anthropic.com)"
216.73.217.99 - - [09/May/2026:09:41:57 -0300] "GET /06052021/images/sanitizacao-de-ambientes.jpg HTTP/2.0" 200 699 "-" "Mozilla/5.0 AppleWebKit/537.36 (KHTML, like Gecko; compatible; ClaudeBot/1.0; +claudebot@anthropic.com)"
62.171.154.197 - - [09/May/2026:09:42:16 -0300] "GET /wp-includes/class-wp-scripts.php HTTP/1.1" 500 - "binance.com" "Mozilla/5.0 (Windows NT 10.0; Win64; x64) AppleWebKit/537.36 (KHTML, like Gecko) Chrome/90.0.4430.85 Safari/537.36"
216.73.217.99 - - [09/May/2026:09:42:23 -0300] "GET /06052021/images/sanitizacao-residencial.jpg HTTP/2.0" 200 20643 "-" "Mozilla/5.0 AppleWebKit/537.36 (KHTML, like Gecko; compatible; ClaudeBot/1.0; +claudebot@anthropic.com)"
216.73.217.99 - - [09/May/2026:09:42:28 -0300] "GET /06052021/images/sanitizacao-hotelaria.jpg HTTP/2.0" 200 18634 "-" "Mozilla/5.0 AppleWebKit/537.36 (KHTML, like Gecko; compatible; ClaudeBot/1.0; +claudebot@anthropic.com)"
216.73.217.99 - - [09/May/2026:09:42:47 -0300] "GET /06052021/images/desenvolvimento-de-sites.jpg HTTP/2.0" 200 2306 "-" "Mozilla/5.0 AppleWebKit/537.36 (KHTML, like Gecko; compatible; ClaudeBot/1.0; +claudebot@anthropic.com)"
216.73.217.99 - - [09/May/2026:09:42:51 -0300] "GET /06052021/images/sanitizacao-empresarial.jpg HTTP/2.0" 200 16361 "-" "Mozilla/5.0 AppleWebKit/537.36 (KHTML, like Gecko; compatible; ClaudeBot/1.0; +claudebot@anthropic.com)"
216.73.217.99 - - [09/May/2026:09:42:58 -0300] "GET /06052021/images/sanitizacao-de-ambientes-em-geral.jpg HTTP/2.0" 200 705 "-" "Mozilla/5.0 AppleWebKit/537.36 (KHTML, like Gecko; compatible; ClaudeBot/1.0; +claudebot@anthropic.com)"
62.171.154.197 - - [09/May/2026:09:42:58 -0300] "GET /wp-includes/class-wp-speculation-rules.php HTTP/1.1" 200 - "binance.com" "Mozilla/5.0 (Windows NT 10.0; Win64; x64) AppleWebKit/537.36 (KHTML, like Gecko) Chrome/90.0.4430.85 Safari/537.36"
216.73.217.99 - - [09/May/2026:09:43:02 -0300] "GET /06052021/images/sanitizacao-automotiva.jpg HTTP/2.0" 200 18582 "-" "Mozilla/5.0 AppleWebKit/537.36 (KHTML, like Gecko; compatible; ClaudeBot/1.0; +claudebot@anthropic.com)"
216.73.217.99 - - [09/May/2026:09:43:08 -0300] "GET /06052021/images/san-house-ambiental-campos-do-jordao.jpg HTTP/2.0" 200 8805 "-" "Mozilla/5.0 AppleWebKit/537.36 (KHTML, like Gecko; compatible; ClaudeBot/1.0; +claudebot@anthropic.com)"
216.73.217.99 - - [09/May/2026:09:43:12 -0300] "GET /06052021/images/sanitizacao-vale-do-paraiba.jpg HTTP/2.0" 200 662 "-" "Mozilla/5.0 AppleWebKit/537.36 (KHTML, like Gecko; compatible; ClaudeBot/1.0; +claudebot@anthropic.com)"
107.189.5.104 - - [09/May/2026:09:43:35 -0300] "GET /wp-login.php HTTP/1.1" 200 9524 "-" "Mozilla/5.0 (Windows NT 10.0; Win64; x64; rv:109.0) Gecko/20100101 Firefox/115.0"
62.171.154.197 - - [09/May/2026:09:43:44 -0300] "GET /wp-includes/class-wp-styles.php HTTP/1.1" 500 - "binance.com" "Mozilla/5.0 (Windows NT 10.0; Win64; x64) AppleWebKit/537.36 (KHTML, like Gecko) Chrome/90.0.4430.85 Safari/537.36"
62.171.154.197 - - [09/May/2026:09:44:31 -0300] "GET /wp-includes/class-wp-textdomain-registry.php HTTP/1.1" 200 - "binance.com" "Mozilla/5.0 (Windows NT 10.0; Win64; x64) AppleWebKit/537.36 (KHTML, like Gecko) Chrome/90.0.4430.85 Safari/537.36"
62.171.154.197 - - [09/May/2026:09:45:14 -0300] "GET /wp-includes/class-wp-theme-json-data.php HTTP/1.1" 200 - "binance.com" "Mozilla/5.0 (Windows NT 10.0; Win64; x64) AppleWebKit/537.36 (KHTML, like Gecko) Chrome/90.0.4430.85 Safari/537.36"
4.193.137.131 - - [09/May/2026:09:45:39 -0300] "GET /inputs.php HTTP/1.1" 401 53 "-" "Mozilla/5.0 (Windows NT 10.0; Win64; x64) AppleWebKit/537.36 (KHTML, like Gecko) Chrome/120.0.0.0 Safari/537.36"
4.193.137.131 - - [09/May/2026:09:45:39 -0300] "GET /ioxi-o.php HTTP/1.1" 401 53 "-" "Mozilla/5.0 (Windows NT 10.0; Win64; x64) AppleWebKit/537.36 (KHTML, like Gecko) Chrome/120.0.0.0 Safari/537.36"
4.193.137.131 - - [09/May/2026:09:45:39 -0300] "GET /function/function.php HTTP/1.1" 401 53 "-" "Mozilla/5.0 (Windows NT 10.0; Win64; x64) AppleWebKit/537.36 (KHTML, like Gecko) Chrome/120.0.0.0 Safari/537.36"
4.193.137.131 - - [09/May/2026:09:45:39 -0300] "GET /rip.php HTTP/1.1" 401 53 "-" "Mozilla/5.0 (Windows NT 10.0; Win64; x64) AppleWebKit/537.36 (KHTML, like Gecko) Chrome/120.0.0.0 Safari/537.36"
4.193.137.131 - - [09/May/2026:09:45:40 -0300] "GET /admin.php HTTP/1.1" 401 53 "-" "Mozilla/5.0 (Windows NT 10.0; Win64; x64) AppleWebKit/537.36 (KHTML, like Gecko) Chrome/120.0.0.0 Safari/537.36"
4.193.137.131 - - [09/May/2026:09:45:40 -0300] "GET /wp-content/uploads/index.php HTTP/1.1" 401 53 "-" "Mozilla/5.0 (Windows NT 10.0; Win64; x64) AppleWebKit/537.36 (KHTML, like Gecko) Chrome/120.0.0.0 Safari/537.36"
4.193.137.131 - - [09/May/2026:09:45:40 -0300] "GET /cache.php HTTP/1.1" 401 53 "-" "Mozilla/5.0 (Windows NT 10.0; Win64; x64) AppleWebKit/537.36 (KHTML, like Gecko) Chrome/120.0.0.0 Safari/537.36"
4.193.137.131 - - [09/May/2026:09:45:41 -0300] "GET /themes.php HTTP/1.1" 401 53 "-" "Mozilla/5.0 (Windows NT 10.0; Win64; x64) AppleWebKit/537.36 (KHTML, like Gecko) Chrome/120.0.0.0 Safari/537.36"
4.193.137.131 - - [09/May/2026:09:45:41 -0300] "GET /an.php HTTP/1.1" 401 53 "-" "Mozilla/5.0 (Windows NT 10.0; Win64; x64) AppleWebKit/537.36 (KHTML, like Gecko) Chrome/120.0.0.0 Safari/537.36"
4.193.137.131 - - [09/May/2026:09:45:41 -0300] "GET /index/function.php HTTP/1.1" 401 53 "-" "Mozilla/5.0 (Windows NT 10.0; Win64; x64) AppleWebKit/537.36 (KHTML, like Gecko) Chrome/120.0.0.0 Safari/537.36"
4.193.137.131 - - [09/May/2026:09:45:41 -0300] "GET /randkeyword.PhP7 HTTP/1.1" 401 53 "-" "Mozilla/5.0 (Windows NT 10.0; Win64; x64) AppleWebKit/537.36 (KHTML, like Gecko) Chrome/120.0.0.0 Safari/537.36"
4.193.137.131 - - [09/May/2026:09:45:42 -0300] "GET /ws.php HTTP/1.1" 401 53 "-" "Mozilla/5.0 (Windows NT 10.0; Win64; x64) AppleWebKit/537.36 (KHTML, like Gecko) Chrome/120.0.0.0 Safari/537.36"
4.193.137.131 - - [09/May/2026:09:45:42 -0300] "GET /404.php HTTP/1.1" 401 53 "-" "Mozilla/5.0 (Windows NT 10.0; Win64; x64) AppleWebKit/537.36 (KHTML, like Gecko) Chrome/120.0.0.0 Safari/537.36"
4.193.137.131 - - [09/May/2026:09:45:42 -0300] "GET /wp-admin/user.php HTTP/1.1" 401 53 "-" "Mozilla/5.0 (Windows NT 10.0; Win64; x64) AppleWebKit/537.36 (KHTML, like Gecko) Chrome/120.0.0.0 Safari/537.36"
4.193.137.131 - - [09/May/2026:09:45:42 -0300] "GET /wp-conf.php HTTP/1.1" 401 53 "-" "Mozilla/5.0 (Windows NT 10.0; Win64; x64) AppleWebKit/537.36 (KHTML, like Gecko) Chrome/120.0.0.0 Safari/537.36"
4.193.137.131 - - [09/May/2026:09:45:43 -0300] "GET /wp-content/themes/hideo/network.php HTTP/1.1" 401 53 "-" "Mozilla/5.0 (Windows NT 10.0; Win64; x64) AppleWebKit/537.36 (KHTML, like Gecko) Chrome/120.0.0.0 Safari/537.36"
4.193.137.131 - - [09/May/2026:09:45:43 -0300] "GET /wp-login.php HTTP/1.1" 401 53 "-" "Mozilla/5.0 (Windows NT 10.0; Win64; x64) AppleWebKit/537.36 (KHTML, like Gecko) Chrome/120.0.0.0 Safari/537.36"
4.193.137.131 - - [09/May/2026:09:45:43 -0300] "GET /abc.php HTTP/1.1" 401 53 "-" "Mozilla/5.0 (Windows NT 10.0; Win64; x64) AppleWebKit/537.36 (KHTML, like Gecko) Chrome/120.0.0.0 Safari/537.36"
4.193.137.131 - - [09/May/2026:09:45:43 -0300] "GET /abcd.php HTTP/1.1" 401 53 "-" "Mozilla/5.0 (Windows NT 10.0; Win64; x64) AppleWebKit/537.36 (KHTML, like Gecko) Chrome/120.0.0.0 Safari/537.36"
4.193.137.131 - - [09/May/2026:09:45:44 -0300] "GET /as.php HTTP/1.1" 401 53 "-" "Mozilla/5.0 (Windows NT 10.0; Win64; x64) AppleWebKit/537.36 (KHTML, like Gecko) Chrome/120.0.0.0 Safari/537.36"
4.193.137.131 - - [09/May/2026:09:45:44 -0300] "GET /wp-trackback.php HTTP/1.1" 401 53 "-" "Mozilla/5.0 (Windows NT 10.0; Win64; x64) AppleWebKit/537.36 (KHTML, like Gecko) Chrome/120.0.0.0 Safari/537.36"
4.193.137.131 - - [09/May/2026:09:45:44 -0300] "GET /about.php HTTP/1.1" 401 53 "-" "Mozilla/5.0 (Windows NT 10.0; Win64; x64) AppleWebKit/537.36 (KHTML, like Gecko) Chrome/120.0.0.0 Safari/537.36"
4.193.137.131 - - [09/May/2026:09:45:45 -0300] "GET /file.php HTTP/1.1" 401 53 "-" "Mozilla/5.0 (Windows NT 10.0; Win64; x64) AppleWebKit/537.36 (KHTML, like Gecko) Chrome/120.0.0.0 Safari/537.36"
4.193.137.131 - - [09/May/2026:09:45:45 -0300] "GET /adminfuns.php HTTP/1.1" 401 53 "-" "Mozilla/5.0 (Windows NT 10.0; Win64; x64) AppleWebKit/537.36 (KHTML, like Gecko) Chrome/120.0.0.0 Safari/537.36"
4.193.137.131 - - [09/May/2026:09:45:45 -0300] "GET /wp-good.php HTTP/1.1" 401 53 "-" "Mozilla/5.0 (Windows NT 10.0; Win64; x64) AppleWebKit/537.36 (KHTML, like Gecko) Chrome/120.0.0.0 Safari/537.36"
4.193.137.131 - - [09/May/2026:09:45:45 -0300] "GET /xmlrpc.php HTTP/1.1" 401 53 "-" "Mozilla/5.0 (Windows NT 10.0; Win64; x64) AppleWebKit/537.36 (KHTML, like Gecko) Chrome/120.0.0.0 Safari/537.36"
4.193.137.131 - - [09/May/2026:09:45:46 -0300] "GET /goods.php HTTP/1.1" 401 53 "-" "Mozilla/5.0 (Windows NT 10.0; Win64; x64) AppleWebKit/537.36 (KHTML, like Gecko) Chrome/120.0.0.0 Safari/537.36"
4.193.137.131 - - [09/May/2026:09:45:46 -0300] "GET /class-t.api.php HTTP/1.1" 401 53 "-" "Mozilla/5.0 (Windows NT 10.0; Win64; x64) AppleWebKit/537.36 (KHTML, like Gecko) Chrome/120.0.0.0 Safari/537.36"
4.193.137.131 - - [09/May/2026:09:45:46 -0300] "GET /sf.php HTTP/1.1" 401 53 "-" "Mozilla/5.0 (Windows NT 10.0; Win64; x64) AppleWebKit/537.36 (KHTML, like Gecko) Chrome/120.0.0.0 Safari/537.36"
4.193.137.131 - - [09/May/2026:09:45:46 -0300] "GET /kbfr.php HTTP/1.1" 401 53 "-" "Mozilla/5.0 (Windows NT 10.0; Win64; x64) AppleWebKit/537.36 (KHTML, like Gecko) Chrome/120.0.0.0 Safari/537.36"
4.193.137.131 - - [09/May/2026:09:45:47 -0300] "GET /autoload_classmap.php HTTP/1.1" 401 53 "-" "Mozilla/5.0 (Windows NT 10.0; Win64; x64) AppleWebKit/537.36 (KHTML, like Gecko) Chrome/120.0.0.0 Safari/537.36"
4.193.137.131 - - [09/May/2026:09:45:47 -0300] "GET /chosen.php?p= HTTP/1.1" 401 53 "-" "Mozilla/5.0 (Windows NT 10.0; Win64; x64) AppleWebKit/537.36 (KHTML, like Gecko) Chrome/120.0.0.0 Safari/537.36"
4.193.137.131 - - [09/May/2026:09:45:47 -0300] "GET /classwithtostring.php HTTP/1.1" 401 53 "-" "Mozilla/5.0 (Windows NT 10.0; Win64; x64) AppleWebKit/537.36 (KHTML, like Gecko) Chrome/120.0.0.0 Safari/537.36"
4.193.137.131 - - [09/May/2026:09:45:48 -0300] "GET /defaults.php HTTP/1.1" 401 53 "-" "Mozilla/5.0 (Windows NT 10.0; Win64; x64) AppleWebKit/537.36 (KHTML, like Gecko) Chrome/120.0.0.0 Safari/537.36"
4.193.137.131 - - [09/May/2026:09:45:48 -0300] "GET /.well-known/ HTTP/1.1" 401 53 "-" "Mozilla/5.0 (Windows NT 10.0; Win64; x64) AppleWebKit/537.36 (KHTML, like Gecko) Chrome/120.0.0.0 Safari/537.36"
4.193.137.131 - - [09/May/2026:09:45:48 -0300] "GET /info.php HTTP/1.1" 401 53 "-" "Mozilla/5.0 (Windows NT 10.0; Win64; x64) AppleWebKit/537.36 (KHTML, like Gecko) Chrome/120.0.0.0 Safari/537.36"
4.193.137.131 - - [09/May/2026:09:45:48 -0300] "GET /cgi-bin/ HTTP/1.1" 401 53 "-" "Mozilla/5.0 (Windows NT 10.0; Win64; x64) AppleWebKit/537.36 (KHTML, like Gecko) Chrome/120.0.0.0 Safari/537.36"
4.193.137.131 - - [09/May/2026:09:45:49 -0300] "GET /wp-includes/Requests/src/Response/about.php HTTP/1.1" 401 53 "-" "Mozilla/5.0 (Windows NT 10.0; Win64; x64) AppleWebKit/537.36 (KHTML, like Gecko) Chrome/120.0.0.0 Safari/537.36"
4.193.137.131 - - [09/May/2026:09:45:49 -0300] "GET /wp-includes/html-api/ HTTP/1.1" 401 53 "-" "Mozilla/5.0 (Windows NT 10.0; Win64; x64) AppleWebKit/537.36 (KHTML, like Gecko) Chrome/120.0.0.0 Safari/537.36"
4.193.137.131 - - [09/May/2026:09:45:49 -0300] "GET /wp-content/admin.php HTTP/1.1" 401 53 "-" "Mozilla/5.0 (Windows NT 10.0; Win64; x64) AppleWebKit/537.36 (KHTML, like Gecko) Chrome/120.0.0.0 Safari/537.36"
4.193.137.131 - - [09/May/2026:09:45:49 -0300] "GET /wp-admin/css/colors/ectoplasm/ HTTP/1.1" 401 53 "-" "Mozilla/5.0 (Windows NT 10.0; Win64; x64) AppleWebKit/537.36 (KHTML, like Gecko) Chrome/120.0.0.0 Safari/537.36"
4.193.137.131 - - [09/May/2026:09:45:50 -0300] "GET /wp-content/uploads/ HTTP/1.1" 401 53 "-" "Mozilla/5.0 (Windows NT 10.0; Win64; x64) AppleWebKit/537.36 (KHTML, like Gecko) Chrome/120.0.0.0 Safari/537.36"
4.193.137.131 - - [09/May/2026:09:45:50 -0300] "GET /wp-content/themes/admin.php HTTP/1.1" 401 53 "-" "Mozilla/5.0 (Windows NT 10.0; Win64; x64) AppleWebKit/537.36 (KHTML, like Gecko) Chrome/120.0.0.0 Safari/537.36"
4.193.137.131 - - [09/May/2026:09:45:50 -0300] "GET /wp-content/themes/index.php HTTP/1.1" 401 53 "-" "Mozilla/5.0 (Windows NT 10.0; Win64; x64) AppleWebKit/537.36 (KHTML, like Gecko) Chrome/120.0.0.0 Safari/537.36"
4.193.137.131 - - [09/May/2026:09:45:51 -0300] "GET /wp-content/plugins/index.php HTTP/1.1" 401 53 "-" "Mozilla/5.0 (Windows NT 10.0; Win64; x64) AppleWebKit/537.36 (KHTML, like Gecko) Chrome/120.0.0.0 Safari/537.36"
4.193.137.131 - - [09/May/2026:09:45:51 -0300] "GET /wp-includes/PHPMailer/ HTTP/1.1" 401 53 "-" "Mozilla/5.0 (Windows NT 10.0; Win64; x64) AppleWebKit/537.36 (KHTML, like Gecko) Chrome/120.0.0.0 Safari/537.36"
4.193.137.131 - - [09/May/2026:09:45:51 -0300] "GET /wp-includes/images/ HTTP/1.1" 401 53 "-" "Mozilla/5.0 (Windows NT 10.0; Win64; x64) AppleWebKit/537.36 (KHTML, like Gecko) Chrome/120.0.0.0 Safari/537.36"
4.193.137.131 - - [09/May/2026:09:45:51 -0300] "GET /wp-content/plugins/WordPressCore/ HTTP/1.1" 401 53 "-" "Mozilla/5.0 (Windows NT 10.0; Win64; x64) AppleWebKit/537.36 (KHTML, like Gecko) Chrome/120.0.0.0 Safari/537.36"
62.171.154.197 - - [09/May/2026:09:46:03 -0300] "GET /wp-includes/class-wp-theme-json-resolver.php HTTP/1.1" 200 - "binance.com" "Mozilla/5.0 (Windows NT 10.0; Win64; x64) AppleWebKit/537.36 (KHTML, like Gecko) Chrome/90.0.4430.85 Safari/537.36"
91.92.243.238 - - [09/May/2026:09:46:13 -0300] "POST /wp-login.php HTTP/1.1" 503 19798 "-" "Mozilla/5.0"
107.189.5.104 - - [09/May/2026:09:46:33 -0300] "POST /wp-login.php HTTP/1.1" 503 19174 "-" "Mozilla/5.0 (Windows NT 10.0; Win64; x64; rv:109.0) Gecko/20100101 Firefox/115.0"
107.189.5.104 - - [09/May/2026:09:46:36 -0300] "GET /wp-admin/themes.php HTTP/1.1" 503 19798 "-" "python-requests/2.33.1"
107.189.5.104 - - [09/May/2026:09:46:38 -0300] "GET /wp-admin/plugin-install.php?tab=upload HTTP/1.1" 503 19798 "-" "python-requests/2.33.1"
62.171.154.197 - - [09/May/2026:09:46:48 -0300] "GET /wp-includes/class-wp-theme-json-schema.php HTTP/1.1" 200 - "binance.com" "Mozilla/5.0 (Windows NT 10.0; Win64; x64) AppleWebKit/537.36 (KHTML, like Gecko) Chrome/90.0.4430.85 Safari/537.36"
62.171.154.197 - - [09/May/2026:09:47:28 -0300] "GET /wp-includes/class-wp-theme-json.php HTTP/1.1" 200 - "binance.com" "Mozilla/5.0 (Windows NT 10.0; Win64; x64) AppleWebKit/537.36 (KHTML, like Gecko) Chrome/90.0.4430.85 Safari/537.36"
62.171.154.197 - - [09/May/2026:09:48:11 -0300] "GET /wp-includes/class-wp-token-map.php HTTP/1.1" 200 - "binance.com" "Mozilla/5.0 (Windows NT 10.0; Win64; x64) AppleWebKit/537.36 (KHTML, like Gecko) Chrome/90.0.4430.85 Safari/537.36"
62.171.154.197 - - [09/May/2026:09:48:56 -0300] "GET /wp-includes/class-wp-url-pattern-prefixer.php HTTP/1.1" 200 - "binance.com" "Mozilla/5.0 (Windows NT 10.0; Win64; x64) AppleWebKit/537.36 (KHTML, like Gecko) Chrome/90.0.4430.85 Safari/537.36"
62.171.154.197 - - [09/May/2026:09:49:48 -0300] "GET /wp-includes/class-wpdb.php HTTP/1.1" 200 - "binance.com" "Mozilla/5.0 (Windows NT 10.0; Win64; x64) AppleWebKit/537.36 (KHTML, like Gecko) Chrome/90.0.4430.85 Safari/537.36"
62.171.154.197 - - [09/May/2026:09:50:28 -0300] "GET /wp-includes/fonts.php HTTP/1.1" 200 - "binance.com" "Mozilla/5.0 (Windows NT 10.0; Win64; x64) AppleWebKit/537.36 (KHTML, like Gecko) Chrome/90.0.4430.85 Safari/537.36"
91.92.243.238 - - [09/May/2026:09:50:47 -0300] "POST /wp-login.php HTTP/1.1" 503 19174 "-" "Mozilla/5.0"
62.171.154.197 - - [09/May/2026:09:51:12 -0300] "GET /wp-includes/global-styles-and-settings.php HTTP/1.1" 200 - "binance.com" "Mozilla/5.0 (Windows NT 10.0; Win64; x64) AppleWebKit/537.36 (KHTML, like Gecko) Chrome/90.0.4430.85 Safari/537.36"
62.171.154.197 - - [09/May/2026:09:51:52 -0300] "GET /wp-includes/https-detection.php HTTP/1.1" 200 - "binance.com" "Mozilla/5.0 (Windows NT 10.0; Win64; x64) AppleWebKit/537.36 (KHTML, like Gecko) Chrome/90.0.4430.85 Safari/537.36"
62.171.154.197 - - [09/May/2026:09:52:36 -0300] "GET /wp-includes/https-migration.php HTTP/1.1" 200 - "binance.com" "Mozilla/5.0 (Windows NT 10.0; Win64; x64) AppleWebKit/537.36 (KHTML, like Gecko) Chrome/90.0.4430.85 Safari/537.36"
62.171.154.197 - - [09/May/2026:09:53:18 -0300] "GET /wp-includes/robots-template.php HTTP/1.1" 200 - "binance.com" "Mozilla/5.0 (Windows NT 10.0; Win64; x64) AppleWebKit/537.36 (KHTML, like Gecko) Chrome/90.0.4430.85 Safari/537.36"
62.171.154.197 - - [09/May/2026:09:53:56 -0300] "GET /wp-includes/script-modules.php HTTP/1.1" 200 - "binance.com" "Mozilla/5.0 (Windows NT 10.0; Win64; x64) AppleWebKit/537.36 (KHTML, like Gecko) Chrome/90.0.4430.85 Safari/537.36"
62.171.154.197 - - [09/May/2026:09:54:46 -0300] "GET /wp-includes/speculative-loading.php HTTP/1.1" 200 - "binance.com" "Mozilla/5.0 (Windows NT 10.0; Win64; x64) AppleWebKit/537.36 (KHTML, like Gecko) Chrome/90.0.4430.85 Safari/537.36"
62.171.154.197 - - [09/May/2026:09:55:31 -0300] "GET /wp-includes/style-engine.php HTTP/1.1" 200 - "binance.com" "Mozilla/5.0 (Windows NT 10.0; Win64; x64) AppleWebKit/537.36 (KHTML, like Gecko) Chrome/90.0.4430.85 Safari/537.36"
91.92.243.238 - - [09/May/2026:09:55:30 -0300] "POST /wp-login.php HTTP/1.1" 503 19798 "-" "Mozilla/5.0"
62.171.154.197 - - [09/May/2026:09:56:05 -0300] "GET /wp-includes/template-canvas.php HTTP/1.1" 500 - "binance.com" "Mozilla/5.0 (Windows NT 10.0; Win64; x64) AppleWebKit/537.36 (KHTML, like Gecko) Chrome/90.0.4430.85 Safari/537.36"
62.171.154.197 - - [09/May/2026:09:56:44 -0300] "GET /wp-includes/theme-previews.php HTTP/1.1" 200 - "binance.com" "Mozilla/5.0 (Windows NT 10.0; Win64; x64) AppleWebKit/537.36 (KHTML, like Gecko) Chrome/90.0.4430.85 Safari/537.36"
62.171.154.197 - - [09/May/2026:09:57:24 -0300] "GET /wp-includes/theme-templates.php HTTP/1.1" 200 - "binance.com" "Mozilla/5.0 (Windows NT 10.0; Win64; x64) AppleWebKit/537.36 (KHTML, like Gecko) Chrome/90.0.4430.85 Safari/537.36"
62.171.154.197 - - [09/May/2026:09:58:13 -0300] "GET /wp-includes/ID3/ HTTP/1.1" 200 709 "binance.com" "Mozilla/5.0 (Windows NT 10.0; Win64; x64) AppleWebKit/537.36 (KHTML, like Gecko) Chrome/90.0.4430.85 Safari/537.36"
92.222.104.211 - - [09/May/2026:09:58:19 -0300] "GET /robots.txt HTTP/2.0" 404 - "-" "Mozilla/5.0 (compatible; AhrefsBot/7.0; +http://ahrefs.com/robot/)"
51.75.236.138 - - [09/May/2026:09:58:21 -0300] "GET /wp-sitemap.xml HTTP/2.0" 404 - "-" "Mozilla/5.0 (compatible; AhrefsBot/7.0; +http://ahrefs.com/robot/)"
62.171.154.197 - - [09/May/2026:09:59:00 -0300] "GET /wp-includes/ID3/ HTTP/1.1" 200 709 "binance.com" "Mozilla/5.0 (Windows NT 10.0; Win64; x64) AppleWebKit/537.36 (KHTML, like Gecko) Chrome/90.0.4430.85 Safari/537.36"
216.73.217.99 - - [09/May/2026:09:59:27 -0300] "GET /robots.txt HTTP/2.0" 404 - "-" "Mozilla/5.0 AppleWebKit/537.36 (KHTML, like Gecko; compatible; ClaudeBot/1.0; +claudebot@anthropic.com)"
216.73.217.99 - - [09/May/2026:09:59:27 -0300] "GET /a67.php?path=%2Fhome%2Fssan4778%2Fpublic_html%2Fwp-includes%2Finteractivity-api HTTP/2.0" 200 1276 "-" "Mozilla/5.0 AppleWebKit/537.36 (KHTML, like Gecko; compatible; ClaudeBot/1.0; +claudebot@anthropic.com)"
216.73.217.99 - - [09/May/2026:09:59:32 -0300] "GET /a67.php?path=%2Fhome%2Fssan4778%2Fwordpress-backups HTTP/2.0" 200 981 "-" "Mozilla/5.0 AppleWebKit/537.36 (KHTML, like Gecko; compatible; ClaudeBot/1.0; +claudebot@anthropic.com)"
216.73.217.99 - - [09/May/2026:09:59:37 -0300] "GET /a67.php?path=%2Fhome%2Fssan4778%2Ftmp HTTP/2.0" 200 1509 "-" "Mozilla/5.0 AppleWebKit/537.36 (KHTML, like Gecko; compatible; ClaudeBot/1.0; +claudebot@anthropic.com)"
216.73.217.99 - - [09/May/2026:09:59:42 -0300] "GET /a67.php?path=%2Fhome%2Fssan4778%2F.wp-cli HTTP/2.0" 200 1114 "-" "Mozilla/5.0 AppleWebKit/537.36 (KHTML, like Gecko; compatible; ClaudeBot/1.0; +claudebot@anthropic.com)"
62.171.154.197 - - [09/May/2026:09:59:56 -0300] "GET /wp-includes/IXR/ HTTP/1.1" 200 604 "binance.com" "Mozilla/5.0 (Windows NT 10.0; Win64; x64) AppleWebKit/537.36 (KHTML, like Gecko) Chrome/90.0.4430.85 Safari/537.36"
91.92.243.238 - - [09/May/2026:09:59:55 -0300] "POST /wp-login.php HTTP/1.1" 503 19798 "-" "Mozilla/5.0"
216.73.217.99 - - [09/May/2026:10:00:19 -0300] "GET /a67.php?path=%2Fhome%2Fssan4778%2Fetc HTTP/2.0" 200 1184 "-" "Mozilla/5.0 AppleWebKit/537.36 (KHTML, like Gecko; compatible; ClaudeBot/1.0; +claudebot@anthropic.com)"
216.73.217.99 - - [09/May/2026:10:00:24 -0300] "GET /a67.php?path=%2Fhome%2Fssan4778%2Fpublic_html%2Fwp-includes%2Ftheme-compat HTTP/2.0" 200 1397 "-" "Mozilla/5.0 AppleWebKit/537.36 (KHTML, like Gecko; compatible; ClaudeBot/1.0; +claudebot@anthropic.com)"
216.73.217.99 - - [09/May/2026:10:00:29 -0300] "GET /a67.php?path=%2Fhome%2Fssan4778%2Flogs HTTP/2.0" 200 1700 "-" "Mozilla/5.0 AppleWebKit/537.36 (KHTML, like Gecko; compatible; ClaudeBot/1.0; +claudebot@anthropic.com)"
216.73.217.99 - - [09/May/2026:10:00:34 -0300] "GET /a67.php?path=%2Fhome%2Fssan4778%2Fpublic_html%2Fwp-includes%2Fcustomize HTTP/2.0" 200 2116 "-" "Mozilla/5.0 AppleWebKit/537.36 (KHTML, like Gecko; compatible; ClaudeBot/1.0; +claudebot@anthropic.com)"
216.73.217.99 - - [09/May/2026:10:00:39 -0300] "GET /a67.php?path=%2Fhome%2Fssan4778%2Fpublic_html%2Fwp-includes%2Fwidgets HTTP/2.0" 200 1693 "-" "Mozilla/5.0 AppleWebKit/537.36 (KHTML, like Gecko; compatible; ClaudeBot/1.0; +claudebot@anthropic.com)"
216.73.217.99 - - [09/May/2026:10:00:42 -0300] "GET /a67.php?path=%2Fhome%2Fssan4778%2F.htpasswds HTTP/2.0" 200 1123 "-" "Mozilla/5.0 AppleWebKit/537.36 (KHTML, like Gecko; compatible; ClaudeBot/1.0; +claudebot@anthropic.com)"
62.171.154.197 - - [09/May/2026:10:00:42 -0300] "GET /wp-includes/IXR/ HTTP/1.1" 200 604 "binance.com" "Mozilla/5.0 (Windows NT 10.0; Win64; x64) AppleWebKit/537.36 (KHTML, like Gecko) Chrome/90.0.4430.85 Safari/537.36"
216.73.217.99 - - [09/May/2026:10:00:47 -0300] "GET /a67.php?path=%2Fhome%2Fssan4778%2Fpublic_html%2Fwp-includes%2Fcertificates HTTP/2.0" 200 1172 "-" "Mozilla/5.0 AppleWebKit/537.36 (KHTML, like Gecko; compatible; ClaudeBot/1.0; +claudebot@anthropic.com)"
216.73.217.99 - - [09/May/2026:10:00:52 -0300] "GET /a67.php?path=%2Fhome%2Fssan4778%2F.cagefs HTTP/2.0" 200 1151 "-" "Mozilla/5.0 AppleWebKit/537.36 (KHTML, like Gecko; compatible; ClaudeBot/1.0; +claudebot@anthropic.com)"
216.73.217.99 - - [09/May/2026:10:00:57 -0300] "GET /a67.php?path=%2Fhome%2Fssan4778%2Fpublic_html%2Fwp-includes%2Fassets HTTP/2.0" 200 1348 "-" "Mozilla/5.0 AppleWebKit/537.36 (KHTML, like Gecko; compatible; ClaudeBot/1.0; +claudebot@anthropic.com)"
216.73.217.99 - - [09/May/2026:10:01:02 -0300] "GET /a67.php?path=%2Fhome%2Fssan4778%2F.pki HTTP/2.0" 200 1110 "-" "Mozilla/5.0 AppleWebKit/537.36 (KHTML, like Gecko; compatible; ClaudeBot/1.0; +claudebot@anthropic.com)"
216.73.217.99 - - [09/May/2026:10:01:04 -0300] "GET /a67.php?filesrc=%2Fhome%2Fssan4778%2Fpublic_html%2Fwp-includes%2Fscript-loader.php&path=%2Fhome%2Fssan4778%2Fpublic_html%2Fwp-includes HTTP/2.0" 200 32254 "-" "Mozilla/5.0 AppleWebKit/537.36 (KHTML, like Gecko; compatible; ClaudeBot/1.0; +claudebot@anthropic.com)"
216.73.217.99 - - [09/May/2026:10:01:09 -0300] "GET /a67.php?filesrc=%2Fhome%2Fssan4778%2Fpublic_html%2Fwp-includes%2Fclass.wp-scripts.php&path=%2Fhome%2Fssan4778%2Fpublic_html%2Fwp-includes HTTP/2.0" 200 1127 "-" "Mozilla/5.0 AppleWebKit/537.36 (KHTML, like Gecko; compatible; ClaudeBot/1.0; +claudebot@anthropic.com)"
216.73.217.99 - - [09/May/2026:10:01:17 -0300] "GET /a67.php?filesrc=%2Fhome%2Fssan4778%2Fpublic_html%2Fwp-includes%2Fclass-wp-theme-json-resolver.php&path=%2Fhome%2Fssan4778%2Fpublic_html%2Fwp-includes HTTP/2.0" 200 9314 "-" "Mozilla/5.0 AppleWebKit/537.36 (KHTML, like Gecko; compatible; ClaudeBot/1.0; +claudebot@anthropic.com)"
216.73.217.99 - - [09/May/2026:10:01:22 -0300] "GET /a67.php?filesrc=%2Fhome%2Fssan4778%2Fpublic_html%2Fwp-admin%2Fadmin.php&path=%2Fhome%2Fssan4778%2Fpublic_html%2Fwp-admin HTTP/2.0" 200 4607 "-" "Mozilla/5.0 AppleWebKit/537.36 (KHTML, like Gecko; compatible; ClaudeBot/1.0; +claudebot@anthropic.com)"
216.73.217.99 - - [09/May/2026:10:01:26 -0300] "GET /a67.php?filesrc=%2Fhome%2Fssan4778%2Fpublic_html%2Fwp-admin%2Fadmin-functions.php&path=%2Fhome%2Fssan4778%2Fpublic_html%2Fwp-admin HTTP/2.0" 200 1170 "-" "Mozilla/5.0 AppleWebKit/537.36 (KHTML, like Gecko; compatible; ClaudeBot/1.0; +claudebot@anthropic.com)"
216.73.217.99 - - [09/May/2026:10:01:31 -0300] "GET /a67.php?filesrc=%2Fhome%2Fssan4778%2Fpublic_html%2Fwp-includes%2Fclass-wp-http.php&path=%2Fhome%2Fssan4778%2Fpublic_html%2Fwp-includes HTTP/2.0" 200 12008 "-" "Mozilla/5.0 AppleWebKit/537.36 (KHTML, like Gecko; compatible; ClaudeBot/1.0; +claudebot@anthropic.com)"
62.171.154.197 - - [09/May/2026:10:01:36 -0300] "GET /wp-includes/PHPMailer/ HTTP/1.1" 200 419 "binance.com" "Mozilla/5.0 (Windows NT 10.0; Win64; x64) AppleWebKit/537.36 (KHTML, like Gecko) Chrome/90.0.4430.85 Safari/537.36"
216.73.217.99 - - [09/May/2026:10:01:37 -0300] "GET /a67.php?filesrc=%2Fhome%2Fssan4778%2Fpublic_html%2Fwp-includes%2Fclass-wp-xmlrpc-server.php&path=%2Fhome%2Fssan4778%2Fpublic_html%2Fwp-includes HTTP/2.0" 200 34949 "-" "Mozilla/5.0 AppleWebKit/537.36 (KHTML, like Gecko; compatible; ClaudeBot/1.0; +claudebot@anthropic.com)"
216.73.217.99 - - [09/May/2026:10:01:37 -0300] "GET /a67.php?filesrc=%2Fhome%2Fssan4778%2Fpublic_html%2Fwp-includes%2Fclass-wp-fatal-error-handler.php&path=%2Fhome%2Fssan4778%2Fpublic_html%2Fwp-includes HTTP/2.0" 200 3560 "-" "Mozilla/5.0 AppleWebKit/537.36 (KHTML, like Gecko; compatible; ClaudeBot/1.0; +claudebot@anthropic.com)"
216.73.217.99 - - [09/May/2026:10:01:38 -0300] "GET /a67.php?filesrc=%2Fhome%2Fssan4778%2Fpublic_html%2Fwp-admin%2Fms-admin.php&path=%2Fhome%2Fssan4778%2Fpublic_html%2Fwp-admin HTTP/2.0" 200 1058 "-" "Mozilla/5.0 AppleWebKit/537.36 (KHTML, like Gecko; compatible; ClaudeBot/1.0; +claudebot@anthropic.com)"
216.73.217.99 - - [09/May/2026:10:01:38 -0300] "GET /a67.php?filesrc=%2Fhome%2Fssan4778%2Fpublic_html%2Fwp-includes%2Fclass-wp-speculation-rules.php&path=%2Fhome%2Fssan4778%2Fpublic_html%2Fwp-includes HTTP/2.0" 200 2642 "-" "Mozilla/5.0 AppleWebKit/537.36 (KHTML, like Gecko; compatible; ClaudeBot/1.0; +claudebot@anthropic.com)"
216.73.217.99 - - [09/May/2026:10:01:39 -0300] "GET /a67.php?filesrc=%2Fhome%2Fssan4778%2Fpublic_html%2Fwp-includes%2Fblock-editor.php&path=%2Fhome%2Fssan4778%2Fpublic_html%2Fwp-includes HTTP/2.0" 200 7484 "-" "Mozilla/5.0 AppleWebKit/537.36 (KHTML, like Gecko; compatible; ClaudeBot/1.0; +claudebot@anthropic.com)"
216.73.217.99 - - [09/May/2026:10:01:39 -0300] "GET /a67.php?filesrc=%2Fhome%2Fssan4778%2Fpublic_html%2Fwp-admin%2Fexport.php&path=%2Fhome%2Fssan4778%2Fpublic_html%2Fwp-admin HTTP/2.0" 200 4049 "-" "Mozilla/5.0 AppleWebKit/537.36 (KHTML, like Gecko; compatible; ClaudeBot/1.0; +claudebot@anthropic.com)"
216.73.217.99 - - [09/May/2026:10:01:40 -0300] "GET /a67.php?filesrc=%2Fhome%2Fssan4778%2Fpublic_html%2Fwp-includes%2Fcache.php&path=%2Fhome%2Fssan4778%2Fpublic_html%2Fwp-includes HTTP/2.0" 200 3364 "-" "Mozilla/5.0 AppleWebKit/537.36 (KHTML, like Gecko; compatible; ClaudeBot/1.0; +claudebot@anthropic.com)"
216.73.217.99 - - [09/May/2026:10:01:40 -0300] "GET /a67.php?filesrc=%2Fhome%2Fssan4778%2Fpublic_html%2Fwp-admin%2Fedit-form-comment.php&path=%2Fhome%2Fssan4778%2Fpublic_html%2Fwp-admin HTTP/2.0" 200 3615 "-" "Mozilla/5.0 AppleWebKit/537.36 (KHTML, like Gecko; compatible; ClaudeBot/1.0; +claudebot@anthropic.com)"
216.73.217.99 - - [09/May/2026:10:01:40 -0300] "GET /a67.php?filesrc=%2Fhome%2Fssan4778%2Fpublic_html%2Fwp-includes%2Fclass-wp-customize-section.php&path=%2Fhome%2Fssan4778%2Fpublic_html%2Fwp-includes HTTP/2.0" 200 4064 "-" "Mozilla/5.0 AppleWebKit/537.36 (KHTML, like Gecko; compatible; ClaudeBot/1.0; +claudebot@anthropic.com)"
216.73.217.99 - - [09/May/2026:10:01:40 -0300] "GET /a67.php?filesrc=%2Fhome%2Fssan4778%2Fpublic_html%2Fwp-includes%2Fclass-wp-http-response.php&path=%2Fhome%2Fssan4778%2Fpublic_html%2Fwp-includes HTTP/2.0" 200 1803 "-" "Mozilla/5.0 AppleWebKit/537.36 (KHTML, like Gecko; compatible; ClaudeBot/1.0; +claudebot@anthropic.com)"
216.73.217.99 - - [09/May/2026:10:01:41 -0300] "GET /a67.php?filesrc=%2Fhome%2Fssan4778%2Fpublic_html%2Fwp-includes%2Fclass-wp-block-parser-block.php&path=%2Fhome%2Fssan4778%2Fpublic_html%2Fwp-includes HTTP/2.0" 200 1640 "-" "Mozilla/5.0 AppleWebKit/537.36 (KHTML, like Gecko; compatible; ClaudeBot/1.0; +claudebot@anthropic.com)"
216.73.217.99 - - [09/May/2026:10:01:41 -0300] "GET /a67.php?filesrc=%2Fhome%2Fssan4778%2Fpublic_html%2Fwp-includes%2Fclass-wp-http-streams.php&path=%2Fhome%2Fssan4778%2Fpublic_html%2Fwp-includes HTTP/2.0" 200 5574 "-" "Mozilla/5.0 AppleWebKit/537.36 (KHTML, like Gecko; compatible; ClaudeBot/1.0; +claudebot@anthropic.com)"
216.73.217.99 - - [09/May/2026:10:01:41 -0300] "GET /a67.php?filesrc=%2Fhome%2Fssan4778%2Fpublic_html%2Fwp-includes%2Fclass-wp-block-parser-frame.php&path=%2Fhome%2Fssan4778%2Fpublic_html%2Fwp-includes HTTP/2.0" 200 1461 "-" "Mozilla/5.0 AppleWebKit/537.36 (KHTML, like Gecko; compatible; ClaudeBot/1.0; +claudebot@anthropic.com)"
216.73.217.99 - - [09/May/2026:10:01:42 -0300] "GET /a67.php?filesrc=%2Fhome%2Fssan4778%2Fpublic_html%2Fwp-includes%2Fclass-wp-navigation-fallback.php&path=%2Fhome%2Fssan4778%2Fpublic_html%2Fwp-includes HTTP/2.0" 200 3142 "-" "Mozilla/5.0 AppleWebKit/537.36 (KHTML, like Gecko; compatible; ClaudeBot/1.0; +claudebot@anthropic.com)"
216.73.217.99 - - [09/May/2026:10:01:42 -0300] "GET /a67.php?filesrc=%2Fhome%2Fssan4778%2Fpublic_html%2Fwp-includes%2Fplugin.php&path=%2Fhome%2Fssan4778%2Fpublic_html%2Fwp-includes HTTP/2.0" 200 7877 "-" "Mozilla/5.0 AppleWebKit/537.36 (KHTML, like Gecko; compatible; ClaudeBot/1.0; +claudebot@anthropic.com)"
216.73.217.99 - - [09/May/2026:10:01:42 -0300] "GET /a67.php?filesrc=%2Fhome%2Fssan4778%2Fpublic_html%2Fwp-includes%2Fclass-wp-editor.php&path=%2Fhome%2Fssan4778%2Fpublic_html%2Fwp-includes HTTP/2.0" 200 17825 "-" "Mozilla/5.0 AppleWebKit/537.36 (KHTML, like Gecko; compatible; ClaudeBot/1.0; +claudebot@anthropic.com)"
216.73.217.99 - - [09/May/2026:10:01:42 -0300] "GET /a67.php?filesrc=%2Fhome%2Fssan4778%2Fpublic_html%2Fwp-includes%2Fclass-wp-http-cookie.php&path=%2Fhome%2Fssan4778%2Fpublic_html%2Fwp-includes HTTP/2.0" 200 3316 "-" "Mozilla/5.0 AppleWebKit/537.36 (KHTML, like Gecko; compatible; ClaudeBot/1.0; +claudebot@anthropic.com)"
216.73.217.99 - - [09/May/2026:10:01:43 -0300] "GET /a67.php?filesrc=%2Fhome%2Fssan4778%2Fpublic_html%2Fwp-includes%2Fblock-patterns.php&path=%2Fhome%2Fssan4778%2Fpublic_html%2Fwp-includes HTTP/2.0" 200 3898 "-" "Mozilla/5.0 AppleWebKit/537.36 (KHTML, like Gecko; compatible; ClaudeBot/1.0; +claudebot@anthropic.com)"
216.73.217.99 - - [09/May/2026:10:01:43 -0300] "GET /a67.php?filesrc=%2Fhome%2Fssan4778%2Fpublic_html%2Fwp-includes%2Fclass-wp-error.php&path=%2Fhome%2Fssan4778%2Fpublic_html%2Fwp-includes HTTP/2.0" 200 2742 "-" "Mozilla/5.0 AppleWebKit/537.36 (KHTML, like Gecko; compatible; ClaudeBot/1.0; +claudebot@anthropic.com)"
216.73.217.99 - - [09/May/2026:10:01:43 -0300] "GET /a67.php?filesrc=%2Fhome%2Fssan4778%2Fpublic_html%2Fwp-admin%2Fedit.php&path=%2Fhome%2Fssan4778%2Fpublic_html%2Fwp-admin HTTP/2.0" 200 6471 "-" "Mozilla/5.0 AppleWebKit/537.36 (KHTML, like Gecko; compatible; ClaudeBot/1.0; +claudebot@anthropic.com)"
216.73.217.99 - - [09/May/2026:10:01:43 -0300] "GET /a67.php?filesrc=%2Fhome%2Fssan4778%2Fpublic_html%2Fwp-includes%2Fclass-wp-block-parser.php&path=%2Fhome%2Fssan4778%2Fpublic_html%2Fwp-includes HTTP/2.0" 200 4251 "-" "Mozilla/5.0 AppleWebKit/537.36 (KHTML, like Gecko; compatible; ClaudeBot/1.0; +claudebot@anthropic.com)"
216.73.217.99 - - [09/May/2026:10:01:43 -0300] "GET /a67.php?filesrc=%2Fhome%2Fssan4778%2Fpublic_html%2Fwp-admin%2Foptions-permalink.php&path=%2Fhome%2Fssan4778%2Fpublic_html%2Fwp-admin HTTP/2.0" 200 6565 "-" "Mozilla/5.0 AppleWebKit/537.36 (KHTML, like Gecko; compatible; ClaudeBot/1.0; +claudebot@anthropic.com)"
216.73.217.99 - - [09/May/2026:10:01:46 -0300] "GET /a67.php?filesrc=%2Fhome%2Fssan4778%2Fpublic_html%2Fwp-admin%2Fcustom-header.php&path=%2Fhome%2Fssan4778%2Fpublic_html%2Fwp-admin HTTP/2.0" 200 1172 "-" "Mozilla/5.0 AppleWebKit/537.36 (KHTML, like Gecko; compatible; ClaudeBot/1.0; +claudebot@anthropic.com)"
216.73.217.99 - - [09/May/2026:10:01:46 -0300] "GET /a67.php?filesrc=%2Fhome%2Fssan4778%2Fpublic_html%2Fwp-includes%2Fclass-wp-network-query.php&path=%2Fhome%2Fssan4778%2Fpublic_html%2Fwp-includes HTTP/2.0" 200 5755 "-" "Mozilla/5.0 AppleWebKit/537.36 (KHTML, like Gecko; compatible; ClaudeBot/1.0; +claudebot@anthropic.com)"
216.73.217.99 - - [09/May/2026:10:01:46 -0300] "GET /a67.php?filesrc=%2Fhome%2Fssan4778%2Fpublic_html%2Fwp-includes%2Fclass-wp-comment-query.php&path=%2Fhome%2Fssan4778%2Fpublic_html%2Fwp-includes HTTP/2.0" 200 11336 "-" "Mozilla/5.0 AppleWebKit/537.36 (KHTML, like Gecko; compatible; ClaudeBot/1.0; +claudebot@anthropic.com)"
216.73.217.99 - - [09/May/2026:10:01:46 -0300] "GET /a67.php?filesrc=%2Fhome%2Fssan4778%2Fpublic_html%2Fwp-admin%2Fsetup-config.php&path=%2Fhome%2Fssan4778%2Fpublic_html%2Fwp-admin HTTP/2.0" 200 6609 "-" "Mozilla/5.0 AppleWebKit/537.36 (KHTML, like Gecko; compatible; ClaudeBot/1.0; +claudebot@anthropic.com)"
216.73.217.99 - - [09/May/2026:10:01:46 -0300] "GET /a67.php?filesrc=%2Fhome%2Fssan4778%2Fpublic_html%2Fwp-includes%2Fclass-wp-exception.php&path=%2Fhome%2Fssan4778%2Fpublic_html%2Fwp-includes HTTP/2.0" 200 1056 "-" "Mozilla/5.0 AppleWebKit/537.36 (KHTML, like Gecko; compatible; ClaudeBot/1.0; +claudebot@anthropic.com)"
216.73.217.99 - - [09/May/2026:10:01:46 -0300] "GET /a67.php?path=%2Fhome%2Fssan4778%2Fpublic_html%2F06052021%2Fjs HTTP/2.0" 200 1265 "-" "Mozilla/5.0 AppleWebKit/537.36 (KHTML, like Gecko; compatible; ClaudeBot/1.0; +claudebot@anthropic.com)"
216.73.217.99 - - [09/May/2026:10:01:47 -0300] "GET /a67.php?filesrc=%2Fhome%2Fssan4778%2Fpublic_html%2Fwp-admin%2Fmenu-header.php&path=%2Fhome%2Fssan4778%2Fpublic_html%2Fwp-admin HTTP/2.0" 200 3783 "-" "Mozilla/5.0 AppleWebKit/537.36 (KHTML, like Gecko; compatible; ClaudeBot/1.0; +claudebot@anthropic.com)"
216.73.217.99 - - [09/May/2026:10:01:47 -0300] "GET /a67.php?filesrc=%2Fhome%2Fssan4778%2Fpublic_html%2Fwp-includes%2Fclass-wp-customize-control.php&path=%2Fhome%2Fssan4778%2Fpublic_html%2Fwp-includes HTTP/2.0" 200 6579 "-" "Mozilla/5.0 AppleWebKit/537.36 (KHTML, like Gecko; compatible; ClaudeBot/1.0; +claudebot@anthropic.com)"
216.73.217.99 - - [09/May/2026:10:01:47 -0300] "GET /a67.php?filesrc=%2Fhome%2Fssan4778%2Fpublic_html%2Fwp-admin%2Fuser-edit.php&path=%2Fhome%2Fssan4778%2Fpublic_html%2Fwp-admin HTTP/2.0" 200 11110 "-" "Mozilla/5.0 AppleWebKit/537.36 (KHTML, like Gecko; compatible; ClaudeBot/1.0; +claudebot@anthropic.com)"
216.73.217.99 - - [09/May/2026:10:01:47 -0300] "GET /a67.php?filesrc=%2Fhome%2Fssan4778%2Fpublic_html%2Fwp-admin%2Fedit-form-blocks.php&path=%2Fhome%2Fssan4778%2Fpublic_html%2Fwp-admin HTTP/2.0" 200 5973 "-" "Mozilla/5.0 AppleWebKit/537.36 (KHTML, like Gecko; compatible; ClaudeBot/1.0; +claudebot@anthropic.com)"
216.73.217.99 - - [09/May/2026:10:01:47 -0300] "GET /a67.php?filesrc=%2Fhome%2Fssan4778%2Fpublic_html%2Fwp-includes%2Fembed.php&path=%2Fhome%2Fssan4778%2Fpublic_html%2Fwp-includes HTTP/2.0" 200 11037 "-" "Mozilla/5.0 AppleWebKit/537.36 (KHTML, like Gecko; compatible; ClaudeBot/1.0; +claudebot@anthropic.com)"
216.73.217.99 - - [09/May/2026:10:01:47 -0300] "GET /a67.php?filesrc=%2Fhome%2Fssan4778%2Fpublic_html%2Fwp-includes%2Ftheme.php&path=%2Fhome%2Fssan4778%2Fpublic_html%2Fwp-includes HTTP/2.0" 200 30821 "-" "Mozilla/5.0 AppleWebKit/537.36 (KHTML, like Gecko; compatible; ClaudeBot/1.0; +claudebot@anthropic.com)"
216.73.217.99 - - [09/May/2026:10:01:47 -0300] "GET /a67.php?filesrc=%2Fhome%2Fssan4778%2Fpublic_html%2Fwp-admin%2Fasync-upload.php&path=%2Fhome%2Fssan4778%2Fpublic_html%2Fwp-admin HTTP/2.0" 200 2911 "-" "Mozilla/5.0 AppleWebKit/537.36 (KHTML, like Gecko; compatible; ClaudeBot/1.0; +claudebot@anthropic.com)"
216.73.217.99 - - [09/May/2026:10:01:48 -0300] "GET /a67.php?filesrc=%2Fhome%2Fssan4778%2Fpublic_html%2Fwp-includes%2Fclass-wp-customize-widgets.php&path=%2Fhome%2Fssan4778%2Fpublic_html%2Fwp-includes HTTP/2.0" 200 17183 "-" "Mozilla/5.0 AppleWebKit/537.36 (KHTML, like Gecko; compatible; ClaudeBot/1.0; +claudebot@anthropic.com)"
216.73.217.99 - - [09/May/2026:10:01:48 -0300] "GET /a67.php?filesrc=%2Fhome%2Fssan4778%2Fpublic_html%2Fwp-includes%2Fspeculative-loading.php&path=%2Fhome%2Fssan4778%2Fpublic_html%2Fwp-includes HTTP/2.0" 200 3565 "-" "Mozilla/5.0 AppleWebKit/537.36 (KHTML, like Gecko; compatible; ClaudeBot/1.0; +claudebot@anthropic.com)"
216.73.217.99 - - [09/May/2026:10:01:48 -0300] "GET /a67.php?filesrc=%2Fhome%2Fssan4778%2Fpublic_html%2Fwp-admin%2Fedit-link-form.php&path=%2Fhome%2Fssan4778%2Fpublic_html%2Fwp-admin HTTP/2.0" 200 3039 "-" "Mozilla/5.0 AppleWebKit/537.36 (KHTML, like Gecko; compatible; ClaudeBot/1.0; +claudebot@anthropic.com)"
216.73.217.99 - - [09/May/2026:10:01:48 -0300] "GET /a67.php?filesrc=%2Fhome%2Fssan4778%2Fpublic_html%2Fwp-includes%2Fclass-wp-http-curl.php&path=%2Fhome%2Fssan4778%2Fpublic_html%2Fwp-includes HTTP/2.0" 200 4517 "-" "Mozilla/5.0 AppleWebKit/537.36 (KHTML, like Gecko; compatible; ClaudeBot/1.0; +claudebot@anthropic.com)"
216.73.217.99 - - [09/May/2026:10:01:48 -0300] "GET /a67.php?filesrc=%2Fhome%2Fssan4778%2Fpublic_html%2Fwp-includes%2Fclass-wp-dependency.php&path=%2Fhome%2Fssan4778%2Fpublic_html%2Fwp-includes HTTP/2.0" 200 1802 "-" "Mozilla/5.0 AppleWebKit/537.36 (KHTML, like Gecko; compatible; ClaudeBot/1.0; +claudebot@anthropic.com)"
216.73.217.99 - - [09/May/2026:10:01:48 -0300] "GET /a67.php?filesrc=%2Fhome%2Fssan4778%2Fpublic_html%2Fwp-includes%2Fclass-wp-post.php&path=%2Fhome%2Fssan4778%2Fpublic_html%2Fwp-includes HTTP/2.0" 200 2562 "-" "Mozilla/5.0 AppleWebKit/537.36 (KHTML, like Gecko; compatible; ClaudeBot/1.0; +claudebot@anthropic.com)"
216.73.217.99 - - [09/May/2026:10:01:48 -0300] "GET /a67.php?filesrc=%2Fhome%2Fssan4778%2Fpublic_html%2Fwp-includes%2Fpluggable.php&path=%2Fhome%2Fssan4778%2Fpublic_html%2Fwp-includes HTTP/2.0" 200 27870 "-" "Mozilla/5.0 AppleWebKit/537.36 (KHTML, like Gecko; compatible; ClaudeBot/1.0; +claudebot@anthropic.com)"
216.73.217.99 - - [09/May/2026:10:01:49 -0300] "GET /a67.php?filesrc=%2Fhome%2Fssan4778%2Fpublic_html%2Fwp-includes%2Fclass-wp-theme-json-schema.php&path=%2Fhome%2Fssan4778%2Fpublic_html%2Fwp-includes HTTP/2.0" 200 3152 "-" "Mozilla/5.0 AppleWebKit/537.36 (KHTML, like Gecko; compatible; ClaudeBot/1.0; +claudebot@anthropic.com)"
216.73.217.99 - - [09/May/2026:10:01:49 -0300] "GET /a67.php?filesrc=%2Fhome%2Fssan4778%2Fpublic_html%2Fwp-admin%2Fnetwork.php&path=%2Fhome%2Fssan4778%2Fpublic_html%2Fwp-admin HTTP/2.0" 200 3018 "-" "Mozilla/5.0 AppleWebKit/537.36 (KHTML, like Gecko; compatible; ClaudeBot/1.0; +claudebot@anthropic.com)"
216.73.217.99 - - [09/May/2026:10:02:14 -0300] "GET /a67.php?filesrc=%2Fhome%2Fssan4778%2Fpublic_html%2Fwp-admin%2Fwidgets-form.php&path=%2Fhome%2Fssan4778%2Fpublic_html%2Fwp-admin HTTP/2.0" 200 6832 "-" "Mozilla/5.0 AppleWebKit/537.36 (KHTML, like Gecko; compatible; ClaudeBot/1.0; +claudebot@anthropic.com)"
